{"id":11948,"date":"2020-12-25T12:45:29","date_gmt":"2020-12-25T11:45:29","guid":{"rendered":"https:\/\/mueblesdetena.es\/?post_type=product&#038;p=11948"},"modified":"2026-07-30T22:40:52","modified_gmt":"2026-07-30T20:40:52","slug":"litera-en-l-macizasisuka","status":"publish","type":"product","link":"https:\/\/mueblesdetena.es\/ru_ru\/litera-en-l-macizasisuka\/","title":{"rendered":"LITERA EN L MACIZA MADERA NATURAL FUTURE."},"content":{"rendered":"<p data-start=\"138\" data-end=\"200\"><strong data-start=\"138\" data-end=\"200\">Litera en L de madera maciza en Badalona \u2013 Muebles de Tena<\/strong><\/p>\n<p data-start=\"202\" data-end=\"417\">Descubre nuestra <strong data-start=\"219\" data-end=\"267\">litera en L de madera maciza de alta calidad<\/strong>, ideal para <a href=\"https:\/\/mueblesdetena.es\/ru_ru\/muebles-juveniles\/\">dormitorios juveniles o infantiles<\/a>. En <strong data-start=\"319\" data-end=\"349\">Muebles de Tena (Badalona)<\/strong> ofrecemos soluciones resistentes, funcionales y con dise\u00f1o moderno.<\/p>\n<p data-start=\"419\" data-end=\"643\">Esta litera est\u00e1 fabricada en <strong data-start=\"449\" data-end=\"474\">madera natural maciza<\/strong>, garantizando durabilidad y estabilidad. Incluye <strong data-start=\"524\" data-end=\"587\">somieres, barandilla de seguridad, escalera y cama inferior<\/strong>, todo pensado para maximizar el espacio y la comodidad.<\/p>\n<p data-start=\"645\" data-end=\"721\">\ud83d\udccf <strong data-start=\"648\" data-end=\"660\">Medidas:<\/strong> 205 x 208 cm<br data-start=\"673\" data-end=\"676\" \/>\ud83c\udfa8 <strong data-start=\"679\" data-end=\"721\">Amplia variedad de colores y acabados:<\/strong><\/p>\n<ul data-start=\"722\" data-end=\"808\">\n<li data-section-id=\"1t6ump7\" data-start=\"722\" data-end=\"746\">Grupo 1: precio base<\/li>\n<li data-section-id=\"gef1lm\" data-start=\"747\" data-end=\"764\">Grupo 2: +20\u20ac<\/li>\n<li data-section-id=\"aefqxm\" data-start=\"765\" data-end=\"782\">Grupo 3: +30\u20ac<\/li>\n<li data-section-id=\"1htymi1\" data-start=\"783\" data-end=\"808\">Grupo 4 (lacados): +45\u20ac<\/li>\n<\/ul>\n<p data-start=\"810\" data-end=\"916\">\ud83d\ude9a <strong data-start=\"813\" data-end=\"864\">Transporte y montaje en Badalona y alrededores:<\/strong><br data-start=\"864\" data-end=\"867\" \/>Servicio opcional por solo <strong data-start=\"894\" data-end=\"915\">95\u20ac (hasta 15 km)<\/strong>.<\/p>\n<p data-start=\"918\" data-end=\"1077\">La <strong data-start=\"921\" data-end=\"960\">litera Future en L de madera maciza<\/strong> es perfecta si buscas <strong data-start=\"983\" data-end=\"1016\">muebles juveniles en Badalona<\/strong>, combinando dise\u00f1o, funcionalidad y calidad al mejor precio.<\/p>\n<p data-start=\"1079\" data-end=\"1202\">\ud83d\udc49 Vis\u00edtanos en <strong data-start=\"1095\" data-end=\"1114\">Muebles de Tena<\/strong> o cons\u00faltanos para m\u00e1s informaci\u00f3n sobre <strong data-start=\"1156\" data-end=\"1201\">literas de madera en Badalona y Barcelona<\/strong>.<\/p>\n<p data-start=\"1079\" data-end=\"1202\">LITERA EN L MACIZA MADERA NATURAL FUTURE.<\/p>\n<p>&nbsp;<\/p>","protected":false},"excerpt":{"rendered":"<p>Litera en L de madera maciza de alta calidad, resistente y funcional para dormitorios juveniles o infantiles. Medidas 205&#215;208 cm. Incluye somieres, baranda de seguridad, escalera y cama inferior. Disponible en varios colores: grupo 1 precio base, grupo 2 +20\u20ac, grupo 3 +30\u20ac, grupo 4 lacados +45\u20ac. Transporte y montaje opcional 95\u20ac hasta 15 km.<\/p>\n<p>Dise\u00f1amos en 3D tu proyecto de modo gratuito.<\/p>","protected":false},"featured_media":44874,"comment_status":"closed","ping_status":"closed","template":"","meta":{"site-sidebar-layout":"default","site-content-layout":"","ast-site-content-layout":"default","site-content-style":"default","site-sidebar-style":"default","ast-global-header-display":"","ast-banner-title-visibility":"","ast-main-header-display":"","ast-hfb-above-header-display":"","ast-hfb-below-header-display":"","ast-hfb-mobile-header-display":"","site-post-title":"","ast-breadcrumbs-content":"","ast-featured-img":"","footer-sml-layout":"","ast-disable-related-posts":"","theme-transparent-header-meta":"default","adv-header-id-meta":"","stick-header-meta":"default","header-above-stick-meta":"","header-main-stick-meta":"","header-below-stick-meta":"","astra-migrate-meta-layouts":"set","ast-page-background-enabled":"default","ast-page-background-meta":{"desktop":{"background-color":"var(--ast-global-color-4)","background-image":"","background-repeat":"repeat","background-position":"center center","background-size":"auto","background-attachment":"scroll","background-type":"","background-media":"","overlay-type":"","overlay-color":"","overlay-opacity":"","overlay-gradient":""},"tablet":{"background-color":"","background-image":"","background-repeat":"repeat","background-position":"center center","background-size":"auto","background-attachment":"scroll","background-type":"","background-media":"","overlay-type":"","overlay-color":"","overlay-opacity":"","overlay-gradient":""},"mobile":{"background-color":"","background-image":"","background-repeat":"repeat","background-position":"center center","background-size":"auto","background-attachment":"scroll","background-type":"","background-media":"","overlay-type":"","overlay-color":"","overlay-opacity":"","overlay-gradient":""}},"ast-content-background-meta":{"desktop":{"background-color":"var(--ast-global-color-5)","background-image":"","background-repeat":"repeat","background-position":"center center","background-size":"auto","background-attachment":"scroll","background-type":"","background-media":"","overlay-type":"","overlay-color":"","overlay-opacity":"","overlay-gradient":""},"tablet":{"background-color":"var(--ast-global-color-5)","background-image":"","background-repeat":"repeat","background-position":"center center","background-size":"auto","background-attachment":"scroll","background-type":"","background-media":"","overlay-type":"","overlay-color":"","overlay-opacity":"","overlay-gradient":""},"mobile":{"background-color":"var(--ast-global-color-5)","background-image":"","background-repeat":"repeat","background-position":"center center","background-size":"auto","background-attachment":"scroll","background-type":"","background-media":"","overlay-type":"","overlay-color":"","overlay-opacity":"","overlay-gradient":""}},"_joinchat":[]},"product_brand":[],"product_cat":[293,285,257,256,273],"product_tag":[786],"class_list":["post-11948","product","type-product","status-publish","has-post-thumbnail","product_cat-cama-alta","product_cat-composiciones-juveniles","product_cat-estructura-madera","product_cat-literas","product_cat-muebles-juveniles","product_tag-rpep","desktop-align-center","tablet-align-left","mobile-align-left","ast-product-gallery-layout-vertical-slider","ast-product-tabs-layout-accordion","ast-qv-on-image","first","instock","sale","shipping-taxable","purchasable","product-type-simple"],"_links":{"self":[{"href":"https:\/\/mueblesdetena.es\/ru_ru\/wp-json\/wp\/v2\/product\/11948","targetHints":{"allow":["GET"]}}],"collection":[{"href":"https:\/\/mueblesdetena.es\/ru_ru\/wp-json\/wp\/v2\/product"}],"about":[{"href":"https:\/\/mueblesdetena.es\/ru_ru\/wp-json\/wp\/v2\/types\/product"}],"replies":[{"embeddable":true,"href":"https:\/\/mueblesdetena.es\/ru_ru\/wp-json\/wp\/v2\/comments?post=11948"}],"version-history":[{"count":8,"href":"https:\/\/mueblesdetena.es\/ru_ru\/wp-json\/wp\/v2\/product\/11948\/revisions"}],"predecessor-version":[{"id":48151,"href":"https:\/\/mueblesdetena.es\/ru_ru\/wp-json\/wp\/v2\/product\/11948\/revisions\/48151"}],"wp:featuredmedia":[{"embeddable":true,"href":"https:\/\/mueblesdetena.es\/ru_ru\/wp-json\/wp\/v2\/media\/44874"}],"wp:attachment":[{"href":"https:\/\/mueblesdetena.es\/ru_ru\/wp-json\/wp\/v2\/media?parent=11948"}],"wp:term":[{"taxonomy":"product_brand","embeddable":true,"href":"https:\/\/mueblesdetena.es\/ru_ru\/wp-json\/wp\/v2\/product_brand?post=11948"},{"taxonomy":"product_cat","embeddable":true,"href":"https:\/\/mueblesdetena.es\/ru_ru\/wp-json\/wp\/v2\/product_cat?post=11948"},{"taxonomy":"product_tag","embeddable":true,"href":"https:\/\/mueblesdetena.es\/ru_ru\/wp-json\/wp\/v2\/product_tag?post=11948"}],"curies":[{"name":"wp","href":"https:\/\/api.w.org\/{rel}","templated":true}]}}

<p data-start="138" data-end="200"><strong data-start="138" data-end="200">Litera en L de madera maciza en Badalona – Muebles de Tena</strong></p>
<p data-start="202" data-end="417">Descubre nuestra <strong data-start="219" data-end="267">litera en L de madera maciza de alta calidad</strong>, ideal para <a href="https://mueblesdetena.es/ru_ru/muebles-juveniles/">dormitorios juveniles o infantiles</a>. En <strong data-start="319" data-end="349">Muebles de Tena (Badalona)</strong> ofrecemos soluciones resistentes, funcionales y con diseño moderno.</p>
<p data-start="419" data-end="643">Esta litera está fabricada en <strong data-start="449" data-end="474">madera natural maciza</strong>, garantizando durabilidad y estabilidad. Incluye <strong data-start="524" data-end="587">somieres, barandilla de seguridad, escalera y cama inferior</strong>, todo pensado para maximizar el espacio y la comodidad.</p>
<p data-start="645" data-end="721">📏 <strong data-start="648" data-end="660">Medidas:</strong> 205 x 208 cm<br data-start="673" data-end="676" />🎨 <strong data-start="679" data-end="721">Amplia variedad de colores y acabados:</strong></p>
<ul data-start="722" data-end="808">
<li data-section-id="1t6ump7" data-start="722" data-end="746">Grupo 1: precio base</li>
<li data-section-id="gef1lm" data-start="747" data-end="764">Grupo 2: +20€</li>
<li data-section-id="aefqxm" data-start="765" data-end="782">Grupo 3: +30€</li>
<li data-section-id="1htymi1" data-start="783" data-end="808">Grupo 4 (lacados): +45€</li>
</ul>
<p data-start="810" data-end="916">🚚 <strong data-start="813" data-end="864">Transporte y montaje en Badalona y alrededores:</strong><br data-start="864" data-end="867" />Servicio opcional por solo <strong data-start="894" data-end="915">95€ (hasta 15 km)</strong>.</p>
<p data-start="918" data-end="1077">La <strong data-start="921" data-end="960">litera Future en L de madera maciza</strong> es perfecta si buscas <strong data-start="983" data-end="1016">muebles juveniles en Badalona</strong>, combinando diseño, funcionalidad y calidad al mejor precio.</p>
<p data-start="1079" data-end="1202">👉 Visítanos en <strong data-start="1095" data-end="1114">Muebles de Tena</strong> o consúltanos para más información sobre <strong data-start="1156" data-end="1201">literas de madera en Badalona y Barcelona</strong>.</p>
<p data-start="1079" data-end="1202">LITERA EN L MACIZA MADERA NATURAL FUTURE.</p>
<p>&nbsp;</p>

<p>Litera en L de madera maciza de alta calidad, resistente y funcional para dormitorios juveniles o infantiles. Medidas 205&#215;208 cm. Incluye somieres, baranda de seguridad, escalera y cama inferior. Disponible en varios colores: grupo 1 precio base, grupo 2 +20€, grupo 3 +30€, grupo 4 lacados +45€. Transporte y montaje opcional 95€ hasta 15 km.</p>
<p>Diseñamos en 3D tu proyecto de modo gratuito.</p>
