{"id":13907,"date":"2021-09-30T21:19:52","date_gmt":"2021-09-30T19:19:52","guid":{"rendered":"https:\/\/mueblesdetena.es\/?post_type=product&#038;p=13907"},"modified":"2026-07-05T10:09:44","modified_gmt":"2026-07-05T08:09:44","slug":"cama-abatible-con-sofa-f37","status":"publish","type":"product","link":"https:\/\/mueblesdetena.es\/ru_ru\/cama-abatible-con-sofa-f37\/","title":{"rendered":"CAMA ABATIBLE CON SOFA AMUNT index"},"content":{"rendered":"<h3 data-start=\"261\" data-end=\"316\">Cama abatible con sof\u00e1 en Badalona \u2013 Muebles Detena<\/h3>\n<p data-start=\"318\" data-end=\"538\">Cama abatible con sof\u00e1, estanter\u00eda librer\u00eda superior y cajones, fabricada con <strong data-start=\"396\" data-end=\"454\">materiales de excelente calidad y acabados resistentes<\/strong>, ideal para optimizar el espacio en dormitorios, estudios o habitaciones juveniles.<\/p>\n<p data-start=\"540\" data-end=\"716\">\u0412 <strong data-start=\"543\" data-end=\"592\">Muebles Detena, tienda de muebles en Badalona<\/strong>, ofrecemos esta soluci\u00f3n pr\u00e1ctica y funcional para hogares que buscan <strong data-start=\"663\" data-end=\"715\">camas abatibles modernas en Barcelona y Catalu\u00f1a<\/strong>.<\/p>\n<p data-start=\"718\" data-end=\"955\">La cama incluye <strong data-start=\"734\" data-end=\"764\">somier interior de l\u00e1minas<\/strong>, cinchas sujetacolch\u00f3n, patas regulables con sistema de apertura y bloqueo autom\u00e1tico, y <strong data-start=\"854\" data-end=\"909\">amortiguadores hidr\u00e1ulicos con sistema de retenci\u00f3n<\/strong>, que garantizan una apertura c\u00f3moda y segura.<\/p>\n<p data-start=\"957\" data-end=\"1021\">Dise\u00f1ada para colch\u00f3n de <strong data-start=\"982\" data-end=\"998\">135 \u00d7 190 cm<\/strong> (colch\u00f3n no incluido).<\/p>\n<p data-start=\"1023\" data-end=\"1035\"><strong data-start=\"1023\" data-end=\"1035\">Medidas:<\/strong><\/p>\n<ul data-start=\"1036\" data-end=\"1070\">\n<li data-start=\"1036\" data-end=\"1052\">\n<p data-start=\"1038\" data-end=\"1052\">Alto: 220 cm<\/p>\n<\/li>\n<li data-start=\"1053\" data-end=\"1070\">\n<p data-start=\"1055\" data-end=\"1070\">Ancho: 212 cm<\/p>\n<\/li>\n<\/ul>\n<p data-start=\"1072\" data-end=\"1142\"><strong data-start=\"1072\" data-end=\"1106\">Transporte y montaje opcional:<\/strong> 165 \u20ac (hasta 15 km desde Badalona).<\/p>\n<p data-start=\"1144\" data-end=\"1224\">\ud83d\udccd <strong data-start=\"1147\" data-end=\"1182\">Entrega disponible en Catalu\u00f1a.<\/strong><br data-start=\"1182\" data-end=\"1185\" \/>No realizamos env\u00edos fuera de Catalu\u00f1a.<\/p>\n<p data-start=\"1226\" data-end=\"1383\">\u0412 <strong data-start=\"1229\" data-end=\"1256\">Muebles Detena Badalona<\/strong> encontrar\u00e1s muebles funcionales, camas abatibles y soluciones para aprovechar el espacio con la mejor relaci\u00f3n calidad-precio.<\/p>\n<p>&nbsp;<\/p>","protected":false},"excerpt":{"rendered":"<p><strong>Cama abatible con sof\u00e1, estanter\u00eda superior y cajones, fabricada con materiales de alta calidad y excelentes acabados. Incluye somier de l\u00e1minas, cinchas sujetacolch\u00f3n, patas regulables con apertura y bloqueo autom\u00e1tico, y amortiguador hidr\u00e1ulico con sistema de retenci\u00f3n. Para colch\u00f3n de 135\u00d7190 cm (no incluido). Medidas: 220 cm de alto y 212 cm de ancho. Transporte y montaje opcional 165\u20ac (hasta 15 km). Entrega solo en Catalu\u00f1a.<\/strong><\/p>","protected":false},"featured_media":44499,"comment_status":"closed","ping_status":"closed","template":"","meta":{"site-sidebar-layout":"default","site-content-layout":"","ast-site-content-layout":"default","site-content-style":"default","site-sidebar-style":"default","ast-global-header-display":"","ast-banner-title-visibility":"","ast-main-header-display":"","ast-hfb-above-header-display":"","ast-hfb-below-header-display":"","ast-hfb-mobile-header-display":"","site-post-title":"","ast-breadcrumbs-content":"","ast-featured-img":"","footer-sml-layout":"","ast-disable-related-posts":"","theme-transparent-header-meta":"default","adv-header-id-meta":"","stick-header-meta":"default","header-above-stick-meta":"","header-main-stick-meta":"","header-below-stick-meta":"","astra-migrate-meta-layouts":"set","ast-page-background-enabled":"default","ast-page-background-meta":{"desktop":{"background-color":"var(--ast-global-color-4)","background-image":"","background-repeat":"repeat","background-position":"center center","background-size":"auto","background-attachment":"scroll","background-type":"","background-media":"","overlay-type":"","overlay-color":"","overlay-opacity":"","overlay-gradient":""},"tablet":{"background-color":"","background-image":"","background-repeat":"repeat","background-position":"center center","background-size":"auto","background-attachment":"scroll","background-type":"","background-media":"","overlay-type":"","overlay-color":"","overlay-opacity":"","overlay-gradient":""},"mobile":{"background-color":"","background-image":"","background-repeat":"repeat","background-position":"center center","background-size":"auto","background-attachment":"scroll","background-type":"","background-media":"","overlay-type":"","overlay-color":"","overlay-opacity":"","overlay-gradient":""}},"ast-content-background-meta":{"desktop":{"background-color":"var(--ast-global-color-5)","background-image":"","background-repeat":"repeat","background-position":"center center","background-size":"auto","background-attachment":"scroll","background-type":"","background-media":"","overlay-type":"","overlay-color":"","overlay-opacity":"","overlay-gradient":""},"tablet":{"background-color":"var(--ast-global-color-5)","background-image":"","background-repeat":"repeat","background-position":"center center","background-size":"auto","background-attachment":"scroll","background-type":"","background-media":"","overlay-type":"","overlay-color":"","overlay-opacity":"","overlay-gradient":""},"mobile":{"background-color":"var(--ast-global-color-5)","background-image":"","background-repeat":"repeat","background-position":"center center","background-size":"auto","background-attachment":"scroll","background-type":"","background-media":"","overlay-type":"","overlay-color":"","overlay-opacity":"","overlay-gradient":""}},"_joinchat":[]},"product_brand":[],"product_cat":[265,266],"product_tag":[793,1378],"class_list":["post-13907","product","type-product","status-publish","has-post-thumbnail","product_cat-camas-abatibles","product_cat-camas-abatibles-matrimonio","product_tag-daria","product_tag-index","desktop-align-center","tablet-align-left","mobile-align-left","ast-product-gallery-layout-vertical-slider","ast-product-tabs-layout-accordion","ast-qv-on-image","first","instock","sale","shipping-taxable","purchasable","product-type-simple"],"_links":{"self":[{"href":"https:\/\/mueblesdetena.es\/ru_ru\/wp-json\/wp\/v2\/product\/13907","targetHints":{"allow":["GET"]}}],"collection":[{"href":"https:\/\/mueblesdetena.es\/ru_ru\/wp-json\/wp\/v2\/product"}],"about":[{"href":"https:\/\/mueblesdetena.es\/ru_ru\/wp-json\/wp\/v2\/types\/product"}],"replies":[{"embeddable":true,"href":"https:\/\/mueblesdetena.es\/ru_ru\/wp-json\/wp\/v2\/comments?post=13907"}],"version-history":[{"count":8,"href":"https:\/\/mueblesdetena.es\/ru_ru\/wp-json\/wp\/v2\/product\/13907\/revisions"}],"predecessor-version":[{"id":45904,"href":"https:\/\/mueblesdetena.es\/ru_ru\/wp-json\/wp\/v2\/product\/13907\/revisions\/45904"}],"wp:featuredmedia":[{"embeddable":true,"href":"https:\/\/mueblesdetena.es\/ru_ru\/wp-json\/wp\/v2\/media\/44499"}],"wp:attachment":[{"href":"https:\/\/mueblesdetena.es\/ru_ru\/wp-json\/wp\/v2\/media?parent=13907"}],"wp:term":[{"taxonomy":"product_brand","embeddable":true,"href":"https:\/\/mueblesdetena.es\/ru_ru\/wp-json\/wp\/v2\/product_brand?post=13907"},{"taxonomy":"product_cat","embeddable":true,"href":"https:\/\/mueblesdetena.es\/ru_ru\/wp-json\/wp\/v2\/product_cat?post=13907"},{"taxonomy":"product_tag","embeddable":true,"href":"https:\/\/mueblesdetena.es\/ru_ru\/wp-json\/wp\/v2\/product_tag?post=13907"}],"curies":[{"name":"wp","href":"https:\/\/api.w.org\/{rel}","templated":true}]}}

<h3 data-start="261" data-end="316">Cama abatible con sofá en Badalona – Muebles Detena</h3>
<p data-start="318" data-end="538">Cama abatible con sofá, estantería librería superior y cajones, fabricada con <strong data-start="396" data-end="454">materiales de excelente calidad y acabados resistentes</strong>, ideal para optimizar el espacio en dormitorios, estudios o habitaciones juveniles.</p>
<p data-start="540" data-end="716">В <strong data-start="543" data-end="592">Muebles Detena, tienda de muebles en Badalona</strong>, ofrecemos esta solución práctica y funcional para hogares que buscan <strong data-start="663" data-end="715">camas abatibles modernas en Barcelona y Cataluña</strong>.</p>
<p data-start="718" data-end="955">La cama incluye <strong data-start="734" data-end="764">somier interior de láminas</strong>, cinchas sujetacolchón, patas regulables con sistema de apertura y bloqueo automático, y <strong data-start="854" data-end="909">amortiguadores hidráulicos con sistema de retención</strong>, que garantizan una apertura cómoda y segura.</p>
<p data-start="957" data-end="1021">Diseñada para colchón de <strong data-start="982" data-end="998">135 × 190 cm</strong> (colchón no incluido).</p>
<p data-start="1023" data-end="1035"><strong data-start="1023" data-end="1035">Medidas:</strong></p>
<ul data-start="1036" data-end="1070">
<li data-start="1036" data-end="1052">
<p data-start="1038" data-end="1052">Alto: 220 cm</p>
</li>
<li data-start="1053" data-end="1070">
<p data-start="1055" data-end="1070">Ancho: 212 cm</p>
</li>
</ul>
<p data-start="1072" data-end="1142"><strong data-start="1072" data-end="1106">Transporte y montaje opcional:</strong> 165 € (hasta 15 km desde Badalona).</p>
<p data-start="1144" data-end="1224">📍 <strong data-start="1147" data-end="1182">Entrega disponible en Cataluña.</strong><br data-start="1182" data-end="1185" />No realizamos envíos fuera de Cataluña.</p>
<p data-start="1226" data-end="1383">В <strong data-start="1229" data-end="1256">Muebles Detena Badalona</strong> encontrarás muebles funcionales, camas abatibles y soluciones para aprovechar el espacio con la mejor relación calidad-precio.</p>
<p>&nbsp;</p>

<p><strong>Cama abatible con sofá, estantería superior y cajones, fabricada con materiales de alta calidad y excelentes acabados. Incluye somier de láminas, cinchas sujetacolchón, patas regulables con apertura y bloqueo automático, y amortiguador hidráulico con sistema de retención. Para colchón de 135×190 cm (no incluido). Medidas: 220 cm de alto y 212 cm de ancho. Transporte y montaje opcional 165€ (hasta 15 km). Entrega solo en Cataluña.</strong></p>
