{"id":14719,"date":"2022-02-06T22:09:52","date_gmt":"2022-02-06T21:09:52","guid":{"rendered":"https:\/\/mueblesdetena.es\/?post_type=product&#038;p=14719"},"modified":"2026-07-05T11:03:55","modified_gmt":"2026-07-05T09:03:55","slug":"litera-abatible-con-sofa-nova","status":"publish","type":"product","link":"https:\/\/mueblesdetena.es\/ru_ru\/litera-abatible-con-sofa-nova\/","title":{"rendered":"Litera abatible con sof\u00e1 Nova | 2 camas en 1"},"content":{"rendered":"<p>LITERA ABATIBLE CON SOFA INCORPORADO NOVA<\/p>\n<p><strong>Litera abatible con sof\u00e1 incorporado, una gran soluci\u00f3n al tener dos camas supletorias , o bien\u00a0 por razones de espacio, gracias a su gran versatilidad y la incorporaci\u00f3n del sof\u00e1 de dise\u00f1o.<\/strong><br \/>\n<strong>Amplia gama de\u00a0 colores disponibles.<\/strong><br \/>\n<strong>Medidas: cama abierta : 113 cm, altura: 235 cm, largo: 197 cm (cama 180 cm), 207 cm (cama de 190) y 217 cm cm (cama de 200),fondo 35 cm. Altura desde el suelo a la cama con colch\u00f3n de 20 cm : 50 cm.<\/strong><\/p>\n<p><strong>Distancia separaci\u00f3n entre las\u00a0 camas\u00a0 96 cm.<\/strong><br \/>\n<strong>Medidas disponibles para cama de 90 cm de ancho y 180-190-200 cm de largo.Admite colch\u00f3n grosor m\u00e1ximo 20 cm (no incluidos en el precio).<\/strong><\/p>\n<p><strong>Transporte y montaje opcional 150\u20ac (hasta 15 km).<\/strong><\/p>\n<ul data-start=\"2427\" data-end=\"2563\">\n<li data-section-id=\"14u4u6a\" data-start=\"2427\" data-end=\"2453\">litera abatible con sof\u00e1<\/li>\n<li data-section-id=\"sdv7bl\" data-start=\"2454\" data-end=\"2481\">litera con sof\u00e1 integrada<\/li>\n<li data-section-id=\"7n8cya\" data-start=\"2482\" data-end=\"2503\">cama abatible doble<\/li>\n<li>cama abatible doble<\/li>\n<li data-section-id=\"1v2fvs9\" data-start=\"2504\" data-end=\"2530\">muebles para espacios peque\u00f1os<\/li>\n<\/ul>\n<div class=\"experimental-mode-disclaimer-container ng-star-inserted\">\n<div class=\"disclaimer\">\n<div class=\"disclaimer-text ng-star-inserted\"><\/div>\n<\/div>\n<\/div>\n<div id=\"model-response-message-contentr_f5fccc62ad9a4b38\" class=\"markdown markdown-main-panel response-optimization\" dir=\"ltr\">\n<p data-sourcepos=\"1:1-1:309\"><strong>Una soluci\u00f3n de mobiliario muy ingeniosa para optimizar el espacio, especialmente \u00fatil en habitaciones juveniles o espacios reducidos. Se trata de una litera abatible integrada en una estructura que, cuando est\u00e1 cerrada, se asemeja a un armario y adem\u00e1s un pr\u00e1ctico sof\u00e1.\u00a0<\/strong><\/p>\n<ul data-sourcepos=\"3:1-8:0\">\n<li data-sourcepos=\"3:1-3:301\"><strong>Litera abatible con sofa incorporado: La caracter\u00edstica principal es la litera doble que se despliega desde la estructura. Se pueden observar dos camas individuales, una encima de la otra, con barandillas de seguridad en la cama superior para evitar ca\u00eddas.\u00a0<\/strong><\/li>\n<li data-sourcepos=\"4:1-4:363\"><strong>Estructura contenedora: La litera se guarda dentro de una estructura que, cuando est\u00e1 cerrada, forma una especie de panel, diferentes acabados. En la imagen, se ve un acabado nogal, que contrasta con el blanco de los marcos frontales<\/strong><\/li>\n<li data-sourcepos=\"5:1-5:247\"><strong>Escalera: Para acceder a la cama superior, se incluye una escalera met\u00e1lica y de color blanco.\u00a0<\/strong><\/li>\n<li data-sourcepos=\"7:1-8:0\"><strong>Entorno: Litera integrada en una habitaci\u00f3n con ambiente juvenil o una habitaci\u00f3n multifuncional.\u00a0<\/strong><\/li>\n<li data-sourcepos=\"7:1-8:0\">\n<p data-start=\"503\" data-end=\"551\"><strong data-start=\"503\" data-end=\"551\">Litera abatible con sof\u00e1 Nova | 2 camas en 1<\/strong><\/p>\n<\/li>\n<\/ul>\n<\/div>","protected":false},"excerpt":{"rendered":"<p>Litera abatible con sof\u00e1 integrado, ideal para optimizar espacios reducidos. Incluye dos camas individuales con apertura segura, barandilla y escalera. Dise\u00f1o moderno con m\u00faltiples acabados. Compatible con colchones de hasta 20 cm. Perfecta para habitaciones juveniles o multifuncionales. Transporte y montaje opcional 150\u20ac hasta 15 km.<\/p>\n<p data-start=\"503\" data-end=\"551\"><strong data-start=\"503\" data-end=\"551\">Litera abatible con sof\u00e1 Nova | 2 camas en 1<\/strong><\/p>\n<p>Dise\u00f1amos en 3D tu proyecto de modo gratuito.<\/p>","protected":false},"featured_media":44780,"comment_status":"closed","ping_status":"closed","template":"","meta":{"site-sidebar-layout":"default","site-content-layout":"","ast-site-content-layout":"default","site-content-style":"default","site-sidebar-style":"default","ast-global-header-display":"","ast-banner-title-visibility":"","ast-main-header-display":"","ast-hfb-above-header-display":"","ast-hfb-below-header-display":"","ast-hfb-mobile-header-display":"","site-post-title":"","ast-breadcrumbs-content":"","ast-featured-img":"","footer-sml-layout":"","ast-disable-related-posts":"","theme-transparent-header-meta":"default","adv-header-id-meta":"","stick-header-meta":"default","header-above-stick-meta":"","header-main-stick-meta":"","header-below-stick-meta":"","astra-migrate-meta-layouts":"set","ast-page-background-enabled":"default","ast-page-background-meta":{"desktop":{"background-color":"var(--ast-global-color-4)","background-image":"","background-repeat":"repeat","background-position":"center center","background-size":"auto","background-attachment":"scroll","background-type":"","background-media":"","overlay-type":"","overlay-color":"","overlay-opacity":"","overlay-gradient":""},"tablet":{"background-color":"","background-image":"","background-repeat":"repeat","background-position":"center center","background-size":"auto","background-attachment":"scroll","background-type":"","background-media":"","overlay-type":"","overlay-color":"","overlay-opacity":"","overlay-gradient":""},"mobile":{"background-color":"","background-image":"","background-repeat":"repeat","background-position":"center center","background-size":"auto","background-attachment":"scroll","background-type":"","background-media":"","overlay-type":"","overlay-color":"","overlay-opacity":"","overlay-gradient":""}},"ast-content-background-meta":{"desktop":{"background-color":"var(--ast-global-color-5)","background-image":"","background-repeat":"repeat","background-position":"center center","background-size":"auto","background-attachment":"scroll","background-type":"","background-media":"","overlay-type":"","overlay-color":"","overlay-opacity":"","overlay-gradient":""},"tablet":{"background-color":"var(--ast-global-color-5)","background-image":"","background-repeat":"repeat","background-position":"center center","background-size":"auto","background-attachment":"scroll","background-type":"","background-media":"","overlay-type":"","overlay-color":"","overlay-opacity":"","overlay-gradient":""},"mobile":{"background-color":"var(--ast-global-color-5)","background-image":"","background-repeat":"repeat","background-position":"center center","background-size":"auto","background-attachment":"scroll","background-type":"","background-media":"","overlay-type":"","overlay-color":"","overlay-opacity":"","overlay-gradient":""}},"_joinchat":[]},"product_brand":[],"product_cat":[265,268,285,254,264,273],"product_tag":[786,787],"class_list":["post-14719","product","type-product","status-publish","has-post-thumbnail","product_cat-camas-abatibles","product_cat-camas-abatibles-individuales-madera","product_cat-composiciones-juveniles","product_cat-literas-abatibles","product_cat-estructura-madera-literas-abatibles","product_cat-muebles-juveniles","product_tag-rpep","product_tag-ruben","desktop-align-center","tablet-align-left","mobile-align-left","ast-product-gallery-layout-vertical-slider","ast-product-tabs-layout-accordion","ast-qv-on-image","first","instock","sale","shipping-taxable","purchasable","product-type-simple"],"_links":{"self":[{"href":"https:\/\/mueblesdetena.es\/ru_ru\/wp-json\/wp\/v2\/product\/14719","targetHints":{"allow":["GET"]}}],"collection":[{"href":"https:\/\/mueblesdetena.es\/ru_ru\/wp-json\/wp\/v2\/product"}],"about":[{"href":"https:\/\/mueblesdetena.es\/ru_ru\/wp-json\/wp\/v2\/types\/product"}],"replies":[{"embeddable":true,"href":"https:\/\/mueblesdetena.es\/ru_ru\/wp-json\/wp\/v2\/comments?post=14719"}],"version-history":[{"count":7,"href":"https:\/\/mueblesdetena.es\/ru_ru\/wp-json\/wp\/v2\/product\/14719\/revisions"}],"predecessor-version":[{"id":47451,"href":"https:\/\/mueblesdetena.es\/ru_ru\/wp-json\/wp\/v2\/product\/14719\/revisions\/47451"}],"wp:featuredmedia":[{"embeddable":true,"href":"https:\/\/mueblesdetena.es\/ru_ru\/wp-json\/wp\/v2\/media\/44780"}],"wp:attachment":[{"href":"https:\/\/mueblesdetena.es\/ru_ru\/wp-json\/wp\/v2\/media?parent=14719"}],"wp:term":[{"taxonomy":"product_brand","embeddable":true,"href":"https:\/\/mueblesdetena.es\/ru_ru\/wp-json\/wp\/v2\/product_brand?post=14719"},{"taxonomy":"product_cat","embeddable":true,"href":"https:\/\/mueblesdetena.es\/ru_ru\/wp-json\/wp\/v2\/product_cat?post=14719"},{"taxonomy":"product_tag","embeddable":true,"href":"https:\/\/mueblesdetena.es\/ru_ru\/wp-json\/wp\/v2\/product_tag?post=14719"}],"curies":[{"name":"wp","href":"https:\/\/api.w.org\/{rel}","templated":true}]}}

Litera abatible con sofá Nova | 2 camas en 1

<p>LITERA ABATIBLE CON SOFA INCORPORADO NOVA</p>
<p><strong>Litera abatible con sofá incorporado, una gran solución al tener dos camas supletorias , o bien  por razones de espacio, gracias a su gran versatilidad y la incorporación del sofá de diseño.</strong><br />
<strong>Amplia gama de  colores disponibles.</strong><br />
<strong>Medidas: cama abierta : 113 cm, altura: 235 cm, largo: 197 cm (cama 180 cm), 207 cm (cama de 190) y 217 cm cm (cama de 200),fondo 35 cm. Altura desde el suelo a la cama con colchón de 20 cm : 50 cm.</strong></p>
<p><strong>Distancia separación entre las  camas  96 cm.</strong><br />
<strong>Medidas disponibles para cama de 90 cm de ancho y 180-190-200 cm de largo.Admite colchón grosor máximo 20 cm (no incluidos en el precio).</strong></p>
<p><strong>Transporte y montaje opcional 150€ (hasta 15 km).</strong></p>
<ul data-start="2427" data-end="2563">
<li data-section-id="14u4u6a" data-start="2427" data-end="2453">litera abatible con sofá</li>
<li data-section-id="sdv7bl" data-start="2454" data-end="2481">litera con sofá integrada</li>
<li data-section-id="7n8cya" data-start="2482" data-end="2503">cama abatible doble</li>
<li>cama abatible doble</li>
<li data-section-id="1v2fvs9" data-start="2504" data-end="2530">muebles para espacios pequeños</li>
</ul>
<div class="experimental-mode-disclaimer-container ng-star-inserted">
<div class="disclaimer">
<div class="disclaimer-text ng-star-inserted"></div>
</div>
</div>
<div id="model-response-message-contentr_f5fccc62ad9a4b38" class="markdown markdown-main-panel response-optimization" dir="ltr">
<p data-sourcepos="1:1-1:309"><strong>Una solución de mobiliario muy ingeniosa para optimizar el espacio, especialmente útil en habitaciones juveniles o espacios reducidos. Se trata de una litera abatible integrada en una estructura que, cuando está cerrada, se asemeja a un armario y además un práctico sofá. </strong></p>
<ul data-sourcepos="3:1-8:0">
<li data-sourcepos="3:1-3:301"><strong>Litera abatible con sofa incorporado: La característica principal es la litera doble que se despliega desde la estructura. Se pueden observar dos camas individuales, una encima de la otra, con barandillas de seguridad en la cama superior para evitar caídas. </strong></li>
<li data-sourcepos="4:1-4:363"><strong>Estructura contenedora: La litera se guarda dentro de una estructura que, cuando está cerrada, forma una especie de panel, diferentes acabados. En la imagen, se ve un acabado nogal, que contrasta con el blanco de los marcos frontales</strong></li>
<li data-sourcepos="5:1-5:247"><strong>Escalera: Para acceder a la cama superior, se incluye una escalera metálica y de color blanco. </strong></li>
<li data-sourcepos="7:1-8:0"><strong>Entorno: Litera integrada en una habitación con ambiente juvenil o una habitación multifuncional. </strong></li>
<li data-sourcepos="7:1-8:0">
<p data-start="503" data-end="551"><strong data-start="503" data-end="551">Litera abatible con sofá Nova | 2 camas en 1</strong></p>
</li>
</ul>
</div>

<p>Litera abatible con sofá integrado, ideal para optimizar espacios reducidos. Incluye dos camas individuales con apertura segura, barandilla y escalera. Diseño moderno con múltiples acabados. Compatible con colchones de hasta 20 cm. Perfecta para habitaciones juveniles o multifuncionales. Transporte y montaje opcional 150€ hasta 15 km.</p>
<p data-start="503" data-end="551"><strong data-start="503" data-end="551">Litera abatible con sofá Nova | 2 camas en 1</strong></p>
<p>Diseñamos en 3D tu proyecto de modo gratuito.</p>
