{"id":14731,"date":"2022-02-08T22:16:05","date_gmt":"2022-02-08T21:16:05","guid":{"rendered":"https:\/\/mueblesdetena.es\/?post_type=product&#038;p=14731"},"modified":"2026-07-31T18:01:26","modified_gmt":"2026-07-31T16:01:26","slug":"cama-abatible-con-mesa-estudio","status":"publish","type":"product","link":"https:\/\/mueblesdetena.es\/ru_ru\/cama-abatible-con-mesa-estudio\/","title":{"rendered":"CAMA ABATIBLE CON MESA ESTUDIO."},"content":{"rendered":"<h2>CAMA ABATIBLE CON MESA ESTUDIO Y ESTANTER\u00cdA<\/h2>\n<p>Cama abatible horizontal con mesa de estudio y estanter\u00eda incorporadas, ideal para <a href=\"https:\/\/mueblesdetena.es\/ru_ru\/muebles-juveniles\/\">habitaciones juveniles<\/a> donde se necesita aprovechar cada cent\u00edmetro. Preparada para colch\u00f3n de 90\u00d7190 cm.<\/p>\n<h3>CARACTER\u00cdSTICAS<\/h3>\n<p>Incluye barandillas y escalera plegable, para no tener que retirarlas cada vez que cierras la cama. Este modelo lleva somier de lamas, pistones hidr\u00e1ulicos y salva rodapi\u00e9.<\/p>\n<h3>MEDIDAS<\/h3>\n<p>Cama abierta: 111 cm. Altura: 209 cm. Fondo cerrado: 34,5 cm. Largo seg\u00fan tama\u00f1o de cama: 196 cm (180), 206 cm (190) o 216 cm (200).<\/p>\n<h3>SERVICIO DE TRANSPORTE Y MONTAJE<\/h3>\n<p>Transporte y montaje opcional por 125\u20ac (hasta 15 km). No realizamos entregas fuera de Catalu\u00f1a.<\/p>\n<h3>\u00bfQu\u00e9 medidas tiene abierta?<\/h3>\n<p>111 cm de ancho al abrirse, con 209 cm de altura y un fondo cerrado de 34,5 cm.<\/p>\n<h3>\u00bfHay que quitar la escalera para cerrar la cama?<\/h3>\n<p>No, la escalera es plegable y las barandillas est\u00e1n dise\u00f1adas para no tener que retirarlas.<\/p>\n<h3>\u00bfQu\u00e9 lleva el mecanismo?<\/h3>\n<p>Somier de lamas, pistones hidr\u00e1ulicos y salva rodapi\u00e9.<\/p>\n<h3>\u00bfCu\u00e1nto cuesta el transporte y montaje?<\/h3>\n<p>125\u20ac para hasta 15 km. No realizamos entregas fuera de Catalu\u00f1a.<\/p>","protected":false},"excerpt":{"rendered":"<p><strong>Puede financiar su compra en c\u00f3modas cuotas si lo prefiere.<\/strong><\/p>\n<p>CAMA ABATIBLE CON MESA ESTUDIO<\/p>\n<p>Dise\u00f1amos en 3D tu proyecto de modo gratuito.<\/p>","protected":false},"featured_media":44010,"comment_status":"closed","ping_status":"closed","template":"","meta":{"site-sidebar-layout":"default","site-content-layout":"","ast-site-content-layout":"default","site-content-style":"default","site-sidebar-style":"default","ast-global-header-display":"","ast-banner-title-visibility":"","ast-main-header-display":"","ast-hfb-above-header-display":"","ast-hfb-below-header-display":"","ast-hfb-mobile-header-display":"","site-post-title":"","ast-breadcrumbs-content":"","ast-featured-img":"","footer-sml-layout":"","ast-disable-related-posts":"","theme-transparent-header-meta":"default","adv-header-id-meta":"","stick-header-meta":"default","header-above-stick-meta":"","header-main-stick-meta":"","header-below-stick-meta":"","astra-migrate-meta-layouts":"set","ast-page-background-enabled":"default","ast-page-background-meta":{"desktop":{"background-color":"var(--ast-global-color-4)","background-image":"","background-repeat":"repeat","background-position":"center center","background-size":"auto","background-attachment":"scroll","background-type":"","background-media":"","overlay-type":"","overlay-color":"","overlay-opacity":"","overlay-gradient":""},"tablet":{"background-color":"","background-image":"","background-repeat":"repeat","background-position":"center center","background-size":"auto","background-attachment":"scroll","background-type":"","background-media":"","overlay-type":"","overlay-color":"","overlay-opacity":"","overlay-gradient":""},"mobile":{"background-color":"","background-image":"","background-repeat":"repeat","background-position":"center center","background-size":"auto","background-attachment":"scroll","background-type":"","background-media":"","overlay-type":"","overlay-color":"","overlay-opacity":"","overlay-gradient":""}},"ast-content-background-meta":{"desktop":{"background-color":"var(--ast-global-color-5)","background-image":"","background-repeat":"repeat","background-position":"center center","background-size":"auto","background-attachment":"scroll","background-type":"","background-media":"","overlay-type":"","overlay-color":"","overlay-opacity":"","overlay-gradient":""},"tablet":{"background-color":"var(--ast-global-color-5)","background-image":"","background-repeat":"repeat","background-position":"center center","background-size":"auto","background-attachment":"scroll","background-type":"","background-media":"","overlay-type":"","overlay-color":"","overlay-opacity":"","overlay-gradient":""},"mobile":{"background-color":"var(--ast-global-color-5)","background-image":"","background-repeat":"repeat","background-position":"center center","background-size":"auto","background-attachment":"scroll","background-type":"","background-media":"","overlay-type":"","overlay-color":"","overlay-opacity":"","overlay-gradient":""}},"_joinchat":[]},"product_brand":[],"product_cat":[265,268,285,273],"product_tag":[786],"class_list":["post-14731","product","type-product","status-publish","has-post-thumbnail","product_cat-camas-abatibles","product_cat-camas-abatibles-individuales-madera","product_cat-composiciones-juveniles","product_cat-muebles-juveniles","product_tag-rpep","desktop-align-center","tablet-align-left","mobile-align-left","ast-product-gallery-layout-vertical-slider","ast-product-tabs-layout-accordion","ast-qv-on-image","first","instock","sale","shipping-taxable","purchasable","product-type-simple"],"_links":{"self":[{"href":"https:\/\/mueblesdetena.es\/ru_ru\/wp-json\/wp\/v2\/product\/14731","targetHints":{"allow":["GET"]}}],"collection":[{"href":"https:\/\/mueblesdetena.es\/ru_ru\/wp-json\/wp\/v2\/product"}],"about":[{"href":"https:\/\/mueblesdetena.es\/ru_ru\/wp-json\/wp\/v2\/types\/product"}],"replies":[{"embeddable":true,"href":"https:\/\/mueblesdetena.es\/ru_ru\/wp-json\/wp\/v2\/comments?post=14731"}],"version-history":[{"count":7,"href":"https:\/\/mueblesdetena.es\/ru_ru\/wp-json\/wp\/v2\/product\/14731\/revisions"}],"predecessor-version":[{"id":48182,"href":"https:\/\/mueblesdetena.es\/ru_ru\/wp-json\/wp\/v2\/product\/14731\/revisions\/48182"}],"wp:featuredmedia":[{"embeddable":true,"href":"https:\/\/mueblesdetena.es\/ru_ru\/wp-json\/wp\/v2\/media\/44010"}],"wp:attachment":[{"href":"https:\/\/mueblesdetena.es\/ru_ru\/wp-json\/wp\/v2\/media?parent=14731"}],"wp:term":[{"taxonomy":"product_brand","embeddable":true,"href":"https:\/\/mueblesdetena.es\/ru_ru\/wp-json\/wp\/v2\/product_brand?post=14731"},{"taxonomy":"product_cat","embeddable":true,"href":"https:\/\/mueblesdetena.es\/ru_ru\/wp-json\/wp\/v2\/product_cat?post=14731"},{"taxonomy":"product_tag","embeddable":true,"href":"https:\/\/mueblesdetena.es\/ru_ru\/wp-json\/wp\/v2\/product_tag?post=14731"}],"curies":[{"name":"wp","href":"https:\/\/api.w.org\/{rel}","templated":true}]}}

<h2>CAMA ABATIBLE CON MESA ESTUDIO Y ESTANTERÍA</h2>
<p>Cama abatible horizontal con mesa de estudio y estantería incorporadas, ideal para <a href="https://mueblesdetena.es/ru_ru/muebles-juveniles/">habitaciones juveniles</a> donde se necesita aprovechar cada centímetro. Preparada para colchón de 90×190 cm.</p>
<h3>CARACTERÍSTICAS</h3>
<p>Incluye barandillas y escalera plegable, para no tener que retirarlas cada vez que cierras la cama. Este modelo lleva somier de lamas, pistones hidráulicos y salva rodapié.</p>
<h3>MEDIDAS</h3>
<p>Cama abierta: 111 cm. Altura: 209 cm. Fondo cerrado: 34,5 cm. Largo según tamaño de cama: 196 cm (180), 206 cm (190) o 216 cm (200).</p>
<h3>SERVICIO DE TRANSPORTE Y MONTAJE</h3>
<p>Transporte y montaje opcional por 125€ (hasta 15 km). No realizamos entregas fuera de Cataluña.</p>
<h3>¿Qué medidas tiene abierta?</h3>
<p>111 cm de ancho al abrirse, con 209 cm de altura y un fondo cerrado de 34,5 cm.</p>
<h3>¿Hay que quitar la escalera para cerrar la cama?</h3>
<p>No, la escalera es plegable y las barandillas están diseñadas para no tener que retirarlas.</p>
<h3>¿Qué lleva el mecanismo?</h3>
<p>Somier de lamas, pistones hidráulicos y salva rodapié.</p>
<h3>¿Cuánto cuesta el transporte y montaje?</h3>
<p>125€ para hasta 15 km. No realizamos entregas fuera de Cataluña.</p>

<p><strong>Puede financiar su compra en cómodas cuotas si lo prefiere.</strong></p>
<p>CAMA ABATIBLE CON MESA ESTUDIO</p>
<p>Diseñamos en 3D tu proyecto de modo gratuito.</p>
