{"id":15748,"date":"2022-07-03T08:06:58","date_gmt":"2022-07-03T06:06:58","guid":{"rendered":"https:\/\/mueblesdetena.es\/?post_type=product&#038;p=15748"},"modified":"2026-07-05T19:19:25","modified_gmt":"2026-07-05T17:19:25","slug":"composicion-de-camas-en-l-sort","status":"publish","type":"product","link":"https:\/\/mueblesdetena.es\/ru_ru\/composicion-de-camas-en-l-sort\/","title":{"rendered":"Camas en L Sort para dormitorio juvenil"},"content":{"rendered":"<h2>Camas en L Sort para dormitorio juvenil<\/h2>\n<p><strong>Camas en L Sort desde 1.109 \u20ac<\/strong>, una composici\u00f3n juvenil pensada para habitaciones compartidas o dormitorios donde se necesita ganar almacenaje sin llenar demasiado el espacio.<\/p>\n<p>El conjunto incluye 2 camas compactas colocadas en posici\u00f3n de L: una de ellas incorpora 8 cajones y la otra cuenta con puerta corredera para aprovechar al m\u00e1ximo su capacidad interior.<\/p>\n<ul>\n<li>Medida aproximada del conjunto: 201 x 291 cm.<\/li>\n<li>Altura aproximada: 51 cm.<\/li>\n<li>Estructura de 3 cm de grosor, s\u00f3lida y resistente.<\/li>\n<li>Diferentes opciones de color y acabados a elegir.<\/li>\n<li>Dise\u00f1o 3D gratuito para valorar distribuci\u00f3n, colores y encaje en tu habitaci\u00f3n.<\/li>\n<\/ul>\n<p>Env\u00edo y montaje opcional 125 \u20ac hasta 15 km. Oferta correspondiente a las camas; el resto de mobiliario de la imagen no est\u00e1 incluido.<\/p>\n<p>Tambi\u00e9n puedes ver m\u00e1s opciones en <a href=\"https:\/\/mueblesdetena.es\/ru_ru\/composiciones-juveniles\/\">composiciones juveniles<\/a> y <a href=\"https:\/\/mueblesdetena.es\/ru_ru\/muebles-juveniles\/\">muebles juveniles<\/a>.<\/p>","protected":false},"excerpt":{"rendered":"<p><strong>Camas en L Sort desde 1.109 \u20ac<\/strong>, con 2 camas compactas, 8 cajones y m\u00f3dulo con puerta corredera para aprovechar mejor el dormitorio juvenil.<\/p>\n<p>Dise\u00f1amos en 3D tu proyecto de modo gratuito.<\/p>\n<p>Env\u00edo y montaje opcional 125 \u20ac hasta 15 km. Resto de mobiliario no incluido en la oferta.<\/p>","protected":false},"featured_media":20193,"comment_status":"closed","ping_status":"closed","template":"","meta":{"site-sidebar-layout":"default","site-content-layout":"","ast-site-content-layout":"default","site-content-style":"default","site-sidebar-style":"default","ast-global-header-display":"","ast-banner-title-visibility":"","ast-main-header-display":"","ast-hfb-above-header-display":"","ast-hfb-below-header-display":"","ast-hfb-mobile-header-display":"","site-post-title":"","ast-breadcrumbs-content":"","ast-featured-img":"","footer-sml-layout":"","ast-disable-related-posts":"","theme-transparent-header-meta":"default","adv-header-id-meta":"","stick-header-meta":"default","header-above-stick-meta":"","header-main-stick-meta":"","header-below-stick-meta":"","astra-migrate-meta-layouts":"set","ast-page-background-enabled":"default","ast-page-background-meta":{"desktop":{"background-color":"var(--ast-global-color-4)","background-image":"","background-repeat":"repeat","background-position":"center center","background-size":"auto","background-attachment":"scroll","background-type":"","background-media":"","overlay-type":"","overlay-color":"","overlay-opacity":"","overlay-gradient":""},"tablet":{"background-color":"","background-image":"","background-repeat":"repeat","background-position":"center center","background-size":"auto","background-attachment":"scroll","background-type":"","background-media":"","overlay-type":"","overlay-color":"","overlay-opacity":"","overlay-gradient":""},"mobile":{"background-color":"","background-image":"","background-repeat":"repeat","background-position":"center center","background-size":"auto","background-attachment":"scroll","background-type":"","background-media":"","overlay-type":"","overlay-color":"","overlay-opacity":"","overlay-gradient":""}},"ast-content-background-meta":{"desktop":{"background-color":"var(--ast-global-color-5)","background-image":"","background-repeat":"repeat","background-position":"center center","background-size":"auto","background-attachment":"scroll","background-type":"","background-media":"","overlay-type":"","overlay-color":"","overlay-opacity":"","overlay-gradient":""},"tablet":{"background-color":"var(--ast-global-color-5)","background-image":"","background-repeat":"repeat","background-position":"center center","background-size":"auto","background-attachment":"scroll","background-type":"","background-media":"","overlay-type":"","overlay-color":"","overlay-opacity":"","overlay-gradient":""},"mobile":{"background-color":"var(--ast-global-color-5)","background-image":"","background-repeat":"repeat","background-position":"center center","background-size":"auto","background-attachment":"scroll","background-type":"","background-media":"","overlay-type":"","overlay-color":"","overlay-opacity":"","overlay-gradient":""}},"_joinchat":[]},"product_brand":[],"product_cat":[285,273],"product_tag":[1394,626,1391,1392,1393],"class_list":["post-15748","product","type-product","status-publish","has-post-thumbnail","product_cat-composiciones-juveniles","product_cat-muebles-juveniles","product_tag-camas-compactas-juveniles","product_tag-camas-en-l","product_tag-camas-en-l-juveniles","product_tag-composicion-camas-en-l","product_tag-dormitorio-juvenil-con-camas-en-l","desktop-align-center","tablet-align-left","mobile-align-left","ast-product-gallery-layout-vertical-slider","ast-product-tabs-layout-accordion","ast-qv-on-image","first","instock","sale","shipping-taxable","purchasable","product-type-simple"],"_links":{"self":[{"href":"https:\/\/mueblesdetena.es\/ru_ru\/wp-json\/wp\/v2\/product\/15748","targetHints":{"allow":["GET"]}}],"collection":[{"href":"https:\/\/mueblesdetena.es\/ru_ru\/wp-json\/wp\/v2\/product"}],"about":[{"href":"https:\/\/mueblesdetena.es\/ru_ru\/wp-json\/wp\/v2\/types\/product"}],"replies":[{"embeddable":true,"href":"https:\/\/mueblesdetena.es\/ru_ru\/wp-json\/wp\/v2\/comments?post=15748"}],"version-history":[{"count":5,"href":"https:\/\/mueblesdetena.es\/ru_ru\/wp-json\/wp\/v2\/product\/15748\/revisions"}],"predecessor-version":[{"id":47528,"href":"https:\/\/mueblesdetena.es\/ru_ru\/wp-json\/wp\/v2\/product\/15748\/revisions\/47528"}],"wp:featuredmedia":[{"embeddable":true,"href":"https:\/\/mueblesdetena.es\/ru_ru\/wp-json\/wp\/v2\/media\/20193"}],"wp:attachment":[{"href":"https:\/\/mueblesdetena.es\/ru_ru\/wp-json\/wp\/v2\/media?parent=15748"}],"wp:term":[{"taxonomy":"product_brand","embeddable":true,"href":"https:\/\/mueblesdetena.es\/ru_ru\/wp-json\/wp\/v2\/product_brand?post=15748"},{"taxonomy":"product_cat","embeddable":true,"href":"https:\/\/mueblesdetena.es\/ru_ru\/wp-json\/wp\/v2\/product_cat?post=15748"},{"taxonomy":"product_tag","embeddable":true,"href":"https:\/\/mueblesdetena.es\/ru_ru\/wp-json\/wp\/v2\/product_tag?post=15748"}],"curies":[{"name":"wp","href":"https:\/\/api.w.org\/{rel}","templated":true}]}}

<h2>Camas en L Sort para dormitorio juvenil</h2>
<p><strong>Camas en L Sort desde 1.109 €</strong>, una composición juvenil pensada para habitaciones compartidas o dormitorios donde se necesita ganar almacenaje sin llenar demasiado el espacio.</p>
<p>El conjunto incluye 2 camas compactas colocadas en posición de L: una de ellas incorpora 8 cajones y la otra cuenta con puerta corredera para aprovechar al máximo su capacidad interior.</p>
<ul>
<li>Medida aproximada del conjunto: 201 x 291 cm.</li>
<li>Altura aproximada: 51 cm.</li>
<li>Estructura de 3 cm de grosor, sólida y resistente.</li>
<li>Diferentes opciones de color y acabados a elegir.</li>
<li>Diseño 3D gratuito para valorar distribución, colores y encaje en tu habitación.</li>
</ul>
<p>Envío y montaje opcional 125 € hasta 15 km. Oferta correspondiente a las camas; el resto de mobiliario de la imagen no está incluido.</p>
<p>También puedes ver más opciones en <a href="https://mueblesdetena.es/ru_ru/composiciones-juveniles/">composiciones juveniles</a> y <a href="https://mueblesdetena.es/ru_ru/muebles-juveniles/">muebles juveniles</a>.</p>

<p><strong>Camas en L Sort desde 1.109 €</strong>, con 2 camas compactas, 8 cajones y módulo con puerta corredera para aprovechar mejor el dormitorio juvenil.</p>
<p>Diseñamos en 3D tu proyecto de modo gratuito.</p>
<p>Envío y montaje opcional 125 € hasta 15 km. Resto de mobiliario no incluido en la oferta.</p>
