{"id":15980,"date":"2022-08-13T11:19:21","date_gmt":"2022-08-13T09:19:21","guid":{"rendered":"https:\/\/mueblesdetena.es\/?post_type=product&#038;p=15980"},"modified":"2026-08-22T07:34:41","modified_gmt":"2026-08-22T05:34:41","slug":"silla-modelo-domus-de-pemi","status":"publish","type":"product","link":"https:\/\/mueblesdetena.es\/ru_ru\/silla-modelo-domus-de-pemi\/","title":{"rendered":"Domus"},"content":{"rendered":"<p>Silla <strong>Domus<\/strong>, de madera de haya, con respaldo disponible en haya, roble, roble nudoso o melamina, y detalle tapizado en el respaldo. Un dise\u00f1o atemporal, con terminaciones rectas que buscan la linealidad y presencia del producto en cada espacio. Descubre el resto de nuestras <a href=\"https:\/\/mueblesdetena.es\/ru_ru\/sillas\/\">sillas de comedor<\/a> disponibles en Muebles Detena.<\/p>\n<p>Colecci\u00f3n de sillas de primera calidad, en madera maciza de haya, roble o nogal americano, caracterizadas por sus dise\u00f1os exclusivos y acabados con m\u00faltiples combinaciones. Dise\u00f1adas y fabricadas pensando en obtener la m\u00e1xima funcionalidad, superando los m\u00e1s estrictos controles de calidad en todas sus fases de creaci\u00f3n.<\/p>\n<p>Medidas: 82 cm de alto x 45 cm de ancho x 51 cm de fondo.<\/p>\n<p>Fabricada por Pemi, empresa espa\u00f1ola l\u00edder en mobiliario de sillas y mesas desde 1976, comprometida activamente con la sostenibilidad tanto en sus procesos productivos como en la elecci\u00f3n de materiales. Combina especialmente bien con nuestras <a href=\"https:\/\/mueblesdetena.es\/ru_ru\/comedores-y-mesas\/\">mesas de comedor<\/a>.<\/p>\n<h2>Preguntas frecuentes sobre la silla Domus<\/h2>\n<h3>\u00bfEn qu\u00e9 materiales est\u00e1 disponible el respaldo?<\/h3>\n<p>El respaldo est\u00e1 disponible en haya, roble, roble nudoso o melamina.<\/p>\n<h3>\u00bfQu\u00e9 medidas tiene la silla Domus?<\/h3>\n<p>Sus medidas son 82 cm de alto x 45 cm de ancho x 51 cm de fondo.<\/p>\n<h3>\u00bfEs un producto de fabricaci\u00f3n nacional?<\/h3>\n<p>S\u00ed, la silla Domus est\u00e1 fabricada por Pemi, empresa espa\u00f1ola con m\u00e1s de 45 a\u00f1os de experiencia en mobiliario de sillas y mesas.<\/p>","protected":false},"excerpt":{"rendered":"<p>Silla Domus de Pemi, de madera de haya con respaldo en haya, roble, roble nudoso o melamina, con detalle tapizado.<\/p>","protected":false},"featured_media":20218,"comment_status":"closed","ping_status":"closed","template":"","meta":{"site-sidebar-layout":"default","site-content-layout":"","ast-site-content-layout":"default","site-content-style":"default","site-sidebar-style":"default","ast-global-header-display":"","ast-banner-title-visibility":"","ast-main-header-display":"","ast-hfb-above-header-display":"","ast-hfb-below-header-display":"","ast-hfb-mobile-header-display":"","site-post-title":"","ast-breadcrumbs-content":"","ast-featured-img":"","footer-sml-layout":"","ast-disable-related-posts":"","theme-transparent-header-meta":"default","adv-header-id-meta":"","stick-header-meta":"default","header-above-stick-meta":"","header-main-stick-meta":"","header-below-stick-meta":"","astra-migrate-meta-layouts":"set","ast-page-background-enabled":"default","ast-page-background-meta":{"desktop":{"background-color":"var(--ast-global-color-4)","background-image":"","background-repeat":"repeat","background-position":"center center","background-size":"auto","background-attachment":"scroll","background-type":"","background-media":"","overlay-type":"","overlay-color":"","overlay-opacity":"","overlay-gradient":""},"tablet":{"background-color":"","background-image":"","background-repeat":"repeat","background-position":"center center","background-size":"auto","background-attachment":"scroll","background-type":"","background-media":"","overlay-type":"","overlay-color":"","overlay-opacity":"","overlay-gradient":""},"mobile":{"background-color":"","background-image":"","background-repeat":"repeat","background-position":"center center","background-size":"auto","background-attachment":"scroll","background-type":"","background-media":"","overlay-type":"","overlay-color":"","overlay-opacity":"","overlay-gradient":""}},"ast-content-background-meta":{"desktop":{"background-color":"var(--ast-global-color-5)","background-image":"","background-repeat":"repeat","background-position":"center center","background-size":"auto","background-attachment":"scroll","background-type":"","background-media":"","overlay-type":"","overlay-color":"","overlay-opacity":"","overlay-gradient":""},"tablet":{"background-color":"var(--ast-global-color-5)","background-image":"","background-repeat":"repeat","background-position":"center center","background-size":"auto","background-attachment":"scroll","background-type":"","background-media":"","overlay-type":"","overlay-color":"","overlay-opacity":"","overlay-gradient":""},"mobile":{"background-color":"var(--ast-global-color-5)","background-image":"","background-repeat":"repeat","background-position":"center center","background-size":"auto","background-attachment":"scroll","background-type":"","background-media":"","overlay-type":"","overlay-color":"","overlay-opacity":"","overlay-gradient":""}},"_joinchat":[]},"product_brand":[],"product_cat":[281,307],"product_tag":[663],"class_list":["post-15980","product","type-product","status-publish","has-post-thumbnail","product_cat-sillas","product_cat-sillas-comedor","product_tag-pemi","desktop-align-center","tablet-align-left","mobile-align-left","ast-product-gallery-layout-vertical-slider","ast-product-tabs-layout-accordion","ast-qv-on-image","first","instock","sale","shipping-taxable","purchasable","product-type-simple"],"_links":{"self":[{"href":"https:\/\/mueblesdetena.es\/ru_ru\/wp-json\/wp\/v2\/product\/15980","targetHints":{"allow":["GET"]}}],"collection":[{"href":"https:\/\/mueblesdetena.es\/ru_ru\/wp-json\/wp\/v2\/product"}],"about":[{"href":"https:\/\/mueblesdetena.es\/ru_ru\/wp-json\/wp\/v2\/types\/product"}],"replies":[{"embeddable":true,"href":"https:\/\/mueblesdetena.es\/ru_ru\/wp-json\/wp\/v2\/comments?post=15980"}],"version-history":[{"count":3,"href":"https:\/\/mueblesdetena.es\/ru_ru\/wp-json\/wp\/v2\/product\/15980\/revisions"}],"predecessor-version":[{"id":48618,"href":"https:\/\/mueblesdetena.es\/ru_ru\/wp-json\/wp\/v2\/product\/15980\/revisions\/48618"}],"wp:featuredmedia":[{"embeddable":true,"href":"https:\/\/mueblesdetena.es\/ru_ru\/wp-json\/wp\/v2\/media\/20218"}],"wp:attachment":[{"href":"https:\/\/mueblesdetena.es\/ru_ru\/wp-json\/wp\/v2\/media?parent=15980"}],"wp:term":[{"taxonomy":"product_brand","embeddable":true,"href":"https:\/\/mueblesdetena.es\/ru_ru\/wp-json\/wp\/v2\/product_brand?post=15980"},{"taxonomy":"product_cat","embeddable":true,"href":"https:\/\/mueblesdetena.es\/ru_ru\/wp-json\/wp\/v2\/product_cat?post=15980"},{"taxonomy":"product_tag","embeddable":true,"href":"https:\/\/mueblesdetena.es\/ru_ru\/wp-json\/wp\/v2\/product_tag?post=15980"}],"curies":[{"name":"wp","href":"https:\/\/api.w.org\/{rel}","templated":true}]}}

<p>Silla <strong>Domus</strong>, de madera de haya, con respaldo disponible en haya, roble, roble nudoso o melamina, y detalle tapizado en el respaldo. Un diseño atemporal, con terminaciones rectas que buscan la linealidad y presencia del producto en cada espacio. Descubre el resto de nuestras <a href="https://mueblesdetena.es/ru_ru/sillas/">sillas de comedor</a> disponibles en Muebles Detena.</p>
<p>Colección de sillas de primera calidad, en madera maciza de haya, roble o nogal americano, caracterizadas por sus diseños exclusivos y acabados con múltiples combinaciones. Diseñadas y fabricadas pensando en obtener la máxima funcionalidad, superando los más estrictos controles de calidad en todas sus fases de creación.</p>
<p>Medidas: 82 cm de alto x 45 cm de ancho x 51 cm de fondo.</p>
<p>Fabricada por Pemi, empresa española líder en mobiliario de sillas y mesas desde 1976, comprometida activamente con la sostenibilidad tanto en sus procesos productivos como en la elección de materiales. Combina especialmente bien con nuestras <a href="https://mueblesdetena.es/ru_ru/comedores-y-mesas/">mesas de comedor</a>.</p>
<h2>Preguntas frecuentes sobre la silla Domus</h2>
<h3>¿En qué materiales está disponible el respaldo?</h3>
<p>El respaldo está disponible en haya, roble, roble nudoso o melamina.</p>
<h3>¿Qué medidas tiene la silla Domus?</h3>
<p>Sus medidas son 82 cm de alto x 45 cm de ancho x 51 cm de fondo.</p>
<h3>¿Es un producto de fabricación nacional?</h3>
<p>Sí, la silla Domus está fabricada por Pemi, empresa española con más de 45 años de experiencia en mobiliario de sillas y mesas.</p>
