{"id":16055,"date":"2022-08-28T11:47:11","date_gmt":"2022-08-28T09:47:11","guid":{"rendered":"https:\/\/mueblesdetena.es\/?post_type=product&#038;p=16055"},"modified":"2024-02-09T21:56:24","modified_gmt":"2024-02-09T20:56:24","slug":"mesa-consola-extensible-lumier","status":"publish","type":"product","link":"https:\/\/mueblesdetena.es\/ru_ru\/mesa-consola-extensible-lumier\/","title":{"rendered":"MESA CONSOLA EXTENSIBLE LUMIER"},"content":{"rendered":"<p>Mesa consola extensible con acabado en chapa natural o melamina, con pies en madera.<\/p>\n<p>Medidas: Mesa cerrada 35x90x76cm.<br \/>\n-Mesa\u00a0con 1 extensible\u00a085x90x76cm.<br \/>\n-Mesa\u00a0con\u00a02 extensibles 135x90x76cm.<br \/>\n-Mesa\u00a0con\u00a03 extensibles 185x90x76cm.<br \/>\n-Mesa\u00a0con\u00a04 extensibles 235x90x76cm.<\/p>\n<p>-Todas las melaminas del cat\u00e1logo de Pemi.<br \/>\n-Chapa natural de haya, roble.<br \/>\n-Lacado en cualquier color del cat\u00e1logo de Pemi.<br \/>\n-Las patas podr\u00e1n ir en blanco, negro, \u00f3xido, antracita e industrial.<\/p>\n<p>-Los extensibles se guardan en la parte inferior de la mesa.<\/p>\n<p>Desde Pemi trabajan para aportar valor a todos sus productos, es por lo que exigen\u00a0 funcionalidad, durabilidad y dise\u00f1o.<\/p>\n<p>Con soluciones creativas, funcionales y competitivas , partiendo del dise\u00f1o donde se estudian nuevos proyectos cada d\u00eda, realizando pruebas de calidad que certifican la resistencia y duraci\u00f3n de los mismos y comprometidos con el trabajo bien realizado.<\/p>\n<p>Si usted\u00a0 desea m\u00e1s informaci\u00f3n acerca de los acabados, las medidas o cualquier otro detalle t\u00e9cnico de este producto no dude en contactarnos.<\/p>","protected":false},"excerpt":{"rendered":"<p>Mesa consola extensible con acabado en chapa natural o melamina, con pies en madera. Medidas: Mesa cerrada 35x90x76cm. -Mesa\u00a0con 1 extensible\u00a085x90x76cm. -Mesa\u00a0con\u00a02 extensibles 135x90x76cm. -Mesa\u00a0con\u00a03 extensibles 185x90x76cm. -Mesa\u00a0con\u00a04 extensibles 235x90x76cm. -Todas las melaminas del cat\u00e1logo de Pemi. -Chapa natural de haya, roble. -Lacado en cualquier color del cat\u00e1logo de Pemi. -Las patas podr\u00e1n ir en [&hellip;]<\/p>\n","protected":false},"featured_media":20267,"comment_status":"closed","ping_status":"closed","template":"","meta":{"site-sidebar-layout":"default","site-content-layout":"","ast-site-content-layout":"default","site-content-style":"default","site-sidebar-style":"default","ast-global-header-display":"","ast-banner-title-visibility":"","ast-main-header-display":"","ast-hfb-above-header-display":"","ast-hfb-below-header-display":"","ast-hfb-mobile-header-display":"","site-post-title":"","ast-breadcrumbs-content":"","ast-featured-img":"","footer-sml-layout":"","ast-disable-related-posts":"","theme-transparent-header-meta":"","adv-header-id-meta":"","stick-header-meta":"","header-above-stick-meta":"","header-main-stick-meta":"","header-below-stick-meta":"","astra-migrate-meta-layouts":"default","ast-page-background-enabled":"default","ast-page-background-meta":{"desktop":{"background-color":"var(--ast-global-color-4)","background-image":"","background-repeat":"repeat","background-position":"center center","background-size":"auto","background-attachment":"scroll","background-type":"","background-media":"","overlay-type":"","overlay-color":"","overlay-opacity":"","overlay-gradient":""},"tablet":{"background-color":"","background-image":"","background-repeat":"repeat","background-position":"center center","background-size":"auto","background-attachment":"scroll","background-type":"","background-media":"","overlay-type":"","overlay-color":"","overlay-opacity":"","overlay-gradient":""},"mobile":{"background-color":"","background-image":"","background-repeat":"repeat","background-position":"center center","background-size":"auto","background-attachment":"scroll","background-type":"","background-media":"","overlay-type":"","overlay-color":"","overlay-opacity":"","overlay-gradient":""}},"ast-content-background-meta":{"desktop":{"background-color":"var(--ast-global-color-5)","background-image":"","background-repeat":"repeat","background-position":"center center","background-size":"auto","background-attachment":"scroll","background-type":"","background-media":"","overlay-type":"","overlay-color":"","overlay-opacity":"","overlay-gradient":""},"tablet":{"background-color":"var(--ast-global-color-5)","background-image":"","background-repeat":"repeat","background-position":"center center","background-size":"auto","background-attachment":"scroll","background-type":"","background-media":"","overlay-type":"","overlay-color":"","overlay-opacity":"","overlay-gradient":""},"mobile":{"background-color":"var(--ast-global-color-5)","background-image":"","background-repeat":"repeat","background-position":"center center","background-size":"auto","background-attachment":"scroll","background-type":"","background-media":"","overlay-type":"","overlay-color":"","overlay-opacity":"","overlay-gradient":""}},"_joinchat":[]},"product_brand":[],"product_cat":[305],"product_tag":[671],"class_list":["post-16055","product","type-product","status-publish","has-post-thumbnail","product_cat-sin-categoria","product_tag-mesa-lumier-pemi","desktop-align-center","tablet-align-left","mobile-align-left","ast-product-gallery-layout-vertical-slider","ast-product-tabs-layout-accordion","ast-qv-on-image","first","instock","shipping-taxable","product-type-simple"],"_links":{"self":[{"href":"https:\/\/mueblesdetena.es\/ru_ru\/wp-json\/wp\/v2\/product\/16055","targetHints":{"allow":["GET"]}}],"collection":[{"href":"https:\/\/mueblesdetena.es\/ru_ru\/wp-json\/wp\/v2\/product"}],"about":[{"href":"https:\/\/mueblesdetena.es\/ru_ru\/wp-json\/wp\/v2\/types\/product"}],"replies":[{"embeddable":true,"href":"https:\/\/mueblesdetena.es\/ru_ru\/wp-json\/wp\/v2\/comments?post=16055"}],"version-history":[{"count":1,"href":"https:\/\/mueblesdetena.es\/ru_ru\/wp-json\/wp\/v2\/product\/16055\/revisions"}],"predecessor-version":[{"id":20272,"href":"https:\/\/mueblesdetena.es\/ru_ru\/wp-json\/wp\/v2\/product\/16055\/revisions\/20272"}],"wp:featuredmedia":[{"embeddable":true,"href":"https:\/\/mueblesdetena.es\/ru_ru\/wp-json\/wp\/v2\/media\/20267"}],"wp:attachment":[{"href":"https:\/\/mueblesdetena.es\/ru_ru\/wp-json\/wp\/v2\/media?parent=16055"}],"wp:term":[{"taxonomy":"product_brand","embeddable":true,"href":"https:\/\/mueblesdetena.es\/ru_ru\/wp-json\/wp\/v2\/product_brand?post=16055"},{"taxonomy":"product_cat","embeddable":true,"href":"https:\/\/mueblesdetena.es\/ru_ru\/wp-json\/wp\/v2\/product_cat?post=16055"},{"taxonomy":"product_tag","embeddable":true,"href":"https:\/\/mueblesdetena.es\/ru_ru\/wp-json\/wp\/v2\/product_tag?post=16055"}],"curies":[{"name":"wp","href":"https:\/\/api.w.org\/{rel}","templated":true}]}}

<p>Mesa consola extensible con acabado en chapa natural o melamina, con pies en madera.</p>
<p>Medidas: Mesa cerrada 35x90x76cm.<br />
-Mesa con 1 extensible 85x90x76cm.<br />
-Mesa con 2 extensibles 135x90x76cm.<br />
-Mesa con 3 extensibles 185x90x76cm.<br />
-Mesa con 4 extensibles 235x90x76cm.</p>
<p>-Todas las melaminas del catálogo de Pemi.<br />
-Chapa natural de haya, roble.<br />
-Lacado en cualquier color del catálogo de Pemi.<br />
-Las patas podrán ir en blanco, negro, óxido, antracita e industrial.</p>
<p>-Los extensibles se guardan en la parte inferior de la mesa.</p>
<p>Desde Pemi trabajan para aportar valor a todos sus productos, es por lo que exigen  funcionalidad, durabilidad y diseño.</p>
<p>Con soluciones creativas, funcionales y competitivas , partiendo del diseño donde se estudian nuevos proyectos cada día, realizando pruebas de calidad que certifican la resistencia y duración de los mismos y comprometidos con el trabajo bien realizado.</p>
<p>Si usted  desea más información acerca de los acabados, las medidas o cualquier otro detalle técnico de este producto no dude en contactarnos.</p>

<p>Mesa consola extensible con acabado en chapa natural o melamina, con pies en madera. Medidas: Mesa cerrada 35x90x76cm. -Mesa con 1 extensible 85x90x76cm. -Mesa con 2 extensibles 135x90x76cm. -Mesa con 3 extensibles 185x90x76cm. -Mesa con 4 extensibles 235x90x76cm. -Todas las melaminas del catálogo de Pemi. -Chapa natural de haya, roble. -Lacado en cualquier color del catálogo de Pemi. -Las patas podrán ir en [&hellip;]</p>
