{"id":16171,"date":"2022-10-02T17:40:10","date_gmt":"2022-10-02T15:40:10","guid":{"rendered":"https:\/\/mueblesdetena.es\/?post_type=product&#038;p=16171"},"modified":"2026-08-03T12:40:56","modified_gmt":"2026-08-03T10:40:56","slug":"cama-abatible-con-armario-kiev5","status":"publish","type":"product","link":"https:\/\/mueblesdetena.es\/ru_ru\/cama-abatible-con-armario-kiev5\/","title":{"rendered":"CAMA ABATIBLE CON ARMARIO EVOLUTION"},"content":{"rendered":"<h2 data-section-id=\"1i8udhz\" data-start=\"103\" data-end=\"164\">\ud83d\udecf\ufe0f Cama abatible con armario Evolution en Badalona<\/h2>\n<p data-start=\"166\" data-end=\"387\">\u0412 <strong data-start=\"169\" data-end=\"187\">Muebles Detena<\/strong>, te presentamos la <strong data-start=\"207\" data-end=\"253\">cama abatible con armario Evolution<\/strong>, una soluci\u00f3n moderna, pr\u00e1ctica y de alta calidad para optimizar el espacio en <a href=\"https:\/\/mueblesdetena.es\/ru_ru\/muebles-juveniles\/\">dormitorios juveniles<\/a> y habitaciones multifuncionales.<\/p>\n<h3 data-section-id=\"1d1v555\" data-start=\"389\" data-end=\"422\">\u2728 Caracter\u00edsticas principales<\/h3>\n<ul data-start=\"423\" data-end=\"773\">\n<li data-section-id=\"14r51dd\" data-start=\"423\" data-end=\"475\">Cama abatible con sistema seguro y f\u00e1cil de usar<\/li>\n<li data-section-id=\"pjezba\" data-start=\"476\" data-end=\"554\">Armario superior con <strong data-start=\"499\" data-end=\"521\">puertas correderas<\/strong>, ideal para espacios reducidos<\/li>\n<li data-section-id=\"1i5xeya\" data-start=\"555\" data-end=\"588\">Incluye <strong data-start=\"565\" data-end=\"586\">somier de l\u00e1minas<\/strong><\/li>\n<li data-section-id=\"1041f7x\" data-start=\"589\" data-end=\"638\">Cinchas sujetacolch\u00f3n y salvacolch\u00f3n met\u00e1lico<\/li>\n<li data-section-id=\"1587iy7\" data-start=\"639\" data-end=\"659\">Patas regulables<\/li>\n<li data-section-id=\"xngbjx\" data-start=\"660\" data-end=\"711\">Sistema de <strong data-start=\"673\" data-end=\"709\">bloqueo autom\u00e1tico con retenci\u00f3n<\/strong><\/li>\n<li data-section-id=\"1av0vfd\" data-start=\"712\" data-end=\"773\">Compatible con instalaci\u00f3n en paredes de pladur (consultar)<\/li>\n<\/ul>\n<h3 data-section-id=\"ahb1h9\" data-start=\"775\" data-end=\"802\">\ud83d\udcd0 Medidas del conjunto<\/h3>\n<ul data-start=\"803\" data-end=\"957\">\n<li data-section-id=\"1zb9wl\" data-start=\"803\" data-end=\"872\">Composici\u00f3n total: <strong data-start=\"824\" data-end=\"870\">332 cm ancho x 220 cm alto x 57,5 cm fondo<\/strong><\/li>\n<li data-section-id=\"1p49dpc\" data-start=\"873\" data-end=\"917\">Armario: 84 cm de ancho x 220 cm de alto<\/li>\n<li data-section-id=\"2xqdmo\" data-start=\"918\" data-end=\"957\">Estanter\u00eda vertical: 35 cm de ancho<\/li>\n<\/ul>\n<p data-start=\"959\" data-end=\"1021\">\ud83d\udc49 Posibilidad de <strong data-start=\"977\" data-end=\"1021\">otras medidas y configuraciones a medida<\/strong><\/p>\n<h3 data-section-id=\"fh9qr0\" data-start=\"1023\" data-end=\"1050\">\u2699\ufe0f Opciones disponibles<\/h3>\n<ul data-start=\"1051\" data-end=\"1131\">\n<li data-section-id=\"1jyjt0v\" data-start=\"1051\" data-end=\"1079\">Alturas: 240 cm y 248 cm<\/li>\n<li data-section-id=\"po65ac\" data-start=\"1080\" data-end=\"1131\">Camas para colchones de: 90 cm, 105 cm y 200 cm<\/li>\n<\/ul>\n<h3 data-section-id=\"ospqc\" data-start=\"1133\" data-end=\"1186\">\ud83d\ude9a Transporte y montaje en Badalona y alrededores<\/h3>\n<p data-start=\"1187\" data-end=\"1257\">Ofrecemos <strong data-start=\"1197\" data-end=\"1242\">servicio de transporte y montaje por 175\u20ac<\/strong> (hasta 15 km).<\/p>\n<p data-start=\"1259\" data-end=\"1290\">\ud83d\udccd Solo trabajamos en Catalu\u00f1a.<\/p>\n<h3 data-section-id=\"1ufq86z\" data-start=\"1292\" data-end=\"1320\">\ud83d\udcb3 Financiaci\u00f3n a medida<\/h3>\n<p data-start=\"1321\" data-end=\"1408\">\u0412 <strong data-start=\"1324\" data-end=\"1342\">Muebles Detena<\/strong> puedes <strong data-start=\"1350\" data-end=\"1391\">financiar tu compra en c\u00f3modos plazos<\/strong>, adaptados a ti.<\/p>\n<hr data-start=\"1410\" data-end=\"1413\" \/>\n<h3 data-section-id=\"1dwu1qg\" data-start=\"1415\" data-end=\"1455\">\ud83d\udecb\ufe0f Tu tienda de muebles en Badalona<\/h3>\n<p data-start=\"1456\" data-end=\"1648\">\u0412 <strong data-start=\"1459\" data-end=\"1477\">Muebles Detena<\/strong> somos especialistas en <strong data-start=\"1501\" data-end=\"1589\">camas abatibles, muebles funcionales y soluciones a medida en Badalona y alrededores<\/strong>, ofreciendo calidad, dise\u00f1o y asesoramiento personalizado.<\/p>\n<p>&nbsp;<\/p>\n<p>&nbsp;<\/p>","protected":false},"excerpt":{"rendered":"<p>Cama abatible con armario superior y estanter\u00eda, ideal para optimizar espacio. Incluye somier de l\u00e1minas, patas regulables y sistema de seguridad. Medidas: 332 cm ancho x 220 cm alto x 57,5 cm fondo. Disponible en varias opciones y tama\u00f1os. Transporte y montaje opcional por 175\u20ac (hasta 15 km).<\/p>\n<p>Dise\u00f1amos en 3D tu proyecto de modo gratuito.<\/p>","protected":false},"featured_media":48264,"comment_status":"closed","ping_status":"closed","template":"","meta":{"site-sidebar-layout":"default","site-content-layout":"","ast-site-content-layout":"default","site-content-style":"default","site-sidebar-style":"default","ast-global-header-display":"","ast-banner-title-visibility":"","ast-main-header-display":"","ast-hfb-above-header-display":"","ast-hfb-below-header-display":"","ast-hfb-mobile-header-display":"","site-post-title":"","ast-breadcrumbs-content":"","ast-featured-img":"","footer-sml-layout":"","ast-disable-related-posts":"","theme-transparent-header-meta":"default","adv-header-id-meta":"","stick-header-meta":"default","header-above-stick-meta":"","header-main-stick-meta":"","header-below-stick-meta":"","astra-migrate-meta-layouts":"set","ast-page-background-enabled":"default","ast-page-background-meta":{"desktop":{"background-color":"var(--ast-global-color-4)","background-image":"","background-repeat":"repeat","background-position":"center center","background-size":"auto","background-attachment":"scroll","background-type":"","background-media":"","overlay-type":"","overlay-color":"","overlay-opacity":"","overlay-gradient":""},"tablet":{"background-color":"","background-image":"","background-repeat":"repeat","background-position":"center center","background-size":"auto","background-attachment":"scroll","background-type":"","background-media":"","overlay-type":"","overlay-color":"","overlay-opacity":"","overlay-gradient":""},"mobile":{"background-color":"","background-image":"","background-repeat":"repeat","background-position":"center center","background-size":"auto","background-attachment":"scroll","background-type":"","background-media":"","overlay-type":"","overlay-color":"","overlay-opacity":"","overlay-gradient":""}},"ast-content-background-meta":{"desktop":{"background-color":"var(--ast-global-color-5)","background-image":"","background-repeat":"repeat","background-position":"center center","background-size":"auto","background-attachment":"scroll","background-type":"","background-media":"","overlay-type":"","overlay-color":"","overlay-opacity":"","overlay-gradient":""},"tablet":{"background-color":"var(--ast-global-color-5)","background-image":"","background-repeat":"repeat","background-position":"center center","background-size":"auto","background-attachment":"scroll","background-type":"","background-media":"","overlay-type":"","overlay-color":"","overlay-opacity":"","overlay-gradient":""},"mobile":{"background-color":"var(--ast-global-color-5)","background-image":"","background-repeat":"repeat","background-position":"center center","background-size":"auto","background-attachment":"scroll","background-type":"","background-media":"","overlay-type":"","overlay-color":"","overlay-opacity":"","overlay-gradient":""}},"_joinchat":[]},"product_brand":[],"product_cat":[265,268,285,273],"product_tag":[785,786],"class_list":["post-16171","product","type-product","status-publish","has-post-thumbnail","product_cat-camas-abatibles","product_cat-camas-abatibles-individuales-madera","product_cat-composiciones-juveniles","product_cat-muebles-juveniles","product_tag-pbadal","product_tag-rpep","desktop-align-center","tablet-align-left","mobile-align-left","ast-product-gallery-layout-vertical-slider","ast-product-tabs-layout-accordion","ast-qv-on-image","first","instock","sale","shipping-taxable","purchasable","product-type-simple"],"_links":{"self":[{"href":"https:\/\/mueblesdetena.es\/ru_ru\/wp-json\/wp\/v2\/product\/16171","targetHints":{"allow":["GET"]}}],"collection":[{"href":"https:\/\/mueblesdetena.es\/ru_ru\/wp-json\/wp\/v2\/product"}],"about":[{"href":"https:\/\/mueblesdetena.es\/ru_ru\/wp-json\/wp\/v2\/types\/product"}],"replies":[{"embeddable":true,"href":"https:\/\/mueblesdetena.es\/ru_ru\/wp-json\/wp\/v2\/comments?post=16171"}],"version-history":[{"count":15,"href":"https:\/\/mueblesdetena.es\/ru_ru\/wp-json\/wp\/v2\/product\/16171\/revisions"}],"predecessor-version":[{"id":48269,"href":"https:\/\/mueblesdetena.es\/ru_ru\/wp-json\/wp\/v2\/product\/16171\/revisions\/48269"}],"wp:featuredmedia":[{"embeddable":true,"href":"https:\/\/mueblesdetena.es\/ru_ru\/wp-json\/wp\/v2\/media\/48264"}],"wp:attachment":[{"href":"https:\/\/mueblesdetena.es\/ru_ru\/wp-json\/wp\/v2\/media?parent=16171"}],"wp:term":[{"taxonomy":"product_brand","embeddable":true,"href":"https:\/\/mueblesdetena.es\/ru_ru\/wp-json\/wp\/v2\/product_brand?post=16171"},{"taxonomy":"product_cat","embeddable":true,"href":"https:\/\/mueblesdetena.es\/ru_ru\/wp-json\/wp\/v2\/product_cat?post=16171"},{"taxonomy":"product_tag","embeddable":true,"href":"https:\/\/mueblesdetena.es\/ru_ru\/wp-json\/wp\/v2\/product_tag?post=16171"}],"curies":[{"name":"wp","href":"https:\/\/api.w.org\/{rel}","templated":true}]}}

<h2 data-section-id="1i8udhz" data-start="103" data-end="164">🛏️ Cama abatible con armario Evolution en Badalona</h2>
<p data-start="166" data-end="387">В <strong data-start="169" data-end="187">Muebles Detena</strong>, te presentamos la <strong data-start="207" data-end="253">cama abatible con armario Evolution</strong>, una solución moderna, práctica y de alta calidad para optimizar el espacio en <a href="https://mueblesdetena.es/ru_ru/muebles-juveniles/">dormitorios juveniles</a> y habitaciones multifuncionales.</p>
<h3 data-section-id="1d1v555" data-start="389" data-end="422">✨ Características principales</h3>
<ul data-start="423" data-end="773">
<li data-section-id="14r51dd" data-start="423" data-end="475">Cama abatible con sistema seguro y fácil de usar</li>
<li data-section-id="pjezba" data-start="476" data-end="554">Armario superior con <strong data-start="499" data-end="521">puertas correderas</strong>, ideal para espacios reducidos</li>
<li data-section-id="1i5xeya" data-start="555" data-end="588">Incluye <strong data-start="565" data-end="586">somier de láminas</strong></li>
<li data-section-id="1041f7x" data-start="589" data-end="638">Cinchas sujetacolchón y salvacolchón metálico</li>
<li data-section-id="1587iy7" data-start="639" data-end="659">Patas regulables</li>
<li data-section-id="xngbjx" data-start="660" data-end="711">Sistema de <strong data-start="673" data-end="709">bloqueo automático con retención</strong></li>
<li data-section-id="1av0vfd" data-start="712" data-end="773">Compatible con instalación en paredes de pladur (consultar)</li>
</ul>
<h3 data-section-id="ahb1h9" data-start="775" data-end="802">📐 Medidas del conjunto</h3>
<ul data-start="803" data-end="957">
<li data-section-id="1zb9wl" data-start="803" data-end="872">Composición total: <strong data-start="824" data-end="870">332 cm ancho x 220 cm alto x 57,5 cm fondo</strong></li>
<li data-section-id="1p49dpc" data-start="873" data-end="917">Armario: 84 cm de ancho x 220 cm de alto</li>
<li data-section-id="2xqdmo" data-start="918" data-end="957">Estantería vertical: 35 cm de ancho</li>
</ul>
<p data-start="959" data-end="1021">👉 Posibilidad de <strong data-start="977" data-end="1021">otras medidas y configuraciones a medida</strong></p>
<h3 data-section-id="fh9qr0" data-start="1023" data-end="1050">⚙️ Opciones disponibles</h3>
<ul data-start="1051" data-end="1131">
<li data-section-id="1jyjt0v" data-start="1051" data-end="1079">Alturas: 240 cm y 248 cm</li>
<li data-section-id="po65ac" data-start="1080" data-end="1131">Camas para colchones de: 90 cm, 105 cm y 200 cm</li>
</ul>
<h3 data-section-id="ospqc" data-start="1133" data-end="1186">🚚 Transporte y montaje en Badalona y alrededores</h3>
<p data-start="1187" data-end="1257">Ofrecemos <strong data-start="1197" data-end="1242">servicio de transporte y montaje por 175€</strong> (hasta 15 km).</p>
<p data-start="1259" data-end="1290">📍 Solo trabajamos en Cataluña.</p>
<h3 data-section-id="1ufq86z" data-start="1292" data-end="1320">💳 Financiación a medida</h3>
<p data-start="1321" data-end="1408">В <strong data-start="1324" data-end="1342">Muebles Detena</strong> puedes <strong data-start="1350" data-end="1391">financiar tu compra en cómodos plazos</strong>, adaptados a ti.</p>
<hr data-start="1410" data-end="1413" />
<h3 data-section-id="1dwu1qg" data-start="1415" data-end="1455">🛋️ Tu tienda de muebles en Badalona</h3>
<p data-start="1456" data-end="1648">В <strong data-start="1459" data-end="1477">Muebles Detena</strong> somos especialistas en <strong data-start="1501" data-end="1589">camas abatibles, muebles funcionales y soluciones a medida en Badalona y alrededores</strong>, ofreciendo calidad, diseño y asesoramiento personalizado.</p>
<p>&nbsp;</p>
<p>&nbsp;</p>

<p>Cama abatible con armario superior y estantería, ideal para optimizar espacio. Incluye somier de láminas, patas regulables y sistema de seguridad. Medidas: 332 cm ancho x 220 cm alto x 57,5 cm fondo. Disponible en varias opciones y tamaños. Transporte y montaje opcional por 175€ (hasta 15 km).</p>
<p>Diseñamos en 3D tu proyecto de modo gratuito.</p>
