{"id":16232,"date":"2022-10-16T20:12:17","date_gmt":"2022-10-16T18:12:17","guid":{"rendered":"https:\/\/mueblesdetena.es\/?post_type=product&#038;p=16232"},"modified":"2026-08-20T06:11:47","modified_gmt":"2026-08-20T04:11:47","slug":"mesa-comedor-circle-rmb","status":"publish","type":"product","link":"https:\/\/mueblesdetena.es\/ru_ru\/mesa-comedor-circle-rmb\/","title":{"rendered":"Taula extensible de menjador Duo."},"content":{"rendered":"<h2 data-start=\"205\" data-end=\"270\">Taula Rodona de Menjador Extensible a Badalona \u2013 Mobles Detena<\/h2>\n<p data-start=\"272\" data-end=\"486\">A <strong data-start=\"274\" data-end=\"320\">Mobles Detena, botiga de mobles a Badalona<\/strong>, et presentem aquesta <strong data-start=\"343\" data-end=\"382\">taula rodona de menjador extensible<\/strong>, amb un disseny espectacular i modern, ideal per a menjadors actuals que busquen estil i funcionalitat.<\/p>\n<p data-start=\"488\" data-end=\"616\">Disposa de <strong data-start=\"499\" data-end=\"540\">pota met\u00e0l\u00b7lica d\u2019acer super refor\u00e7at<\/strong> i sobre de 5 cm de gruix, garantint estabilitat, resist\u00e8ncia i durabilitat.<\/p>\n<h3 data-start=\"618\" data-end=\"640\">Mides disponibles:<\/h3>\n<ul data-start=\"641\" data-end=\"739\">\n<li data-start=\"641\" data-end=\"677\">\n<p data-start=\"643\" data-end=\"677\">\u00d8 110 cm amb extensible de 50 cm<\/p>\n<\/li>\n<li data-start=\"678\" data-end=\"721\">\n<p data-start=\"680\" data-end=\"721\">Opci\u00f3 \u00d8 120 cm extensible fins a 168 cm<\/p>\n<\/li>\n<li data-start=\"722\" data-end=\"739\">\n<p data-start=\"724\" data-end=\"739\">Al\u00e7ada: 77 cm<\/p>\n<\/li>\n<\/ul>\n<p data-start=\"741\" data-end=\"827\">Disponible en diferents opcions de color per adaptar-se a qualsevol estil de menjador.<\/p>\n<h3 data-start=\"829\" data-end=\"863\">Servei a Badalona i rodalies<\/h3>\n<p data-start=\"864\" data-end=\"922\">Oferim <strong data-start=\"871\" data-end=\"921\">servei opcional d\u2019enviament i muntatge per 90\u20ac<\/strong>.<\/p>\n<p data-start=\"924\" data-end=\"1051\">Si busques una <strong data-start=\"939\" data-end=\"977\">taula rodona extensible a Badalona<\/strong>, a Mobles Detena trobar\u00e0s qualitat, disseny i assessorament professional.<\/p>","protected":false},"excerpt":{"rendered":"<p>Taula rodona de menjador extensible amb pota met\u00e0l\u00b7lica d\u2019acer super refor\u00e7at i sobre de 5 cm de gruix. Disponible en mida \u00d8110 cm amb extensible de 50 cm i opci\u00f3 \u00d8120 cm extensible fins a 168 cm. Al\u00e7ada 77 cm. Diferents opcions de color a escollir. Enviament i muntatge opcional per 90\u20ac. Ideal per a menjadors moderns i funcionals.<\/p>","protected":false},"featured_media":20364,"comment_status":"closed","ping_status":"closed","template":"","meta":{"site-sidebar-layout":"default","site-content-layout":"","ast-site-content-layout":"default","site-content-style":"default","site-sidebar-style":"default","ast-global-header-display":"","ast-banner-title-visibility":"","ast-main-header-display":"","ast-hfb-above-header-display":"","ast-hfb-below-header-display":"","ast-hfb-mobile-header-display":"","site-post-title":"","ast-breadcrumbs-content":"","ast-featured-img":"","footer-sml-layout":"","ast-disable-related-posts":"","theme-transparent-header-meta":"default","adv-header-id-meta":"","stick-header-meta":"default","header-above-stick-meta":"","header-main-stick-meta":"","header-below-stick-meta":"","astra-migrate-meta-layouts":"set","ast-page-background-enabled":"default","ast-page-background-meta":{"desktop":{"background-color":"var(--ast-global-color-4)","background-image":"","background-repeat":"repeat","background-position":"center center","background-size":"auto","background-attachment":"scroll","background-type":"","background-media":"","overlay-type":"","overlay-color":"","overlay-opacity":"","overlay-gradient":""},"tablet":{"background-color":"","background-image":"","background-repeat":"repeat","background-position":"center center","background-size":"auto","background-attachment":"scroll","background-type":"","background-media":"","overlay-type":"","overlay-color":"","overlay-opacity":"","overlay-gradient":""},"mobile":{"background-color":"","background-image":"","background-repeat":"repeat","background-position":"center center","background-size":"auto","background-attachment":"scroll","background-type":"","background-media":"","overlay-type":"","overlay-color":"","overlay-opacity":"","overlay-gradient":""}},"ast-content-background-meta":{"desktop":{"background-color":"var(--ast-global-color-5)","background-image":"","background-repeat":"repeat","background-position":"center center","background-size":"auto","background-attachment":"scroll","background-type":"","background-media":"","overlay-type":"","overlay-color":"","overlay-opacity":"","overlay-gradient":""},"tablet":{"background-color":"var(--ast-global-color-5)","background-image":"","background-repeat":"repeat","background-position":"center center","background-size":"auto","background-attachment":"scroll","background-type":"","background-media":"","overlay-type":"","overlay-color":"","overlay-opacity":"","overlay-gradient":""},"mobile":{"background-color":"var(--ast-global-color-5)","background-image":"","background-repeat":"repeat","background-position":"center center","background-size":"auto","background-attachment":"scroll","background-type":"","background-media":"","overlay-type":"","overlay-color":"","overlay-opacity":"","overlay-gradient":""}},"_joinchat":[]},"product_brand":[],"product_cat":[297,828,832],"product_tag":[785],"class_list":["post-16232","product","type-product","status-publish","has-post-thumbnail","product_cat-mesas","product_cat-mesas-de-comedor","product_cat-mesas-de-comedor-extensibles","product_tag-pbadal","desktop-align-center","tablet-align-left","mobile-align-left","ast-product-gallery-layout-vertical-slider","ast-product-tabs-layout-accordion","ast-qv-on-image","first","instock","sale","shipping-taxable","purchasable","product-type-simple"],"_links":{"self":[{"href":"https:\/\/mueblesdetena.es\/ru_ru\/wp-json\/wp\/v2\/product\/16232","targetHints":{"allow":["GET"]}}],"collection":[{"href":"https:\/\/mueblesdetena.es\/ru_ru\/wp-json\/wp\/v2\/product"}],"about":[{"href":"https:\/\/mueblesdetena.es\/ru_ru\/wp-json\/wp\/v2\/types\/product"}],"replies":[{"embeddable":true,"href":"https:\/\/mueblesdetena.es\/ru_ru\/wp-json\/wp\/v2\/comments?post=16232"}],"version-history":[{"count":5,"href":"https:\/\/mueblesdetena.es\/ru_ru\/wp-json\/wp\/v2\/product\/16232\/revisions"}],"predecessor-version":[{"id":44209,"href":"https:\/\/mueblesdetena.es\/ru_ru\/wp-json\/wp\/v2\/product\/16232\/revisions\/44209"}],"wp:featuredmedia":[{"embeddable":true,"href":"https:\/\/mueblesdetena.es\/ru_ru\/wp-json\/wp\/v2\/media\/20364"}],"wp:attachment":[{"href":"https:\/\/mueblesdetena.es\/ru_ru\/wp-json\/wp\/v2\/media?parent=16232"}],"wp:term":[{"taxonomy":"product_brand","embeddable":true,"href":"https:\/\/mueblesdetena.es\/ru_ru\/wp-json\/wp\/v2\/product_brand?post=16232"},{"taxonomy":"product_cat","embeddable":true,"href":"https:\/\/mueblesdetena.es\/ru_ru\/wp-json\/wp\/v2\/product_cat?post=16232"},{"taxonomy":"product_tag","embeddable":true,"href":"https:\/\/mueblesdetena.es\/ru_ru\/wp-json\/wp\/v2\/product_tag?post=16232"}],"curies":[{"name":"wp","href":"https:\/\/api.w.org\/{rel}","templated":true}]}}

<h2 data-start="205" data-end="270">Taula Rodona de Menjador Extensible a Badalona – Mobles Detena</h2>
<p data-start="272" data-end="486">A <strong data-start="274" data-end="320">Mobles Detena, botiga de mobles a Badalona</strong>, et presentem aquesta <strong data-start="343" data-end="382">taula rodona de menjador extensible</strong>, amb un disseny espectacular i modern, ideal per a menjadors actuals que busquen estil i funcionalitat.</p>
<p data-start="488" data-end="616">Disposa de <strong data-start="499" data-end="540">pota metàl·lica d’acer super reforçat</strong> i sobre de 5 cm de gruix, garantint estabilitat, resistència i durabilitat.</p>
<h3 data-start="618" data-end="640">Mides disponibles:</h3>
<ul data-start="641" data-end="739">
<li data-start="641" data-end="677">
<p data-start="643" data-end="677">Ø 110 cm amb extensible de 50 cm</p>
</li>
<li data-start="678" data-end="721">
<p data-start="680" data-end="721">Opció Ø 120 cm extensible fins a 168 cm</p>
</li>
<li data-start="722" data-end="739">
<p data-start="724" data-end="739">Alçada: 77 cm</p>
</li>
</ul>
<p data-start="741" data-end="827">Disponible en diferents opcions de color per adaptar-se a qualsevol estil de menjador.</p>
<h3 data-start="829" data-end="863">Servei a Badalona i rodalies</h3>
<p data-start="864" data-end="922">Oferim <strong data-start="871" data-end="921">servei opcional d’enviament i muntatge per 90€</strong>.</p>
<p data-start="924" data-end="1051">Si busques una <strong data-start="939" data-end="977">taula rodona extensible a Badalona</strong>, a Mobles Detena trobaràs qualitat, disseny i assessorament professional.</p>

<p>Taula rodona de menjador extensible amb pota metàl·lica d’acer super reforçat i sobre de 5 cm de gruix. Disponible en mida Ø110 cm amb extensible de 50 cm i opció Ø120 cm extensible fins a 168 cm. Alçada 77 cm. Diferents opcions de color a escollir. Enviament i muntatge opcional per 90€. Ideal per a menjadors moderns i funcionals.</p>
