{"id":16617,"date":"2023-01-08T17:44:38","date_gmt":"2023-01-08T16:44:38","guid":{"rendered":"https:\/\/mueblesdetena.es\/?post_type=product&#038;p=16617"},"modified":"2026-08-22T07:53:34","modified_gmt":"2026-08-22T05:53:34","slug":"silla-de-comedor-nova-de-pemi","status":"publish","type":"product","link":"https:\/\/mueblesdetena.es\/ru_ru\/silla-de-comedor-nova-de-pemi\/","title":{"rendered":"Nova"},"content":{"rendered":"<p>Silla de comedor de alta gama, modelo <strong>Nova<\/strong> de Pemi, con dise\u00f1o ergon\u00f3mico, respaldo y asiento tapizados y bastidor met\u00e1lico. Una silla resistente y elegante, pensada para aportar confort y un toque actual a cualquier <a href=\"https:\/\/mueblesdetena.es\/ru_ru\/comedores-y-mesas\/\">comedor<\/a>. Descubre el resto de nuestras <a href=\"https:\/\/mueblesdetena.es\/ru_ru\/sillas\/\">sillas de comedor<\/a>.<\/p>\n<p>El pie met\u00e1lico de la silla puede ir en: negro, blanco, arena, \u00f3xido, cobre o antracita.<\/p>\n<p>Tapizados disponibles en diferentes colores y tejidos.<\/p>\n<p>Medidas: 52 cm de ancho x 57 cm de fondo x 85 cm de alto.<\/p>\n<p>Fabricada por Pemi, empresa espa\u00f1ola l\u00edder en mobiliario de sillas y mesas desde 1976, comprometida activamente con la sostenibilidad tanto en sus procesos productivos como en la elecci\u00f3n de materiales.<\/p>\n<p>Env\u00edo disponible \u00fanicamente dentro de Catalu\u00f1a.<\/p>\n<h2>Preguntas frecuentes sobre la silla Nova<\/h2>\n<h3>\u00bfQu\u00e9 colores de pie tiene la silla Nova?<\/h3>\n<p>El pie met\u00e1lico est\u00e1 disponible en negro, blanco, arena, \u00f3xido, cobre o antracita.<\/p>\n<h3>\u00bfQu\u00e9 medidas tiene la silla Nova?<\/h3>\n<p>Sus medidas son 52 cm de ancho x 57 cm de fondo x 85 cm de alto.<\/p>\n<h3>\u00bfPuedo elegir el tapizado?<\/h3>\n<p>S\u00ed, la silla Nova est\u00e1 disponible en diferentes colores y tejidos de tapizado.<\/p>\n<h3>\u00bfHac\u00e9is env\u00edos fuera de Catalu\u00f1a?<\/h3>\n<p>No, actualmente solo realizamos ventas y env\u00edos dentro de Catalu\u00f1a.<\/p>","protected":false},"excerpt":{"rendered":"<p>Silla Nova de Pemi, con dise\u00f1o ergon\u00f3mico, respaldo y asiento tapizados y bastidor met\u00e1lico. Disponible en varios colores de pie y tapizado.<\/p>","protected":false},"featured_media":20589,"comment_status":"closed","ping_status":"closed","template":"","meta":{"site-sidebar-layout":"default","site-content-layout":"","ast-site-content-layout":"default","site-content-style":"default","site-sidebar-style":"default","ast-global-header-display":"","ast-banner-title-visibility":"","ast-main-header-display":"","ast-hfb-above-header-display":"","ast-hfb-below-header-display":"","ast-hfb-mobile-header-display":"","site-post-title":"","ast-breadcrumbs-content":"","ast-featured-img":"","footer-sml-layout":"","ast-disable-related-posts":"","theme-transparent-header-meta":"default","adv-header-id-meta":"","stick-header-meta":"default","header-above-stick-meta":"","header-main-stick-meta":"","header-below-stick-meta":"","astra-migrate-meta-layouts":"set","ast-page-background-enabled":"default","ast-page-background-meta":{"desktop":{"background-color":"var(--ast-global-color-4)","background-image":"","background-repeat":"repeat","background-position":"center center","background-size":"auto","background-attachment":"scroll","background-type":"","background-media":"","overlay-type":"","overlay-color":"","overlay-opacity":"","overlay-gradient":""},"tablet":{"background-color":"","background-image":"","background-repeat":"repeat","background-position":"center center","background-size":"auto","background-attachment":"scroll","background-type":"","background-media":"","overlay-type":"","overlay-color":"","overlay-opacity":"","overlay-gradient":""},"mobile":{"background-color":"","background-image":"","background-repeat":"repeat","background-position":"center center","background-size":"auto","background-attachment":"scroll","background-type":"","background-media":"","overlay-type":"","overlay-color":"","overlay-opacity":"","overlay-gradient":""}},"ast-content-background-meta":{"desktop":{"background-color":"var(--ast-global-color-5)","background-image":"","background-repeat":"repeat","background-position":"center center","background-size":"auto","background-attachment":"scroll","background-type":"","background-media":"","overlay-type":"","overlay-color":"","overlay-opacity":"","overlay-gradient":""},"tablet":{"background-color":"var(--ast-global-color-5)","background-image":"","background-repeat":"repeat","background-position":"center center","background-size":"auto","background-attachment":"scroll","background-type":"","background-media":"","overlay-type":"","overlay-color":"","overlay-opacity":"","overlay-gradient":""},"mobile":{"background-color":"var(--ast-global-color-5)","background-image":"","background-repeat":"repeat","background-position":"center center","background-size":"auto","background-attachment":"scroll","background-type":"","background-media":"","overlay-type":"","overlay-color":"","overlay-opacity":"","overlay-gradient":""}},"_joinchat":[]},"product_brand":[],"product_cat":[281,307],"product_tag":[714],"class_list":["post-16617","product","type-product","status-publish","has-post-thumbnail","product_cat-sillas","product_cat-sillas-comedor","product_tag-silla-nova-pemi","desktop-align-center","tablet-align-left","mobile-align-left","ast-product-gallery-layout-vertical-slider","ast-product-tabs-layout-accordion","ast-qv-on-image","first","instock","sale","shipping-taxable","purchasable","product-type-simple"],"_links":{"self":[{"href":"https:\/\/mueblesdetena.es\/ru_ru\/wp-json\/wp\/v2\/product\/16617","targetHints":{"allow":["GET"]}}],"collection":[{"href":"https:\/\/mueblesdetena.es\/ru_ru\/wp-json\/wp\/v2\/product"}],"about":[{"href":"https:\/\/mueblesdetena.es\/ru_ru\/wp-json\/wp\/v2\/types\/product"}],"replies":[{"embeddable":true,"href":"https:\/\/mueblesdetena.es\/ru_ru\/wp-json\/wp\/v2\/comments?post=16617"}],"version-history":[{"count":4,"href":"https:\/\/mueblesdetena.es\/ru_ru\/wp-json\/wp\/v2\/product\/16617\/revisions"}],"predecessor-version":[{"id":48615,"href":"https:\/\/mueblesdetena.es\/ru_ru\/wp-json\/wp\/v2\/product\/16617\/revisions\/48615"}],"wp:featuredmedia":[{"embeddable":true,"href":"https:\/\/mueblesdetena.es\/ru_ru\/wp-json\/wp\/v2\/media\/20589"}],"wp:attachment":[{"href":"https:\/\/mueblesdetena.es\/ru_ru\/wp-json\/wp\/v2\/media?parent=16617"}],"wp:term":[{"taxonomy":"product_brand","embeddable":true,"href":"https:\/\/mueblesdetena.es\/ru_ru\/wp-json\/wp\/v2\/product_brand?post=16617"},{"taxonomy":"product_cat","embeddable":true,"href":"https:\/\/mueblesdetena.es\/ru_ru\/wp-json\/wp\/v2\/product_cat?post=16617"},{"taxonomy":"product_tag","embeddable":true,"href":"https:\/\/mueblesdetena.es\/ru_ru\/wp-json\/wp\/v2\/product_tag?post=16617"}],"curies":[{"name":"wp","href":"https:\/\/api.w.org\/{rel}","templated":true}]}}

<p>Silla de comedor de alta gama, modelo <strong>Nova</strong> de Pemi, con diseño ergonómico, respaldo y asiento tapizados y bastidor metálico. Una silla resistente y elegante, pensada para aportar confort y un toque actual a cualquier <a href="https://mueblesdetena.es/ru_ru/comedores-y-mesas/">comedor</a>. Descubre el resto de nuestras <a href="https://mueblesdetena.es/ru_ru/sillas/">sillas de comedor</a>.</p>
<p>El pie metálico de la silla puede ir en: negro, blanco, arena, óxido, cobre o antracita.</p>
<p>Tapizados disponibles en diferentes colores y tejidos.</p>
<p>Medidas: 52 cm de ancho x 57 cm de fondo x 85 cm de alto.</p>
<p>Fabricada por Pemi, empresa española líder en mobiliario de sillas y mesas desde 1976, comprometida activamente con la sostenibilidad tanto en sus procesos productivos como en la elección de materiales.</p>
<p>Envío disponible únicamente dentro de Cataluña.</p>
<h2>Preguntas frecuentes sobre la silla Nova</h2>
<h3>¿Qué colores de pie tiene la silla Nova?</h3>
<p>El pie metálico está disponible en negro, blanco, arena, óxido, cobre o antracita.</p>
<h3>¿Qué medidas tiene la silla Nova?</h3>
<p>Sus medidas son 52 cm de ancho x 57 cm de fondo x 85 cm de alto.</p>
<h3>¿Puedo elegir el tapizado?</h3>
<p>Sí, la silla Nova está disponible en diferentes colores y tejidos de tapizado.</p>
<h3>¿Hacéis envíos fuera de Cataluña?</h3>
<p>No, actualmente solo realizamos ventas y envíos dentro de Cataluña.</p>

<p>Silla Nova de Pemi, con diseño ergonómico, respaldo y asiento tapizados y bastidor metálico. Disponible en varios colores de pie y tapizado.</p>
