{"id":16840,"date":"2023-02-11T11:17:14","date_gmt":"2023-02-11T10:17:14","guid":{"rendered":"https:\/\/mueblesdetena.es\/?post_type=product&#038;p=16840"},"modified":"2026-06-27T09:56:31","modified_gmt":"2026-06-27T07:56:31","slug":"silla-ryta","status":"publish","type":"product","link":"https:\/\/mueblesdetena.es\/ru_ru\/silla-ryta\/","title":{"rendered":"SILLA DE SALON MOD.RYTA"},"content":{"rendered":"<p><a href=\"https:\/\/mueblesdetena.es\/wp-content\/uploads\/2023\/02\/CATALOGO_SERES.pdf\">CATALOGO_SERES<\/a><\/p>\n<p>Silla RYTA tapizada en tela Belfast. Antimanchas, f\u00e1cil limpieza. Colores disponibles tapizado (negro, gris, pardo, coral, amarillo, menta, verde, azul\u00f3n). Patas disponibles en colores: Roble,Blanco, Negro. Altura total 84 cm, ancho 49 cm y fondo 48 cm.Destaca por su perfecta adaptaci\u00f3n a la esplada y m\u00e1xima comodidad.<\/p>\n<p>Tambi\u00e9n silla tapizada en tela Brido, \u00c1frica y Magnum.<\/p>\n<p>SILLA DE SALON MOD.RYTA<\/p>","protected":false},"excerpt":{"rendered":"<p>CATALOGO_SERES Silla RYTA tapizada en tela Belfast. Antimanchas, f\u00e1cil limpieza. Colores disponibles tapizado (negro, gris, pardo, coral, amarillo, menta, verde, azul\u00f3n). Patas disponibles en colores: Roble,Blanco, Negro. Altura total 84 cm, ancho 49 cm y fondo 48 cm.Destaca por su perfecta adaptaci\u00f3n a la esplada y m\u00e1xima comodidad. Tambi\u00e9n silla tapizada en tela Brido, \u00c1frica [&hellip;]<\/p>\n","protected":false},"featured_media":20688,"comment_status":"closed","ping_status":"closed","template":"","meta":{"site-sidebar-layout":"default","site-content-layout":"","ast-site-content-layout":"default","site-content-style":"default","site-sidebar-style":"default","ast-global-header-display":"","ast-banner-title-visibility":"","ast-main-header-display":"","ast-hfb-above-header-display":"","ast-hfb-below-header-display":"","ast-hfb-mobile-header-display":"","site-post-title":"","ast-breadcrumbs-content":"","ast-featured-img":"","footer-sml-layout":"","ast-disable-related-posts":"","theme-transparent-header-meta":"default","adv-header-id-meta":"","stick-header-meta":"default","header-above-stick-meta":"","header-main-stick-meta":"","header-below-stick-meta":"","astra-migrate-meta-layouts":"set","ast-page-background-enabled":"default","ast-page-background-meta":{"desktop":{"background-color":"var(--ast-global-color-4)","background-image":"","background-repeat":"repeat","background-position":"center center","background-size":"auto","background-attachment":"scroll","background-type":"","background-media":"","overlay-type":"","overlay-color":"","overlay-opacity":"","overlay-gradient":""},"tablet":{"background-color":"","background-image":"","background-repeat":"repeat","background-position":"center center","background-size":"auto","background-attachment":"scroll","background-type":"","background-media":"","overlay-type":"","overlay-color":"","overlay-opacity":"","overlay-gradient":""},"mobile":{"background-color":"","background-image":"","background-repeat":"repeat","background-position":"center center","background-size":"auto","background-attachment":"scroll","background-type":"","background-media":"","overlay-type":"","overlay-color":"","overlay-opacity":"","overlay-gradient":""}},"ast-content-background-meta":{"desktop":{"background-color":"var(--ast-global-color-5)","background-image":"","background-repeat":"repeat","background-position":"center center","background-size":"auto","background-attachment":"scroll","background-type":"","background-media":"","overlay-type":"","overlay-color":"","overlay-opacity":"","overlay-gradient":""},"tablet":{"background-color":"var(--ast-global-color-5)","background-image":"","background-repeat":"repeat","background-position":"center center","background-size":"auto","background-attachment":"scroll","background-type":"","background-media":"","overlay-type":"","overlay-color":"","overlay-opacity":"","overlay-gradient":""},"mobile":{"background-color":"var(--ast-global-color-5)","background-image":"","background-repeat":"repeat","background-position":"center center","background-size":"auto","background-attachment":"scroll","background-type":"","background-media":"","overlay-type":"","overlay-color":"","overlay-opacity":"","overlay-gradient":""}},"_joinchat":[]},"product_brand":[],"product_cat":[281,307],"product_tag":[785],"class_list":["post-16840","product","type-product","status-publish","has-post-thumbnail","product_cat-sillas","product_cat-sillas-comedor","product_tag-pbadal","desktop-align-center","tablet-align-left","mobile-align-left","ast-product-gallery-layout-vertical-slider","ast-product-tabs-layout-accordion","ast-qv-on-image","first","instock","sale","shipping-taxable","purchasable","product-type-simple"],"_links":{"self":[{"href":"https:\/\/mueblesdetena.es\/ru_ru\/wp-json\/wp\/v2\/product\/16840","targetHints":{"allow":["GET"]}}],"collection":[{"href":"https:\/\/mueblesdetena.es\/ru_ru\/wp-json\/wp\/v2\/product"}],"about":[{"href":"https:\/\/mueblesdetena.es\/ru_ru\/wp-json\/wp\/v2\/types\/product"}],"replies":[{"embeddable":true,"href":"https:\/\/mueblesdetena.es\/ru_ru\/wp-json\/wp\/v2\/comments?post=16840"}],"version-history":[{"count":4,"href":"https:\/\/mueblesdetena.es\/ru_ru\/wp-json\/wp\/v2\/product\/16840\/revisions"}],"predecessor-version":[{"id":40477,"href":"https:\/\/mueblesdetena.es\/ru_ru\/wp-json\/wp\/v2\/product\/16840\/revisions\/40477"}],"wp:featuredmedia":[{"embeddable":true,"href":"https:\/\/mueblesdetena.es\/ru_ru\/wp-json\/wp\/v2\/media\/20688"}],"wp:attachment":[{"href":"https:\/\/mueblesdetena.es\/ru_ru\/wp-json\/wp\/v2\/media?parent=16840"}],"wp:term":[{"taxonomy":"product_brand","embeddable":true,"href":"https:\/\/mueblesdetena.es\/ru_ru\/wp-json\/wp\/v2\/product_brand?post=16840"},{"taxonomy":"product_cat","embeddable":true,"href":"https:\/\/mueblesdetena.es\/ru_ru\/wp-json\/wp\/v2\/product_cat?post=16840"},{"taxonomy":"product_tag","embeddable":true,"href":"https:\/\/mueblesdetena.es\/ru_ru\/wp-json\/wp\/v2\/product_tag?post=16840"}],"curies":[{"name":"wp","href":"https:\/\/api.w.org\/{rel}","templated":true}]}}

<p><a href="https://mueblesdetena.es/wp-content/uploads/2023/02/CATALOGO_SERES.pdf">CATALOGO_SERES</a></p>
<p>Silla RYTA tapizada en tela Belfast. Antimanchas, fácil limpieza. Colores disponibles tapizado (negro, gris, pardo, coral, amarillo, menta, verde, azulón). Patas disponibles en colores: Roble,Blanco, Negro. Altura total 84 cm, ancho 49 cm y fondo 48 cm.Destaca por su perfecta adaptación a la esplada y máxima comodidad.</p>
<p>También silla tapizada en tela Brido, África y Magnum.</p>
<p>SILLA DE SALON MOD.RYTA</p>

<p>CATALOGO_SERES Silla RYTA tapizada en tela Belfast. Antimanchas, fácil limpieza. Colores disponibles tapizado (negro, gris, pardo, coral, amarillo, menta, verde, azulón). Patas disponibles en colores: Roble,Blanco, Negro. Altura total 84 cm, ancho 49 cm y fondo 48 cm.Destaca por su perfecta adaptación a la esplada y máxima comodidad. También silla tapizada en tela Brido, África [&hellip;]</p>
