{"id":16844,"date":"2023-02-11T11:25:30","date_gmt":"2023-02-11T10:25:30","guid":{"rendered":"https:\/\/mueblesdetena.es\/?post_type=product&#038;p=16844"},"modified":"2026-06-27T09:56:30","modified_gmt":"2026-06-27T07:56:30","slug":"silla-leti","status":"publish","type":"product","link":"https:\/\/mueblesdetena.es\/ru_ru\/silla-leti\/","title":{"rendered":"SILLA LETI"},"content":{"rendered":"<p>Silla LETI tapizada en tela Belfast. Antimanchas, f\u00e1cil limpieza. Colores disponibles tapizado (negro, gris, pardo, coral, amarillo, menta, verde, azul\u00f3n). Patas disponibles en colores: Blanco, Negro, Piedra, Gris, Cromo brillo, S\u00edmil roble. Altura total 96 cm, ancho 45 cm y fondo 48 cm.<\/p>\n<p>Tambi\u00e9n silla tapizada en tela Brido, \u00c1frica y Magnum.\u00a0 Cons\u00faltenos el precio.<\/p>\n<div class=\"simplesocialbuttons simplesocial-simple-icons simplesocialbuttons_inline simplesocialbuttons-align-centered post-16837 product  ssb_counter-activate simplesocialbuttons-mobile-hidden simplesocialbuttons-inline-fade-in\"><button class=\"ssb_fbshare-icon\" data-href=\"https:\/\/www.facebook.com\/sharer\/sharer.php?u=https:\/\/mueblesdetena.es\/silla-bea\/\">\u00a0<span class=\"simplesocialtxt\">Share\u00a0<\/span><span class=\"ssb_counter\">0<\/span><\/button>\u00a0<button class=\"ssb_tweet-icon\" data-href=\"https:\/\/twitter.com\/share?text=SILLA+BEA&amp;url=https:\/\/mueblesdetena.es\/silla-bea\/\"><i class=\"simplesocialtxt\">Tweet 0<\/i><\/button>\u00a0<button class=\"ssb_whatsapp-icon simplesocial-whatsapp-share\" data-href=\"https:\/\/web.whatsapp.com\/send?text=https:\/\/mueblesdetena.es\/silla-bea\/\"><span class=\"simplesocialtxt\">Whatsapp<\/span><\/button>\u00a0<button class=\"ssb_email-icon simplesocial-email-share\" data-href=\"mailto:?subject=SILLA+BEA&amp;body=https:\/\/mueblesdetena.es\/silla-bea\/\"><span class=\"simplesocialtxt\">Email<\/span><\/button>\u00a0<button class=\"ssb_linkedin-icon\" data-href=\"https:\/\/www.linkedin.com\/cws\/share?url=https:\/\/mueblesdetena.es\/silla-bea\/\"><span class=\"simplesocialtxt\">Share<\/span><\/button><\/p>\n<div class=\"fb-like ssb-fb-like fb_iframe_widget\" data-href=\"https:\/\/mueblesdetena.es\/silla-bea\/\" data-layout=\"button_count\" data-action=\"like\" data-size=\"small\" data-show-faces=\"false\" data-share=\"false\"><\/div>\n<\/div>","protected":false},"excerpt":{"rendered":"<p>Silla LETI tapizada en tela Belfast. Antimanchas, f\u00e1cil limpieza. Colores disponibles tapizado (negro, gris, pardo, coral, amarillo, menta, verde, azul\u00f3n). Patas disponibles en colores: Blanco, Negro, Piedra, Gris, Cromo brillo, S\u00edmil roble. Altura total 96 cm, ancho 45 cm y fondo 48 cm. Tambi\u00e9n silla tapizada en tela Brido, \u00c1frica y Magnum.\u00a0 Cons\u00faltenos el precio. [&hellip;]<\/p>\n","protected":false},"featured_media":20691,"comment_status":"closed","ping_status":"closed","template":"","meta":{"site-sidebar-layout":"default","site-content-layout":"","ast-site-content-layout":"default","site-content-style":"default","site-sidebar-style":"default","ast-global-header-display":"","ast-banner-title-visibility":"","ast-main-header-display":"","ast-hfb-above-header-display":"","ast-hfb-below-header-display":"","ast-hfb-mobile-header-display":"","site-post-title":"","ast-breadcrumbs-content":"","ast-featured-img":"","footer-sml-layout":"","ast-disable-related-posts":"","theme-transparent-header-meta":"","adv-header-id-meta":"","stick-header-meta":"","header-above-stick-meta":"","header-main-stick-meta":"","header-below-stick-meta":"","astra-migrate-meta-layouts":"default","ast-page-background-enabled":"default","ast-page-background-meta":{"desktop":{"background-color":"var(--ast-global-color-4)","background-image":"","background-repeat":"repeat","background-position":"center center","background-size":"auto","background-attachment":"scroll","background-type":"","background-media":"","overlay-type":"","overlay-color":"","overlay-opacity":"","overlay-gradient":""},"tablet":{"background-color":"","background-image":"","background-repeat":"repeat","background-position":"center center","background-size":"auto","background-attachment":"scroll","background-type":"","background-media":"","overlay-type":"","overlay-color":"","overlay-opacity":"","overlay-gradient":""},"mobile":{"background-color":"","background-image":"","background-repeat":"repeat","background-position":"center center","background-size":"auto","background-attachment":"scroll","background-type":"","background-media":"","overlay-type":"","overlay-color":"","overlay-opacity":"","overlay-gradient":""}},"ast-content-background-meta":{"desktop":{"background-color":"var(--ast-global-color-5)","background-image":"","background-repeat":"repeat","background-position":"center center","background-size":"auto","background-attachment":"scroll","background-type":"","background-media":"","overlay-type":"","overlay-color":"","overlay-opacity":"","overlay-gradient":""},"tablet":{"background-color":"var(--ast-global-color-5)","background-image":"","background-repeat":"repeat","background-position":"center center","background-size":"auto","background-attachment":"scroll","background-type":"","background-media":"","overlay-type":"","overlay-color":"","overlay-opacity":"","overlay-gradient":""},"mobile":{"background-color":"var(--ast-global-color-5)","background-image":"","background-repeat":"repeat","background-position":"center center","background-size":"auto","background-attachment":"scroll","background-type":"","background-media":"","overlay-type":"","overlay-color":"","overlay-opacity":"","overlay-gradient":""}},"_joinchat":[]},"product_brand":[],"product_cat":[281,307],"product_tag":[],"class_list":["post-16844","product","type-product","status-publish","has-post-thumbnail","product_cat-sillas","product_cat-sillas-comedor","desktop-align-center","tablet-align-left","mobile-align-left","ast-product-gallery-layout-vertical-slider","ast-product-tabs-layout-accordion","ast-qv-on-image","first","instock","shipping-taxable","product-type-simple"],"_links":{"self":[{"href":"https:\/\/mueblesdetena.es\/ru_ru\/wp-json\/wp\/v2\/product\/16844","targetHints":{"allow":["GET"]}}],"collection":[{"href":"https:\/\/mueblesdetena.es\/ru_ru\/wp-json\/wp\/v2\/product"}],"about":[{"href":"https:\/\/mueblesdetena.es\/ru_ru\/wp-json\/wp\/v2\/types\/product"}],"replies":[{"embeddable":true,"href":"https:\/\/mueblesdetena.es\/ru_ru\/wp-json\/wp\/v2\/comments?post=16844"}],"version-history":[{"count":1,"href":"https:\/\/mueblesdetena.es\/ru_ru\/wp-json\/wp\/v2\/product\/16844\/revisions"}],"predecessor-version":[{"id":20693,"href":"https:\/\/mueblesdetena.es\/ru_ru\/wp-json\/wp\/v2\/product\/16844\/revisions\/20693"}],"wp:featuredmedia":[{"embeddable":true,"href":"https:\/\/mueblesdetena.es\/ru_ru\/wp-json\/wp\/v2\/media\/20691"}],"wp:attachment":[{"href":"https:\/\/mueblesdetena.es\/ru_ru\/wp-json\/wp\/v2\/media?parent=16844"}],"wp:term":[{"taxonomy":"product_brand","embeddable":true,"href":"https:\/\/mueblesdetena.es\/ru_ru\/wp-json\/wp\/v2\/product_brand?post=16844"},{"taxonomy":"product_cat","embeddable":true,"href":"https:\/\/mueblesdetena.es\/ru_ru\/wp-json\/wp\/v2\/product_cat?post=16844"},{"taxonomy":"product_tag","embeddable":true,"href":"https:\/\/mueblesdetena.es\/ru_ru\/wp-json\/wp\/v2\/product_tag?post=16844"}],"curies":[{"name":"wp","href":"https:\/\/api.w.org\/{rel}","templated":true}]}}

<p>Silla LETI tapizada en tela Belfast. Antimanchas, fácil limpieza. Colores disponibles tapizado (negro, gris, pardo, coral, amarillo, menta, verde, azulón). Patas disponibles en colores: Blanco, Negro, Piedra, Gris, Cromo brillo, Símil roble. Altura total 96 cm, ancho 45 cm y fondo 48 cm.</p>
<p>También silla tapizada en tela Brido, África y Magnum.  Consúltenos el precio.</p>
<div class="simplesocialbuttons simplesocial-simple-icons simplesocialbuttons_inline simplesocialbuttons-align-centered post-16837 product  ssb_counter-activate simplesocialbuttons-mobile-hidden simplesocialbuttons-inline-fade-in"><button class="ssb_fbshare-icon" data-href="https://www.facebook.com/sharer/sharer.php?u=https://mueblesdetena.es/silla-bea/"> <span class="simplesocialtxt">Share </span><span class="ssb_counter">0</span></button> <button class="ssb_tweet-icon" data-href="https://twitter.com/share?text=SILLA+BEA&amp;url=https://mueblesdetena.es/silla-bea/"><i class="simplesocialtxt">Tweet 0</i></button> <button class="ssb_whatsapp-icon simplesocial-whatsapp-share" data-href="https://web.whatsapp.com/send?text=https://mueblesdetena.es/silla-bea/"><span class="simplesocialtxt">Whatsapp</span></button> <button class="ssb_email-icon simplesocial-email-share" data-href="mailto:?subject=SILLA+BEA&amp;body=https://mueblesdetena.es/silla-bea/"><span class="simplesocialtxt">Email</span></button> <button class="ssb_linkedin-icon" data-href="https://www.linkedin.com/cws/share?url=https://mueblesdetena.es/silla-bea/"><span class="simplesocialtxt">Share</span></button></p>
<div class="fb-like ssb-fb-like fb_iframe_widget" data-href="https://mueblesdetena.es/silla-bea/" data-layout="button_count" data-action="like" data-size="small" data-show-faces="false" data-share="false"></div>
</div>

<p>Silla LETI tapizada en tela Belfast. Antimanchas, fácil limpieza. Colores disponibles tapizado (negro, gris, pardo, coral, amarillo, menta, verde, azulón). Patas disponibles en colores: Blanco, Negro, Piedra, Gris, Cromo brillo, Símil roble. Altura total 96 cm, ancho 45 cm y fondo 48 cm. También silla tapizada en tela Brido, África y Magnum.  Consúltenos el precio. [&hellip;]</p>
