{"id":16943,"date":"2023-02-18T10:03:06","date_gmt":"2023-02-18T09:03:06","guid":{"rendered":"https:\/\/mueblesdetena.es\/?post_type=product&#038;p=16943"},"modified":"2026-08-22T07:41:14","modified_gmt":"2026-08-22T05:41:14","slug":"silla-andana-pemi","status":"publish","type":"product","link":"https:\/\/mueblesdetena.es\/ru_ru\/silla-andana-pemi\/","title":{"rendered":"Andana"},"content":{"rendered":"<p>Silla <strong>Andana<\/strong>, de estilo n\u00f3rdico y contempor\u00e1neo, con bastidor fabricado en madera maciza de haya. Su asiento y respaldo tapizados aportan calidez y confort, en un dise\u00f1o singular y ergon\u00f3mico pensado para durar toda la vida. Descubre el resto de nuestras <a href=\"https:\/\/mueblesdetena.es\/ru_ru\/sillas\/\">sillas de comedor<\/a> disponibles en Muebles Detena.<\/p>\n<p>Disponible a tapizar en diferentes acabados y colores, para que puedas elegir la combinaci\u00f3n que mejor encaje con tu comedor.<\/p>\n<p>Medidas: 90 cm de alto x 49 cm de ancho x 45 cm de fondo.<\/p>\n<p>Fabricada por Pemi, empresa espa\u00f1ola l\u00edder en mobiliario de sillas y mesas desde 1976, comprometida activamente con la sostenibilidad tanto en sus procesos productivos como en la elecci\u00f3n de materiales. Producto 100% nacional, fabricado con los m\u00e1s altos est\u00e1ndares de calidad y durabilidad. Combina especialmente bien con nuestras <a href=\"https:\/\/mueblesdetena.es\/ru_ru\/comedores-y-mesas\/\">mesas de comedor<\/a>.<\/p>\n<p>En Muebles Detena te ofrecemos el mejor precio, demostrable frente a cualquier otra tienda.<\/p>\n<h2>Preguntas frecuentes sobre la silla Andana<\/h2>\n<h3>\u00bfDe qu\u00e9 material est\u00e1 fabricada la silla Andana?<\/h3>\n<p>Su bastidor est\u00e1 fabricado en madera maciza de haya, con asiento y respaldo tapizados a elegir en diferentes acabados.<\/p>\n<h3>\u00bfQu\u00e9 medidas tiene la silla Andana?<\/h3>\n<p>Sus medidas son 90 cm de alto x 49 cm de ancho x 45 cm de fondo.<\/p>\n<h3>\u00bfEs un producto de fabricaci\u00f3n nacional?<\/h3>\n<p>S\u00ed, la silla Andana est\u00e1 fabricada por Pemi, empresa 100% espa\u00f1ola con m\u00e1s de 45 a\u00f1os de experiencia en mobiliario de sillas y mesas.<\/p>","protected":false},"excerpt":{"rendered":"<p>Silla Andana de Pemi, de madera maciza de haya, tapizada y de estilo n\u00f3rdico. Producto nacional, para toda la vida, al mejor precio.<\/p>","protected":false},"featured_media":20756,"comment_status":"closed","ping_status":"closed","template":"","meta":{"site-sidebar-layout":"default","site-content-layout":"","ast-site-content-layout":"default","site-content-style":"default","site-sidebar-style":"default","ast-global-header-display":"","ast-banner-title-visibility":"","ast-main-header-display":"","ast-hfb-above-header-display":"","ast-hfb-below-header-display":"","ast-hfb-mobile-header-display":"","site-post-title":"","ast-breadcrumbs-content":"","ast-featured-img":"","footer-sml-layout":"","ast-disable-related-posts":"","theme-transparent-header-meta":"default","adv-header-id-meta":"","stick-header-meta":"default","header-above-stick-meta":"","header-main-stick-meta":"","header-below-stick-meta":"","astra-migrate-meta-layouts":"set","ast-page-background-enabled":"default","ast-page-background-meta":{"desktop":{"background-color":"var(--ast-global-color-4)","background-image":"","background-repeat":"repeat","background-position":"center center","background-size":"auto","background-attachment":"scroll","background-type":"","background-media":"","overlay-type":"","overlay-color":"","overlay-opacity":"","overlay-gradient":""},"tablet":{"background-color":"","background-image":"","background-repeat":"repeat","background-position":"center center","background-size":"auto","background-attachment":"scroll","background-type":"","background-media":"","overlay-type":"","overlay-color":"","overlay-opacity":"","overlay-gradient":""},"mobile":{"background-color":"","background-image":"","background-repeat":"repeat","background-position":"center center","background-size":"auto","background-attachment":"scroll","background-type":"","background-media":"","overlay-type":"","overlay-color":"","overlay-opacity":"","overlay-gradient":""}},"ast-content-background-meta":{"desktop":{"background-color":"var(--ast-global-color-5)","background-image":"","background-repeat":"repeat","background-position":"center center","background-size":"auto","background-attachment":"scroll","background-type":"","background-media":"","overlay-type":"","overlay-color":"","overlay-opacity":"","overlay-gradient":""},"tablet":{"background-color":"var(--ast-global-color-5)","background-image":"","background-repeat":"repeat","background-position":"center center","background-size":"auto","background-attachment":"scroll","background-type":"","background-media":"","overlay-type":"","overlay-color":"","overlay-opacity":"","overlay-gradient":""},"mobile":{"background-color":"var(--ast-global-color-5)","background-image":"","background-repeat":"repeat","background-position":"center center","background-size":"auto","background-attachment":"scroll","background-type":"","background-media":"","overlay-type":"","overlay-color":"","overlay-opacity":"","overlay-gradient":""}},"_joinchat":[]},"product_brand":[],"product_cat":[281,307],"product_tag":[736],"class_list":["post-16943","product","type-product","status-publish","has-post-thumbnail","product_cat-sillas","product_cat-sillas-comedor","product_tag-silla-pemi","desktop-align-center","tablet-align-left","mobile-align-left","ast-product-gallery-layout-vertical-slider","ast-product-tabs-layout-accordion","ast-qv-on-image","first","instock","sale","shipping-taxable","purchasable","product-type-simple"],"_links":{"self":[{"href":"https:\/\/mueblesdetena.es\/ru_ru\/wp-json\/wp\/v2\/product\/16943","targetHints":{"allow":["GET"]}}],"collection":[{"href":"https:\/\/mueblesdetena.es\/ru_ru\/wp-json\/wp\/v2\/product"}],"about":[{"href":"https:\/\/mueblesdetena.es\/ru_ru\/wp-json\/wp\/v2\/types\/product"}],"replies":[{"embeddable":true,"href":"https:\/\/mueblesdetena.es\/ru_ru\/wp-json\/wp\/v2\/comments?post=16943"}],"version-history":[{"count":3,"href":"https:\/\/mueblesdetena.es\/ru_ru\/wp-json\/wp\/v2\/product\/16943\/revisions"}],"predecessor-version":[{"id":48619,"href":"https:\/\/mueblesdetena.es\/ru_ru\/wp-json\/wp\/v2\/product\/16943\/revisions\/48619"}],"wp:featuredmedia":[{"embeddable":true,"href":"https:\/\/mueblesdetena.es\/ru_ru\/wp-json\/wp\/v2\/media\/20756"}],"wp:attachment":[{"href":"https:\/\/mueblesdetena.es\/ru_ru\/wp-json\/wp\/v2\/media?parent=16943"}],"wp:term":[{"taxonomy":"product_brand","embeddable":true,"href":"https:\/\/mueblesdetena.es\/ru_ru\/wp-json\/wp\/v2\/product_brand?post=16943"},{"taxonomy":"product_cat","embeddable":true,"href":"https:\/\/mueblesdetena.es\/ru_ru\/wp-json\/wp\/v2\/product_cat?post=16943"},{"taxonomy":"product_tag","embeddable":true,"href":"https:\/\/mueblesdetena.es\/ru_ru\/wp-json\/wp\/v2\/product_tag?post=16943"}],"curies":[{"name":"wp","href":"https:\/\/api.w.org\/{rel}","templated":true}]}}

<p>Silla <strong>Andana</strong>, de estilo nórdico y contemporáneo, con bastidor fabricado en madera maciza de haya. Su asiento y respaldo tapizados aportan calidez y confort, en un diseño singular y ergonómico pensado para durar toda la vida. Descubre el resto de nuestras <a href="https://mueblesdetena.es/ru_ru/sillas/">sillas de comedor</a> disponibles en Muebles Detena.</p>
<p>Disponible a tapizar en diferentes acabados y colores, para que puedas elegir la combinación que mejor encaje con tu comedor.</p>
<p>Medidas: 90 cm de alto x 49 cm de ancho x 45 cm de fondo.</p>
<p>Fabricada por Pemi, empresa española líder en mobiliario de sillas y mesas desde 1976, comprometida activamente con la sostenibilidad tanto en sus procesos productivos como en la elección de materiales. Producto 100% nacional, fabricado con los más altos estándares de calidad y durabilidad. Combina especialmente bien con nuestras <a href="https://mueblesdetena.es/ru_ru/comedores-y-mesas/">mesas de comedor</a>.</p>
<p>En Muebles Detena te ofrecemos el mejor precio, demostrable frente a cualquier otra tienda.</p>
<h2>Preguntas frecuentes sobre la silla Andana</h2>
<h3>¿De qué material está fabricada la silla Andana?</h3>
<p>Su bastidor está fabricado en madera maciza de haya, con asiento y respaldo tapizados a elegir en diferentes acabados.</p>
<h3>¿Qué medidas tiene la silla Andana?</h3>
<p>Sus medidas son 90 cm de alto x 49 cm de ancho x 45 cm de fondo.</p>
<h3>¿Es un producto de fabricación nacional?</h3>
<p>Sí, la silla Andana está fabricada por Pemi, empresa 100% española con más de 45 años de experiencia en mobiliario de sillas y mesas.</p>

<p>Silla Andana de Pemi, de madera maciza de haya, tapizada y de estilo nórdico. Producto nacional, para toda la vida, al mejor precio.</p>
