{"id":22340,"date":"2023-08-11T10:54:24","date_gmt":"2023-08-11T08:54:24","guid":{"rendered":"https:\/\/mueblesdetena.es\/?post_type=product&#038;p=22340"},"modified":"2026-06-27T08:30:37","modified_gmt":"2026-06-27T06:30:37","slug":"sofa-magnum","status":"publish","type":"product","link":"https:\/\/mueblesdetena.es\/ru_ru\/sofa-magnum\/","title":{"rendered":"SOFA MAGNUM 3 PLAZAS DE 260CMS"},"content":{"rendered":"<p>El Sof\u00e1 Magnum es un sof\u00e1 deslizante de estilo contempor\u00e1neo, sencillo y pr\u00e1ctico.Se trata de un modelo vers\u00e1til utilizable como sof\u00e1-cama gracias a sus asientos deslizantes. Expandi\u00e9ndose f\u00e1cilmente gracias a su sistema de ruedas al suelo, consiguen formar una cama \u00fatil de 96 cm. de ancho por 200 cm. de largo.Opci\u00f3n de brazos deslizantes.<\/p>\n<p>Tambi\u00e9n puede combinarse con otros m\u00f3dulos deslizantes, para hacer de tu sal\u00f3n una estancia original y \u00fanica.<\/p>\n<p>Al estar fabricado con los mejores materiales, es altamente resistente para durar muchos a\u00f1os, sin perder facultades. Se fabrica con brazos de 24 cm. con ba\u00fal integrado, soluci\u00f3n que permite guardar esos peque\u00f1os objetos que necesitamos tener a mano. Dispone de cabezales reclinables que pueden llegar a abatirse hasta 105\u00b0 sin requerir de espacio extra detr\u00e1s y reposapi\u00e9s desplegable para poder estirar las piernas por completo. Otras de las caracter\u00edsticas de este modelo son sus altos respaldos de suave espuma de poliuretano de 25 kg. y su sentada s\u00faper suave con 5 cm. de viscoel\u00e1stica. Adem\u00e1s los asientos y respaldos son desenfundables para favorecer la limpieza del sof\u00e1 Magnum.<\/p>\n<p>Medida de 260,tambi\u00e9n opci\u00f3n de 288-318-348 y 378 cms.<\/p>\n<p>Precio en serie 0.Envio y colocaci\u00f3n opcional 90\u20ac (hasta 15 km).<\/p>\n<p>SOFA MAGNUM 3 PLAZAS DE 260CMS<\/p>","protected":false},"excerpt":{"rendered":"<p>SOFA MAGNUM 3 PLAZAS DE 260CMS<\/p>\n<p>https:\/\/youtu.be\/ElsQp4fMyfs?si=wp3mAg6UJ6yNJ5R6<\/p>","protected":false},"featured_media":42986,"comment_status":"closed","ping_status":"closed","template":"","meta":{"site-sidebar-layout":"default","site-content-layout":"","ast-site-content-layout":"default","site-content-style":"default","site-sidebar-style":"default","ast-global-header-display":"","ast-banner-title-visibility":"","ast-main-header-display":"","ast-hfb-above-header-display":"","ast-hfb-below-header-display":"","ast-hfb-mobile-header-display":"","site-post-title":"","ast-breadcrumbs-content":"","ast-featured-img":"","footer-sml-layout":"","ast-disable-related-posts":"","theme-transparent-header-meta":"default","adv-header-id-meta":"","stick-header-meta":"default","header-above-stick-meta":"","header-main-stick-meta":"","header-below-stick-meta":"","astra-migrate-meta-layouts":"set","ast-page-background-enabled":"default","ast-page-background-meta":{"desktop":{"background-color":"var(--ast-global-color-4)","background-image":"","background-repeat":"repeat","background-position":"center center","background-size":"auto","background-attachment":"scroll","background-type":"","background-media":"","overlay-type":"","overlay-color":"","overlay-opacity":"","overlay-gradient":""},"tablet":{"background-color":"","background-image":"","background-repeat":"repeat","background-position":"center center","background-size":"auto","background-attachment":"scroll","background-type":"","background-media":"","overlay-type":"","overlay-color":"","overlay-opacity":"","overlay-gradient":""},"mobile":{"background-color":"","background-image":"","background-repeat":"repeat","background-position":"center center","background-size":"auto","background-attachment":"scroll","background-type":"","background-media":"","overlay-type":"","overlay-color":"","overlay-opacity":"","overlay-gradient":""}},"ast-content-background-meta":{"desktop":{"background-color":"var(--ast-global-color-5)","background-image":"","background-repeat":"repeat","background-position":"center center","background-size":"auto","background-attachment":"scroll","background-type":"","background-media":"","overlay-type":"","overlay-color":"","overlay-opacity":"","overlay-gradient":""},"tablet":{"background-color":"var(--ast-global-color-5)","background-image":"","background-repeat":"repeat","background-position":"center center","background-size":"auto","background-attachment":"scroll","background-type":"","background-media":"","overlay-type":"","overlay-color":"","overlay-opacity":"","overlay-gradient":""},"mobile":{"background-color":"var(--ast-global-color-5)","background-image":"","background-repeat":"repeat","background-position":"center center","background-size":"auto","background-attachment":"scroll","background-type":"","background-media":"","overlay-type":"","overlay-color":"","overlay-opacity":"","overlay-gradient":""}},"_joinchat":[]},"product_brand":[],"product_cat":[259,280],"product_tag":[793],"class_list":["post-22340","product","type-product","status-publish","has-post-thumbnail","product_cat-sofas-badalona","product_cat-sofas-sin-chaise-longue","product_tag-daria","desktop-align-center","tablet-align-left","mobile-align-left","ast-product-gallery-layout-vertical-slider","ast-product-tabs-layout-accordion","ast-qv-on-image","first","instock","sale","shipping-taxable","purchasable","product-type-simple"],"_links":{"self":[{"href":"https:\/\/mueblesdetena.es\/ru_ru\/wp-json\/wp\/v2\/product\/22340","targetHints":{"allow":["GET"]}}],"collection":[{"href":"https:\/\/mueblesdetena.es\/ru_ru\/wp-json\/wp\/v2\/product"}],"about":[{"href":"https:\/\/mueblesdetena.es\/ru_ru\/wp-json\/wp\/v2\/types\/product"}],"replies":[{"embeddable":true,"href":"https:\/\/mueblesdetena.es\/ru_ru\/wp-json\/wp\/v2\/comments?post=22340"}],"version-history":[{"count":5,"href":"https:\/\/mueblesdetena.es\/ru_ru\/wp-json\/wp\/v2\/product\/22340\/revisions"}],"predecessor-version":[{"id":36321,"href":"https:\/\/mueblesdetena.es\/ru_ru\/wp-json\/wp\/v2\/product\/22340\/revisions\/36321"}],"wp:featuredmedia":[{"embeddable":true,"href":"https:\/\/mueblesdetena.es\/ru_ru\/wp-json\/wp\/v2\/media\/42986"}],"wp:attachment":[{"href":"https:\/\/mueblesdetena.es\/ru_ru\/wp-json\/wp\/v2\/media?parent=22340"}],"wp:term":[{"taxonomy":"product_brand","embeddable":true,"href":"https:\/\/mueblesdetena.es\/ru_ru\/wp-json\/wp\/v2\/product_brand?post=22340"},{"taxonomy":"product_cat","embeddable":true,"href":"https:\/\/mueblesdetena.es\/ru_ru\/wp-json\/wp\/v2\/product_cat?post=22340"},{"taxonomy":"product_tag","embeddable":true,"href":"https:\/\/mueblesdetena.es\/ru_ru\/wp-json\/wp\/v2\/product_tag?post=22340"}],"curies":[{"name":"wp","href":"https:\/\/api.w.org\/{rel}","templated":true}]}}

<p>El Sofá Magnum es un sofá deslizante de estilo contemporáneo, sencillo y práctico.Se trata de un modelo versátil utilizable como sofá-cama gracias a sus asientos deslizantes. Expandiéndose fácilmente gracias a su sistema de ruedas al suelo, consiguen formar una cama útil de 96 cm. de ancho por 200 cm. de largo.Opción de brazos deslizantes.</p>
<p>También puede combinarse con otros módulos deslizantes, para hacer de tu salón una estancia original y única.</p>
<p>Al estar fabricado con los mejores materiales, es altamente resistente para durar muchos años, sin perder facultades. Se fabrica con brazos de 24 cm. con baúl integrado, solución que permite guardar esos pequeños objetos que necesitamos tener a mano. Dispone de cabezales reclinables que pueden llegar a abatirse hasta 105° sin requerir de espacio extra detrás y reposapiés desplegable para poder estirar las piernas por completo. Otras de las características de este modelo son sus altos respaldos de suave espuma de poliuretano de 25 kg. y su sentada súper suave con 5 cm. de viscoelástica. Además los asientos y respaldos son desenfundables para favorecer la limpieza del sofá Magnum.</p>
<p>Medida de 260,también opción de 288-318-348 y 378 cms.</p>
<p>Precio en serie 0.Envio y colocación opcional 90€ (hasta 15 km).</p>
<p>SOFA MAGNUM 3 PLAZAS DE 260CMS</p>
