{"id":22522,"date":"2023-11-10T22:46:08","date_gmt":"2023-11-10T21:46:08","guid":{"rendered":"https:\/\/mueblesdetena.es\/?post_type=product&#038;p=22522"},"modified":"2026-07-05T10:11:31","modified_gmt":"2026-07-05T08:11:31","slug":"litera-con-armario-f-208%c2%a8-2","status":"publish","type":"product","link":"https:\/\/mueblesdetena.es\/ru_ru\/litera-con-armario-f-208%c2%a8-2\/","title":{"rendered":"LITERA CON ARMARIO FORMAS 208"},"content":{"rendered":"<div id=\"product-long-description\">\n<div class=\"inset-foot-info clearfix\">\n<div class=\"html-output\">\n<div data-style=\"text-align: justify;\">Litera en L con canap\u00e9 inferior con apertura lateral, perfecta para guardar todo aquello que no necesites. Adem\u00e1s dispone de una estanter\u00eda muy pr\u00e1ctica. Para colch\u00f3nes de 90 x 190 cm.Con armario de dos puertas batientes de gran capacidad.Envio y montaje opcional 175\u20ac hasta 15 km.<\/div>\n<div data-style=\"text-align: justify;\">Litera:<\/div>\n<\/div>\n<\/div>\n<\/div>\n<div class=\"inset-foot-info-cts\">\n<div class=\"info-product-ct\">\n<div class=\"value\">200 cm de ancho x 173 cm de alto x 104 (119 con escalera) cm de fondo.<br \/>\nHueco libre de suelo a base plana de 135 cm de alto.<br \/>\nCanap\u00e9 con somier con apertura lateral:<br \/>\n116 cm de ancho x 30 cm de alto x 199 cm de fondo.<br \/>\nArmario de 2 puertas:<br \/>\n104 cm de ancho x 173 cm de alto x 104 cm de fondo.<br \/>\nFondo de estantes de 55,5 cm.<\/div>\n<\/div>\n<div class=\"info-product-ct\">\n<div class=\"inset-title h4\">Acabados<\/div>\n<div class=\"value\">Melamina de primera calidad resistente a rayaduras, agrietamientos y manchas.<\/div>\n<\/div>\n<div class=\"info-product-ct\">\n<div class=\"inset-title h4\">Colores y tiradores a elegir.<\/div>\n<div>LITERA CON ARMARIO FORMAS 208<\/div>\n<div><\/div>\n<\/div>\n<\/div>","protected":false},"excerpt":{"rendered":"<p>Puede financiar su compra en c\u00f3modas cuotas si lo prefiere\u00a8<\/p>\n<p>LITERA CON ARMARIO FORMAS 208<\/p>\n<p><img decoding=\"async\" src=\"https:\/\/mueblesdetena.es\/wp-content\/uploads\/2024\/02\/GARA-NEW-detalle-D-03383-04-27-180adl-2.jpg\" \/><\/p>\n<p>Dise\u00f1amos en 3D tu proyecto de modo gratuito.<\/p>","protected":false},"featured_media":21555,"comment_status":"closed","ping_status":"closed","template":"","meta":{"site-sidebar-layout":"default","site-content-layout":"","ast-site-content-layout":"default","site-content-style":"default","site-sidebar-style":"default","ast-global-header-display":"","ast-banner-title-visibility":"","ast-main-header-display":"","ast-hfb-above-header-display":"","ast-hfb-below-header-display":"","ast-hfb-mobile-header-display":"","site-post-title":"","ast-breadcrumbs-content":"","ast-featured-img":"","footer-sml-layout":"","ast-disable-related-posts":"","theme-transparent-header-meta":"default","adv-header-id-meta":"","stick-header-meta":"default","header-above-stick-meta":"","header-main-stick-meta":"","header-below-stick-meta":"","astra-migrate-meta-layouts":"set","ast-page-background-enabled":"default","ast-page-background-meta":{"desktop":{"background-color":"var(--ast-global-color-4)","background-image":"","background-repeat":"repeat","background-position":"center center","background-size":"auto","background-attachment":"scroll","background-type":"","background-media":"","overlay-type":"","overlay-color":"","overlay-opacity":"","overlay-gradient":""},"tablet":{"background-color":"","background-image":"","background-repeat":"repeat","background-position":"center center","background-size":"auto","background-attachment":"scroll","background-type":"","background-media":"","overlay-type":"","overlay-color":"","overlay-opacity":"","overlay-gradient":""},"mobile":{"background-color":"","background-image":"","background-repeat":"repeat","background-position":"center center","background-size":"auto","background-attachment":"scroll","background-type":"","background-media":"","overlay-type":"","overlay-color":"","overlay-opacity":"","overlay-gradient":""}},"ast-content-background-meta":{"desktop":{"background-color":"var(--ast-global-color-5)","background-image":"","background-repeat":"repeat","background-position":"center center","background-size":"auto","background-attachment":"scroll","background-type":"","background-media":"","overlay-type":"","overlay-color":"","overlay-opacity":"","overlay-gradient":""},"tablet":{"background-color":"var(--ast-global-color-5)","background-image":"","background-repeat":"repeat","background-position":"center center","background-size":"auto","background-attachment":"scroll","background-type":"","background-media":"","overlay-type":"","overlay-color":"","overlay-opacity":"","overlay-gradient":""},"mobile":{"background-color":"var(--ast-global-color-5)","background-image":"","background-repeat":"repeat","background-position":"center center","background-size":"auto","background-attachment":"scroll","background-type":"","background-media":"","overlay-type":"","overlay-color":"","overlay-opacity":"","overlay-gradient":""}},"_joinchat":[]},"product_brand":[],"product_cat":[293,285,257,256,273],"product_tag":[1378,785,786,787],"class_list":["post-22522","product","type-product","status-publish","has-post-thumbnail","product_cat-cama-alta","product_cat-composiciones-juveniles","product_cat-estructura-madera","product_cat-literas","product_cat-muebles-juveniles","product_tag-index","product_tag-pbadal","product_tag-rpep","product_tag-ruben","desktop-align-center","tablet-align-left","mobile-align-left","ast-product-gallery-layout-vertical-slider","ast-product-tabs-layout-accordion","ast-qv-on-image","first","instock","sale","shipping-taxable","purchasable","product-type-simple"],"_links":{"self":[{"href":"https:\/\/mueblesdetena.es\/ru_ru\/wp-json\/wp\/v2\/product\/22522","targetHints":{"allow":["GET"]}}],"collection":[{"href":"https:\/\/mueblesdetena.es\/ru_ru\/wp-json\/wp\/v2\/product"}],"about":[{"href":"https:\/\/mueblesdetena.es\/ru_ru\/wp-json\/wp\/v2\/types\/product"}],"replies":[{"embeddable":true,"href":"https:\/\/mueblesdetena.es\/ru_ru\/wp-json\/wp\/v2\/comments?post=22522"}],"version-history":[{"count":6,"href":"https:\/\/mueblesdetena.es\/ru_ru\/wp-json\/wp\/v2\/product\/22522\/revisions"}],"predecessor-version":[{"id":47402,"href":"https:\/\/mueblesdetena.es\/ru_ru\/wp-json\/wp\/v2\/product\/22522\/revisions\/47402"}],"wp:featuredmedia":[{"embeddable":true,"href":"https:\/\/mueblesdetena.es\/ru_ru\/wp-json\/wp\/v2\/media\/21555"}],"wp:attachment":[{"href":"https:\/\/mueblesdetena.es\/ru_ru\/wp-json\/wp\/v2\/media?parent=22522"}],"wp:term":[{"taxonomy":"product_brand","embeddable":true,"href":"https:\/\/mueblesdetena.es\/ru_ru\/wp-json\/wp\/v2\/product_brand?post=22522"},{"taxonomy":"product_cat","embeddable":true,"href":"https:\/\/mueblesdetena.es\/ru_ru\/wp-json\/wp\/v2\/product_cat?post=22522"},{"taxonomy":"product_tag","embeddable":true,"href":"https:\/\/mueblesdetena.es\/ru_ru\/wp-json\/wp\/v2\/product_tag?post=22522"}],"curies":[{"name":"wp","href":"https:\/\/api.w.org\/{rel}","templated":true}]}}

<div id="product-long-description">
<div class="inset-foot-info clearfix">
<div class="html-output">
<div data-style="text-align: justify;">Litera en L con canapé inferior con apertura lateral, perfecta para guardar todo aquello que no necesites. Además dispone de una estantería muy práctica. Para colchónes de 90 x 190 cm.Con armario de dos puertas batientes de gran capacidad.Envio y montaje opcional 175€ hasta 15 km.</div>
<div data-style="text-align: justify;">Litera:</div>
</div>
</div>
</div>
<div class="inset-foot-info-cts">
<div class="info-product-ct">
<div class="value">200 cm de ancho x 173 cm de alto x 104 (119 con escalera) cm de fondo.<br />
Hueco libre de suelo a base plana de 135 cm de alto.<br />
Canapé con somier con apertura lateral:<br />
116 cm de ancho x 30 cm de alto x 199 cm de fondo.<br />
Armario de 2 puertas:<br />
104 cm de ancho x 173 cm de alto x 104 cm de fondo.<br />
Fondo de estantes de 55,5 cm.</div>
</div>
<div class="info-product-ct">
<div class="inset-title h4">Acabados</div>
<div class="value">Melamina de primera calidad resistente a rayaduras, agrietamientos y manchas.</div>
</div>
<div class="info-product-ct">
<div class="inset-title h4">Colores y tiradores a elegir.</div>
<div>LITERA CON ARMARIO FORMAS 208</div>
<div></div>
</div>
</div>

<p>Puede financiar su compra en cómodas cuotas si lo prefiere¨</p>
<p>LITERA CON ARMARIO FORMAS 208</p>
<p><img decoding="async" src="https://mueblesdetena.es/wp-content/uploads/2024/02/GARA-NEW-detalle-D-03383-04-27-180adl-2.jpg" /></p>
<p>Diseñamos en 3D tu proyecto de modo gratuito.</p>
