{"id":22813,"date":"2024-02-10T22:30:11","date_gmt":"2024-02-10T21:30:11","guid":{"rendered":"https:\/\/mueblesdetena.es\/?post_type=product&#038;p=22813"},"modified":"2026-08-20T21:08:04","modified_gmt":"2026-08-20T19:08:04","slug":"mesa-de-comedor-kz%c2%a8","status":"publish","type":"product","link":"https:\/\/mueblesdetena.es\/ru_ru\/mesa-de-comedor-kz%c2%a8\/","title":{"rendered":"MESA DE COMEDOR KZ."},"content":{"rendered":"<h2 data-start=\"284\" data-end=\"366\">Mesa de comedor redonda KZ en Badalona \u2013 Dise\u00f1o moderno y acabados de alta gama<\/h2>\n<p data-start=\"368\" data-end=\"574\">\u0412 <strong data-start=\"371\" data-end=\"423\">Muebles Detena, tu tienda de muebles en Badalona<\/strong>, te presentamos la <strong data-start=\"443\" data-end=\"473\">mesa de comedor redonda KZ<\/strong>, una pieza de plena actualidad que cada vez est\u00e1 m\u00e1s presente en los comedores modernos de Catalu\u00f1a.<\/p>\n<p data-start=\"576\" data-end=\"762\">Su dise\u00f1o elegante combina funcionalidad y est\u00e9tica, con <strong data-start=\"633\" data-end=\"715\">superficies disponibles en acabados de piedra, madera, lacados y efecto piedra<\/strong>, adapt\u00e1ndose a diferentes estilos decorativos.<\/p>\n<h3 data-start=\"764\" data-end=\"795\">Caracter\u00edsticas principales<\/h3>\n<ul data-start=\"797\" data-end=\"1069\">\n<li data-start=\"797\" data-end=\"894\">\n<p data-start=\"799\" data-end=\"894\">Sobre ultrafino de <strong data-start=\"818\" data-end=\"851\">2 cm con chafl\u00e1n y canto fino<\/strong>, para un acabado m\u00e1s sutil y sofisticado<\/p>\n<\/li>\n<li data-start=\"895\" data-end=\"936\">\n<p data-start=\"897\" data-end=\"936\">Opciones de grosor de <strong data-start=\"919\" data-end=\"934\">4 cm y 8 cm<\/strong><\/p>\n<\/li>\n<li data-start=\"937\" data-end=\"1015\">\n<p data-start=\"939\" data-end=\"1015\">Pata super reforzada con <strong data-start=\"964\" data-end=\"991\">dise\u00f1o franc\u00e9s en acero<\/strong>, estable y resistente<\/p>\n<\/li>\n<li data-start=\"1016\" data-end=\"1069\">\n<p data-start=\"1018\" data-end=\"1069\">Producto de <strong data-start=\"1030\" data-end=\"1069\">gama alta con acabados inmejorables<\/strong><\/p>\n<\/li>\n<\/ul>\n<h3 data-start=\"1071\" data-end=\"1094\">Medidas disponibles<\/h3>\n<ul data-start=\"1096\" data-end=\"1161\">\n<li data-start=\"1096\" data-end=\"1129\">\n<p data-start=\"1098\" data-end=\"1129\">Di\u00e1metro 90 cm \u2013 Altura 74 cm<\/p>\n<\/li>\n<li data-start=\"1130\" data-end=\"1161\">\n<p data-start=\"1132\" data-end=\"1161\">Opciones en 120 cm y 140 cm<\/p>\n<\/li>\n<\/ul>\n<h3 data-start=\"1351\" data-end=\"1396\">Env\u00edo y montaje en Badalona y alrededores<\/h3>\n<p data-start=\"1398\" data-end=\"1476\">Servicio opcional de <strong data-start=\"1419\" data-end=\"1475\">env\u00edo y montaje por 80\u20ac (hasta 15 km desde Badalona)<\/strong>.<\/p>\n<p data-start=\"1478\" data-end=\"1550\">\u2714 Entregas solo en Catalu\u00f1a<br data-start=\"1505\" data-end=\"1508\" \/>\u2718 No realizamos env\u00edos fuera de Catalu\u00f1a<\/p>\n<hr data-start=\"1552\" data-end=\"1555\" \/>\n<p data-start=\"1557\" data-end=\"1701\">Si buscas una <strong data-start=\"1571\" data-end=\"1628\">mesa redonda moderna en Badalona con acabados premium<\/strong>, ven a visitarnos y descubre esta propuesta exclusiva para tu comedor.<\/p>\n<div class=\"simplesocialbuttons simplesocial-simple-icons simplesocialbuttons_inline simplesocialbuttons-align-centered post-19103 product ssb_counter-activate simplesocialbuttons-mobile-hidden simplesocialbuttons-inline-fade-in\"><\/div>","protected":false},"excerpt":{"rendered":"<p>Mesa de comedor redonda KZ de dise\u00f1o actual, ideal para espacios modernos. Disponible en acabados de madera, piedra, lacados y efecto piedra. Sobre ultrafino de 2 cm con chafl\u00e1n y opci\u00f3n en 4 y 8 cm. Pata reforzada de acero con dise\u00f1o franc\u00e9s. Medidas de 90, 120 y 140 cm. Env\u00edo y montajeopcional 80\u20ac hasta 15 km. Solo entregas en Catalu\u00f1a.<\/p>","protected":false},"featured_media":44080,"comment_status":"closed","ping_status":"closed","template":"","meta":{"site-sidebar-layout":"default","site-content-layout":"","ast-site-content-layout":"default","site-content-style":"default","site-sidebar-style":"default","ast-global-header-display":"","ast-banner-title-visibility":"","ast-main-header-display":"","ast-hfb-above-header-display":"","ast-hfb-below-header-display":"","ast-hfb-mobile-header-display":"","site-post-title":"","ast-breadcrumbs-content":"","ast-featured-img":"","footer-sml-layout":"","ast-disable-related-posts":"","theme-transparent-header-meta":"default","adv-header-id-meta":"","stick-header-meta":"default","header-above-stick-meta":"","header-main-stick-meta":"","header-below-stick-meta":"","astra-migrate-meta-layouts":"set","ast-page-background-enabled":"default","ast-page-background-meta":{"desktop":{"background-color":"var(--ast-global-color-4)","background-image":"","background-repeat":"repeat","background-position":"center center","background-size":"auto","background-attachment":"scroll","background-type":"","background-media":"","overlay-type":"","overlay-color":"","overlay-opacity":"","overlay-gradient":""},"tablet":{"background-color":"","background-image":"","background-repeat":"repeat","background-position":"center center","background-size":"auto","background-attachment":"scroll","background-type":"","background-media":"","overlay-type":"","overlay-color":"","overlay-opacity":"","overlay-gradient":""},"mobile":{"background-color":"","background-image":"","background-repeat":"repeat","background-position":"center center","background-size":"auto","background-attachment":"scroll","background-type":"","background-media":"","overlay-type":"","overlay-color":"","overlay-opacity":"","overlay-gradient":""}},"ast-content-background-meta":{"desktop":{"background-color":"var(--ast-global-color-5)","background-image":"","background-repeat":"repeat","background-position":"center center","background-size":"auto","background-attachment":"scroll","background-type":"","background-media":"","overlay-type":"","overlay-color":"","overlay-opacity":"","overlay-gradient":""},"tablet":{"background-color":"var(--ast-global-color-5)","background-image":"","background-repeat":"repeat","background-position":"center center","background-size":"auto","background-attachment":"scroll","background-type":"","background-media":"","overlay-type":"","overlay-color":"","overlay-opacity":"","overlay-gradient":""},"mobile":{"background-color":"var(--ast-global-color-5)","background-image":"","background-repeat":"repeat","background-position":"center center","background-size":"auto","background-attachment":"scroll","background-type":"","background-media":"","overlay-type":"","overlay-color":"","overlay-opacity":"","overlay-gradient":""}},"_joinchat":[]},"product_brand":[],"product_cat":[297,828,831],"product_tag":[1378,788,787],"class_list":["post-22813","product","type-product","status-publish","has-post-thumbnail","product_cat-mesas","product_cat-mesas-de-comedor","product_cat-mesas-de-comedor-fijas","product_tag-index","product_tag-kenet","product_tag-ruben","desktop-align-center","tablet-align-left","mobile-align-left","ast-product-gallery-layout-vertical-slider","ast-product-tabs-layout-accordion","ast-qv-on-image","first","instock","sale","shipping-taxable","purchasable","product-type-simple"],"_links":{"self":[{"href":"https:\/\/mueblesdetena.es\/ru_ru\/wp-json\/wp\/v2\/product\/22813","targetHints":{"allow":["GET"]}}],"collection":[{"href":"https:\/\/mueblesdetena.es\/ru_ru\/wp-json\/wp\/v2\/product"}],"about":[{"href":"https:\/\/mueblesdetena.es\/ru_ru\/wp-json\/wp\/v2\/types\/product"}],"replies":[{"embeddable":true,"href":"https:\/\/mueblesdetena.es\/ru_ru\/wp-json\/wp\/v2\/comments?post=22813"}],"version-history":[{"count":4,"href":"https:\/\/mueblesdetena.es\/ru_ru\/wp-json\/wp\/v2\/product\/22813\/revisions"}],"predecessor-version":[{"id":44084,"href":"https:\/\/mueblesdetena.es\/ru_ru\/wp-json\/wp\/v2\/product\/22813\/revisions\/44084"}],"wp:featuredmedia":[{"embeddable":true,"href":"https:\/\/mueblesdetena.es\/ru_ru\/wp-json\/wp\/v2\/media\/44080"}],"wp:attachment":[{"href":"https:\/\/mueblesdetena.es\/ru_ru\/wp-json\/wp\/v2\/media?parent=22813"}],"wp:term":[{"taxonomy":"product_brand","embeddable":true,"href":"https:\/\/mueblesdetena.es\/ru_ru\/wp-json\/wp\/v2\/product_brand?post=22813"},{"taxonomy":"product_cat","embeddable":true,"href":"https:\/\/mueblesdetena.es\/ru_ru\/wp-json\/wp\/v2\/product_cat?post=22813"},{"taxonomy":"product_tag","embeddable":true,"href":"https:\/\/mueblesdetena.es\/ru_ru\/wp-json\/wp\/v2\/product_tag?post=22813"}],"curies":[{"name":"wp","href":"https:\/\/api.w.org\/{rel}","templated":true}]}}

<h2 data-start="284" data-end="366">Mesa de comedor redonda KZ en Badalona – Diseño moderno y acabados de alta gama</h2>
<p data-start="368" data-end="574">В <strong data-start="371" data-end="423">Muebles Detena, tu tienda de muebles en Badalona</strong>, te presentamos la <strong data-start="443" data-end="473">mesa de comedor redonda KZ</strong>, una pieza de plena actualidad que cada vez está más presente en los comedores modernos de Cataluña.</p>
<p data-start="576" data-end="762">Su diseño elegante combina funcionalidad y estética, con <strong data-start="633" data-end="715">superficies disponibles en acabados de piedra, madera, lacados y efecto piedra</strong>, adaptándose a diferentes estilos decorativos.</p>
<h3 data-start="764" data-end="795">Características principales</h3>
<ul data-start="797" data-end="1069">
<li data-start="797" data-end="894">
<p data-start="799" data-end="894">Sobre ultrafino de <strong data-start="818" data-end="851">2 cm con chaflán y canto fino</strong>, para un acabado más sutil y sofisticado</p>
</li>
<li data-start="895" data-end="936">
<p data-start="897" data-end="936">Opciones de grosor de <strong data-start="919" data-end="934">4 cm y 8 cm</strong></p>
</li>
<li data-start="937" data-end="1015">
<p data-start="939" data-end="1015">Pata super reforzada con <strong data-start="964" data-end="991">diseño francés en acero</strong>, estable y resistente</p>
</li>
<li data-start="1016" data-end="1069">
<p data-start="1018" data-end="1069">Producto de <strong data-start="1030" data-end="1069">gama alta con acabados inmejorables</strong></p>
</li>
</ul>
<h3 data-start="1071" data-end="1094">Medidas disponibles</h3>
<ul data-start="1096" data-end="1161">
<li data-start="1096" data-end="1129">
<p data-start="1098" data-end="1129">Diámetro 90 cm – Altura 74 cm</p>
</li>
<li data-start="1130" data-end="1161">
<p data-start="1132" data-end="1161">Opciones en 120 cm y 140 cm</p>
</li>
</ul>
<h3 data-start="1351" data-end="1396">Envío y montaje en Badalona y alrededores</h3>
<p data-start="1398" data-end="1476">Servicio opcional de <strong data-start="1419" data-end="1475">envío y montaje por 80€ (hasta 15 km desde Badalona)</strong>.</p>
<p data-start="1478" data-end="1550">✔ Entregas solo en Cataluña<br data-start="1505" data-end="1508" />✘ No realizamos envíos fuera de Cataluña</p>
<hr data-start="1552" data-end="1555" />
<p data-start="1557" data-end="1701">Si buscas una <strong data-start="1571" data-end="1628">mesa redonda moderna en Badalona con acabados premium</strong>, ven a visitarnos y descubre esta propuesta exclusiva para tu comedor.</p>
<div class="simplesocialbuttons simplesocial-simple-icons simplesocialbuttons_inline simplesocialbuttons-align-centered post-19103 product ssb_counter-activate simplesocialbuttons-mobile-hidden simplesocialbuttons-inline-fade-in"></div>

<p>Mesa de comedor redonda KZ de diseño actual, ideal para espacios modernos. Disponible en acabados de madera, piedra, lacados y efecto piedra. Sobre ultrafino de 2 cm con chaflán y opción en 4 y 8 cm. Pata reforzada de acero con diseño francés. Medidas de 90, 120 y 140 cm. Envío y montajeopcional 80€ hasta 15 km. Solo entregas en Cataluña.</p>
