{"id":31422,"date":"2024-07-13T12:36:46","date_gmt":"2024-07-13T10:36:46","guid":{"rendered":"https:\/\/mueblesdetena.es\/?post_type=product&#038;p=31422"},"modified":"2026-08-01T16:04:42","modified_gmt":"2026-08-01T14:04:42","slug":"litera-con-cajones-ybn6%c2%a8","status":"publish","type":"product","link":"https:\/\/mueblesdetena.es\/ru_ru\/litera-con-cajones-ybn6%c2%a8\/","title":{"rendered":"LITERA CON CAJONES YBN6"},"content":{"rendered":"<h2>LITERA JUVENIL YBN6 CON CAJONES<\/h2>\n<p>Litera juvenil con 3 contenedores inferiores con gu\u00edas met\u00e1licas, ideal para <a href=\"https:\/\/mueblesdetena.es\/ru_ru\/muebles-juveniles\/\">habitaciones juveniles<\/a>. Refuerzo met\u00e1lico superior para mayor durabilidad. Colchones no incluidos.<\/p>\n<h3>MEDIDAS DE COLCH\u00d3N<\/h3>\n<p>Preparada para colch\u00f3n de 80\u00d7180 cm, con otras medidas disponibles: 80\u00d7190, 90\u00d7180 y 90\u00d7190. Para largo de 2 metros, suplemento de 50\u20ac.<\/p>\n<h3>CARACTER\u00cdSTICAS<\/h3>\n<p>Incluye baranda y escalera met\u00e1lica. Altura total: 186 cm. Amplio espacio entre camas: 120 cm. Largo total: 191 cm. Fondo: 90 cm. Diferentes opciones de color y tirador.<\/p>\n<h3>OPCIONAL<\/h3>\n<p>M\u00f3dulo de escalera lateral de 42 cm de ancho, opcional por 410\u20ac.<\/p>\n<h3>SERVICIO DE TRANSPORTE Y MONTAJE<\/h3>\n<p>Transporte y montaje opcional por 110\u20ac (hasta 15 km).<\/p>\n<h3>\u00bfQu\u00e9 medidas de colch\u00f3n admite?<\/h3>\n<p>80\u00d7180 cm de base, con opciones de 80\u00d7190, 90\u00d7180, 90\u00d7190 y 2 metros de largo (+50\u20ac).<\/p>\n<h3>\u00bfCu\u00e1nto espacio hay entre las camas?<\/h3>\n<p>120 cm de espacio libre entre la cama superior e inferior.<\/p>\n<h3>\u00bfSe puede a\u00f1adir una escalera lateral?<\/h3>\n<p>S\u00ed, hay un m\u00f3dulo opcional de escalera lateral de 42 cm de ancho por 410\u20ac.<\/p>\n<h3>\u00bfCu\u00e1nto cuesta el transporte y montaje?<\/h3>\n<p>110\u20ac para hasta 15 km de distancia.<\/p>","protected":false},"excerpt":{"rendered":"<p>Dise\u00f1amos en 3D tu proyecto de modo gratuito.<\/p>","protected":false},"featured_media":31423,"comment_status":"closed","ping_status":"closed","template":"","meta":{"site-sidebar-layout":"default","site-content-layout":"","ast-site-content-layout":"default","site-content-style":"default","site-sidebar-style":"default","ast-global-header-display":"","ast-banner-title-visibility":"","ast-main-header-display":"","ast-hfb-above-header-display":"","ast-hfb-below-header-display":"","ast-hfb-mobile-header-display":"","site-post-title":"","ast-breadcrumbs-content":"","ast-featured-img":"","footer-sml-layout":"","ast-disable-related-posts":"","theme-transparent-header-meta":"default","adv-header-id-meta":"","stick-header-meta":"default","header-above-stick-meta":"","header-main-stick-meta":"","header-below-stick-meta":"","astra-migrate-meta-layouts":"set","ast-page-background-enabled":"default","ast-page-background-meta":{"desktop":{"background-color":"var(--ast-global-color-4)","background-image":"","background-repeat":"repeat","background-position":"center center","background-size":"auto","background-attachment":"scroll","background-type":"","background-media":"","overlay-type":"","overlay-color":"","overlay-opacity":"","overlay-gradient":""},"tablet":{"background-color":"","background-image":"","background-repeat":"repeat","background-position":"center center","background-size":"auto","background-attachment":"scroll","background-type":"","background-media":"","overlay-type":"","overlay-color":"","overlay-opacity":"","overlay-gradient":""},"mobile":{"background-color":"","background-image":"","background-repeat":"repeat","background-position":"center center","background-size":"auto","background-attachment":"scroll","background-type":"","background-media":"","overlay-type":"","overlay-color":"","overlay-opacity":"","overlay-gradient":""}},"ast-content-background-meta":{"desktop":{"background-color":"var(--ast-global-color-5)","background-image":"","background-repeat":"repeat","background-position":"center center","background-size":"auto","background-attachment":"scroll","background-type":"","background-media":"","overlay-type":"","overlay-color":"","overlay-opacity":"","overlay-gradient":""},"tablet":{"background-color":"var(--ast-global-color-5)","background-image":"","background-repeat":"repeat","background-position":"center center","background-size":"auto","background-attachment":"scroll","background-type":"","background-media":"","overlay-type":"","overlay-color":"","overlay-opacity":"","overlay-gradient":""},"mobile":{"background-color":"var(--ast-global-color-5)","background-image":"","background-repeat":"repeat","background-position":"center center","background-size":"auto","background-attachment":"scroll","background-type":"","background-media":"","overlay-type":"","overlay-color":"","overlay-opacity":"","overlay-gradient":""}},"_joinchat":[]},"product_brand":[],"product_cat":[273,285,257,256],"product_tag":[1378,786],"class_list":["post-31422","product","type-product","status-publish","has-post-thumbnail","product_cat-muebles-juveniles","product_cat-composiciones-juveniles","product_cat-estructura-madera","product_cat-literas","product_tag-index","product_tag-rpep","desktop-align-center","tablet-align-left","mobile-align-left","ast-product-gallery-layout-vertical-slider","ast-product-tabs-layout-accordion","ast-qv-on-image","first","instock","sale","shipping-taxable","purchasable","product-type-simple"],"_links":{"self":[{"href":"https:\/\/mueblesdetena.es\/ru_ru\/wp-json\/wp\/v2\/product\/31422","targetHints":{"allow":["GET"]}}],"collection":[{"href":"https:\/\/mueblesdetena.es\/ru_ru\/wp-json\/wp\/v2\/product"}],"about":[{"href":"https:\/\/mueblesdetena.es\/ru_ru\/wp-json\/wp\/v2\/types\/product"}],"replies":[{"embeddable":true,"href":"https:\/\/mueblesdetena.es\/ru_ru\/wp-json\/wp\/v2\/comments?post=31422"}],"version-history":[{"count":5,"href":"https:\/\/mueblesdetena.es\/ru_ru\/wp-json\/wp\/v2\/product\/31422\/revisions"}],"predecessor-version":[{"id":48192,"href":"https:\/\/mueblesdetena.es\/ru_ru\/wp-json\/wp\/v2\/product\/31422\/revisions\/48192"}],"wp:featuredmedia":[{"embeddable":true,"href":"https:\/\/mueblesdetena.es\/ru_ru\/wp-json\/wp\/v2\/media\/31423"}],"wp:attachment":[{"href":"https:\/\/mueblesdetena.es\/ru_ru\/wp-json\/wp\/v2\/media?parent=31422"}],"wp:term":[{"taxonomy":"product_brand","embeddable":true,"href":"https:\/\/mueblesdetena.es\/ru_ru\/wp-json\/wp\/v2\/product_brand?post=31422"},{"taxonomy":"product_cat","embeddable":true,"href":"https:\/\/mueblesdetena.es\/ru_ru\/wp-json\/wp\/v2\/product_cat?post=31422"},{"taxonomy":"product_tag","embeddable":true,"href":"https:\/\/mueblesdetena.es\/ru_ru\/wp-json\/wp\/v2\/product_tag?post=31422"}],"curies":[{"name":"wp","href":"https:\/\/api.w.org\/{rel}","templated":true}]}}

<h2>LITERA JUVENIL YBN6 CON CAJONES</h2>
<p>Litera juvenil con 3 contenedores inferiores con guías metálicas, ideal para <a href="https://mueblesdetena.es/ru_ru/muebles-juveniles/">habitaciones juveniles</a>. Refuerzo metálico superior para mayor durabilidad. Colchones no incluidos.</p>
<h3>MEDIDAS DE COLCHÓN</h3>
<p>Preparada para colchón de 80×180 cm, con otras medidas disponibles: 80×190, 90×180 y 90×190. Para largo de 2 metros, suplemento de 50€.</p>
<h3>CARACTERÍSTICAS</h3>
<p>Incluye baranda y escalera metálica. Altura total: 186 cm. Amplio espacio entre camas: 120 cm. Largo total: 191 cm. Fondo: 90 cm. Diferentes opciones de color y tirador.</p>
<h3>OPCIONAL</h3>
<p>Módulo de escalera lateral de 42 cm de ancho, opcional por 410€.</p>
<h3>SERVICIO DE TRANSPORTE Y MONTAJE</h3>
<p>Transporte y montaje opcional por 110€ (hasta 15 km).</p>
<h3>¿Qué medidas de colchón admite?</h3>
<p>80×180 cm de base, con opciones de 80×190, 90×180, 90×190 y 2 metros de largo (+50€).</p>
<h3>¿Cuánto espacio hay entre las camas?</h3>
<p>120 cm de espacio libre entre la cama superior e inferior.</p>
<h3>¿Se puede añadir una escalera lateral?</h3>
<p>Sí, hay un módulo opcional de escalera lateral de 42 cm de ancho por 410€.</p>
<h3>¿Cuánto cuesta el transporte y montaje?</h3>
<p>110€ para hasta 15 km de distancia.</p>

<p>Diseñamos en 3D tu proyecto de modo gratuito.</p>
