{"id":31487,"date":"2024-07-15T23:06:57","date_gmt":"2024-07-15T21:06:57","guid":{"rendered":"https:\/\/mueblesdetena.es\/?post_type=product&#038;p=31487"},"modified":"2026-07-05T11:41:51","modified_gmt":"2026-07-05T09:41:51","slug":"armario-de-6-puertas-emotion29%c2%a8","status":"publish","type":"product","link":"https:\/\/mueblesdetena.es\/ru_ru\/armario-de-6-puertas-emotion29%c2%a8\/","title":{"rendered":"ARMARIO DE 6 PUERTAS EMOTION29"},"content":{"rendered":"<p data-start=\"106\" data-end=\"177\"><strong data-start=\"106\" data-end=\"177\">Armario de 6 puertas en Badalona \u2013 Gran capacidad | Muebles Detena<\/strong><\/p>\n<p data-start=\"179\" data-end=\"433\">Descubre este <strong data-start=\"193\" data-end=\"223\">armario de 6 puertas lisas<\/strong> ideal para dormitorios que necesitan <strong data-start=\"261\" data-end=\"295\">m\u00e1xima capacidad de almacenaje<\/strong> sin renunciar al dise\u00f1o. En <strong data-start=\"324\" data-end=\"343\">Muebles Detena<\/strong>, te ofrecemos muebles de alta calidad con excelentes acabados y opciones personalizables.<\/p>\n<p data-start=\"435\" data-end=\"682\">Este armario cuenta con un interior funcional que incluye <strong data-start=\"493\" data-end=\"530\">6 estantes y 3 barras para colgar<\/strong>,con bisagras\u00a0 con sistema de autocierre perfecto para organizar ropa de forma pr\u00e1ctica. Adem\u00e1s, puedes <strong data-start=\"595\" data-end=\"659\">personalizar tanto los colores como la distribuci\u00f3n interior<\/strong> seg\u00fan tus necesidades.<\/p>\n<h3 data-section-id=\"131v4uz\" data-start=\"684\" data-end=\"716\">Caracter\u00edsticas principales:<\/h3>\n<ul data-start=\"717\" data-end=\"983\">\n<li data-section-id=\"acf937\" data-start=\"717\" data-end=\"776\">Medidas: <strong data-start=\"728\" data-end=\"774\">270 cm ancho x 220 cm alto x 54,5 cm fondo<\/strong><\/li>\n<li data-section-id=\"7cyxqe\" data-start=\"777\" data-end=\"845\">Opciones disponibles: <strong data-start=\"801\" data-end=\"821\">altura de 240 cm<\/strong> y <strong data-start=\"824\" data-end=\"843\">ancho de 300 cm<\/strong><\/li>\n<li data-section-id=\"p1m6sv\" data-start=\"846\" data-end=\"886\">Dise\u00f1o moderno con <strong data-start=\"867\" data-end=\"884\">puertas lisas<\/strong><\/li>\n<li data-section-id=\"1jomcnu\" data-start=\"887\" data-end=\"943\">Interior configurable (ver distribuci\u00f3n en im\u00e1genes)<\/li>\n<li data-section-id=\"sr1mo3\" data-start=\"944\" data-end=\"983\">Amplia variedad de colores a elegir<\/li>\n<li data-section-id=\"sr1mo3\" data-start=\"944\" data-end=\"983\">Color interior del armario Lino<\/li>\n<\/ul>\n<h3 data-section-id=\"1sd2ru9\" data-start=\"985\" data-end=\"999\">Servicios:<\/h3>\n<ul data-start=\"1000\" data-end=\"1065\">\n<li data-section-id=\"11bzf8x\" data-start=\"1000\" data-end=\"1065\"><strong data-start=\"1002\" data-end=\"1030\">Env\u00edo y montaje opcional<\/strong>: 120\u20ac (hasta 15 km desde Badalona)<\/li>\n<\/ul>\n<p data-start=\"1067\" data-end=\"1174\">Ideal si buscas un <strong data-start=\"1086\" data-end=\"1116\">armario grande en Badalona<\/strong>, con dise\u00f1o elegante y gran capacidad para tu dormitorio.<\/p>\n<p data-start=\"1067\" data-end=\"1174\">ARMARIO DE 6 PUERTAS EMOTION29<\/p>","protected":false},"excerpt":{"rendered":"<div class=\"flex flex-col text-sm pb-25\">\n<section class=\"text-token-text-primary w-full focus:outline-none [--shadow-height:45px] has-data-writing-block:pointer-events-none has-data-writing-block:-mt-(--shadow-height) has-data-writing-block:pt-(--shadow-height) [&amp;:has([data-writing-block])&gt;*]:pointer-events-auto scroll-mt-[calc(var(--header-height)+min(200px,max(70px,20svh)))]\" dir=\"auto\" data-turn-id=\"request-WEB:877f3b52-4423-4395-843e-e428b53c6d83-45\" data-testid=\"conversation-turn-8\" data-scroll-anchor=\"true\" data-turn=\"assistant\">\n<div class=\"text-base my-auto mx-auto pb-10 [--thread-content-margin:var(--thread-content-margin-xs,calc(var(--spacing)*4))] @w-sm\/main:[--thread-content-margin:var(--thread-content-margin-sm,calc(var(--spacing)*6))] @w-lg\/main:[--thread-content-margin:var(--thread-content-margin-lg,calc(var(--spacing)*16))] px-(--thread-content-margin)\">\n<div class=\"[--thread-content-max-width:40rem] @w-lg\/main:[--thread-content-max-width:48rem] mx-auto max-w-(--thread-content-max-width) flex-1 group\/turn-messages focus-visible:outline-hidden relative flex w-full min-w-0 flex-col agent-turn\">\n<div class=\"flex max-w-full flex-col gap-4 grow\">\n<div class=\"min-h-8 text-message relative flex w-full flex-col items-end gap-2 text-start break-words whitespace-normal outline-none keyboard-focused:focus-ring [.text-message+&amp;]:mt-1\" dir=\"auto\" tabindex=\"0\" data-message-author-role=\"assistant\" data-message-id=\"4d15bbda-3c4f-4995-8815-6ab352df78d9\" data-message-model-slug=\"gpt-5-3\" data-turn-start-message=\"true\">\n<div class=\"flex w-full flex-col gap-1 empty:hidden\">\n<div class=\"markdown prose dark:prose-invert w-full wrap-break-word light markdown-new-styling\">\n<p data-start=\"0\" data-end=\"315\" data-is-last-node=\"\" data-is-only-node=\"\">Armario de 6 puertas lisas con gran capacidad de almacenaje, ideal para dormitorio. Interior con 6 estantes y 3 barras para colgar, con opci\u00f3n de personalizar colores y distribuci\u00f3n. Medidas: 270 cm ancho x 220 cm alto x 54,5 cm fondo (opci\u00f3n 240 cm alto y 300 cm ancho). Env\u00edo y montaje opcional: 120\u20ac hasta 15 km.<\/p>\n<p data-start=\"0\" data-end=\"315\" data-is-last-node=\"\" data-is-only-node=\"\">ARMARIO DE 6 PUERTAS EMOTION29<\/p>\n<\/div>\n<\/div>\n<\/div>\n<\/div>\n<div class=\"z-0 flex min-h-[46px] justify-start\"><\/div>\n<div class=\"mt-3 w-full empty:hidden\">\n<div class=\"text-center\"><\/div>\n<\/div>\n<\/div>\n<\/div>\n<\/section>\n<\/div>\n<div class=\"pointer-events-none h-px w-px absolute bottom-0\" aria-hidden=\"true\" data-edge=\"true\"><\/div>\n","protected":false},"featured_media":45066,"comment_status":"closed","ping_status":"closed","template":"","meta":{"site-sidebar-layout":"default","site-content-layout":"","ast-site-content-layout":"default","site-content-style":"default","site-sidebar-style":"default","ast-global-header-display":"","ast-banner-title-visibility":"","ast-main-header-display":"","ast-hfb-above-header-display":"","ast-hfb-below-header-display":"","ast-hfb-mobile-header-display":"","site-post-title":"","ast-breadcrumbs-content":"","ast-featured-img":"","footer-sml-layout":"","ast-disable-related-posts":"","theme-transparent-header-meta":"default","adv-header-id-meta":"","stick-header-meta":"default","header-above-stick-meta":"","header-main-stick-meta":"","header-below-stick-meta":"","astra-migrate-meta-layouts":"set","ast-page-background-enabled":"default","ast-page-background-meta":{"desktop":{"background-color":"var(--ast-global-color-4)","background-image":"","background-repeat":"repeat","background-position":"center center","background-size":"auto","background-attachment":"scroll","background-type":"","background-media":"","overlay-type":"","overlay-color":"","overlay-opacity":"","overlay-gradient":""},"tablet":{"background-color":"","background-image":"","background-repeat":"repeat","background-position":"center center","background-size":"auto","background-attachment":"scroll","background-type":"","background-media":"","overlay-type":"","overlay-color":"","overlay-opacity":"","overlay-gradient":""},"mobile":{"background-color":"","background-image":"","background-repeat":"repeat","background-position":"center center","background-size":"auto","background-attachment":"scroll","background-type":"","background-media":"","overlay-type":"","overlay-color":"","overlay-opacity":"","overlay-gradient":""}},"ast-content-background-meta":{"desktop":{"background-color":"var(--ast-global-color-5)","background-image":"","background-repeat":"repeat","background-position":"center center","background-size":"auto","background-attachment":"scroll","background-type":"","background-media":"","overlay-type":"","overlay-color":"","overlay-opacity":"","overlay-gradient":""},"tablet":{"background-color":"var(--ast-global-color-5)","background-image":"","background-repeat":"repeat","background-position":"center center","background-size":"auto","background-attachment":"scroll","background-type":"","background-media":"","overlay-type":"","overlay-color":"","overlay-opacity":"","overlay-gradient":""},"mobile":{"background-color":"var(--ast-global-color-5)","background-image":"","background-repeat":"repeat","background-position":"center center","background-size":"auto","background-attachment":"scroll","background-type":"","background-media":"","overlay-type":"","overlay-color":"","overlay-opacity":"","overlay-gradient":""}},"_joinchat":[]},"product_brand":[],"product_cat":[301],"product_tag":[1378,789],"class_list":["post-31487","product","type-product","status-publish","has-post-thumbnail","product_cat-armarios","product_tag-index","product_tag-sayala","desktop-align-center","tablet-align-left","mobile-align-left","ast-product-gallery-layout-vertical-slider","ast-product-tabs-layout-accordion","ast-qv-on-image","first","instock","sale","shipping-taxable","purchasable","product-type-simple"],"_links":{"self":[{"href":"https:\/\/mueblesdetena.es\/ru_ru\/wp-json\/wp\/v2\/product\/31487","targetHints":{"allow":["GET"]}}],"collection":[{"href":"https:\/\/mueblesdetena.es\/ru_ru\/wp-json\/wp\/v2\/product"}],"about":[{"href":"https:\/\/mueblesdetena.es\/ru_ru\/wp-json\/wp\/v2\/types\/product"}],"replies":[{"embeddable":true,"href":"https:\/\/mueblesdetena.es\/ru_ru\/wp-json\/wp\/v2\/comments?post=31487"}],"version-history":[{"count":4,"href":"https:\/\/mueblesdetena.es\/ru_ru\/wp-json\/wp\/v2\/product\/31487\/revisions"}],"predecessor-version":[{"id":45068,"href":"https:\/\/mueblesdetena.es\/ru_ru\/wp-json\/wp\/v2\/product\/31487\/revisions\/45068"}],"wp:featuredmedia":[{"embeddable":true,"href":"https:\/\/mueblesdetena.es\/ru_ru\/wp-json\/wp\/v2\/media\/45066"}],"wp:attachment":[{"href":"https:\/\/mueblesdetena.es\/ru_ru\/wp-json\/wp\/v2\/media?parent=31487"}],"wp:term":[{"taxonomy":"product_brand","embeddable":true,"href":"https:\/\/mueblesdetena.es\/ru_ru\/wp-json\/wp\/v2\/product_brand?post=31487"},{"taxonomy":"product_cat","embeddable":true,"href":"https:\/\/mueblesdetena.es\/ru_ru\/wp-json\/wp\/v2\/product_cat?post=31487"},{"taxonomy":"product_tag","embeddable":true,"href":"https:\/\/mueblesdetena.es\/ru_ru\/wp-json\/wp\/v2\/product_tag?post=31487"}],"curies":[{"name":"wp","href":"https:\/\/api.w.org\/{rel}","templated":true}]}}

<p data-start="106" data-end="177"><strong data-start="106" data-end="177">Armario de 6 puertas en Badalona – Gran capacidad | Muebles Detena</strong></p>
<p data-start="179" data-end="433">Descubre este <strong data-start="193" data-end="223">armario de 6 puertas lisas</strong> ideal para dormitorios que necesitan <strong data-start="261" data-end="295">máxima capacidad de almacenaje</strong> sin renunciar al diseño. En <strong data-start="324" data-end="343">Muebles Detena</strong>, te ofrecemos muebles de alta calidad con excelentes acabados y opciones personalizables.</p>
<p data-start="435" data-end="682">Este armario cuenta con un interior funcional que incluye <strong data-start="493" data-end="530">6 estantes y 3 barras para colgar</strong>,con bisagras  con sistema de autocierre perfecto para organizar ropa de forma práctica. Además, puedes <strong data-start="595" data-end="659">personalizar tanto los colores como la distribución interior</strong> según tus necesidades.</p>
<h3 data-section-id="131v4uz" data-start="684" data-end="716">Características principales:</h3>
<ul data-start="717" data-end="983">
<li data-section-id="acf937" data-start="717" data-end="776">Medidas: <strong data-start="728" data-end="774">270 cm ancho x 220 cm alto x 54,5 cm fondo</strong></li>
<li data-section-id="7cyxqe" data-start="777" data-end="845">Opciones disponibles: <strong data-start="801" data-end="821">altura de 240 cm</strong> y <strong data-start="824" data-end="843">ancho de 300 cm</strong></li>
<li data-section-id="p1m6sv" data-start="846" data-end="886">Diseño moderno con <strong data-start="867" data-end="884">puertas lisas</strong></li>
<li data-section-id="1jomcnu" data-start="887" data-end="943">Interior configurable (ver distribución en imágenes)</li>
<li data-section-id="sr1mo3" data-start="944" data-end="983">Amplia variedad de colores a elegir</li>
<li data-section-id="sr1mo3" data-start="944" data-end="983">Color interior del armario Lino</li>
</ul>
<h3 data-section-id="1sd2ru9" data-start="985" data-end="999">Servicios:</h3>
<ul data-start="1000" data-end="1065">
<li data-section-id="11bzf8x" data-start="1000" data-end="1065"><strong data-start="1002" data-end="1030">Envío y montaje opcional</strong>: 120€ (hasta 15 km desde Badalona)</li>
</ul>
<p data-start="1067" data-end="1174">Ideal si buscas un <strong data-start="1086" data-end="1116">armario grande en Badalona</strong>, con diseño elegante y gran capacidad para tu dormitorio.</p>
<p data-start="1067" data-end="1174">ARMARIO DE 6 PUERTAS EMOTION29</p>

<div class="flex flex-col text-sm pb-25">
<section class="text-token-text-primary w-full focus:outline-none [--shadow-height:45px] has-data-writing-block:pointer-events-none has-data-writing-block:-mt-(--shadow-height) has-data-writing-block:pt-(--shadow-height) [&amp;:has([data-writing-block])&gt;*]:pointer-events-auto scroll-mt-[calc(var(--header-height)+min(200px,max(70px,20svh)))]" dir="auto" data-turn-id="request-WEB:877f3b52-4423-4395-843e-e428b53c6d83-45" data-testid="conversation-turn-8" data-scroll-anchor="true" data-turn="assistant">
<div class="text-base my-auto mx-auto pb-10 [--thread-content-margin:var(--thread-content-margin-xs,calc(var(--spacing)*4))] @w-sm/main:[--thread-content-margin:var(--thread-content-margin-sm,calc(var(--spacing)*6))] @w-lg/main:[--thread-content-margin:var(--thread-content-margin-lg,calc(var(--spacing)*16))] px-(--thread-content-margin)">
<div class="[--thread-content-max-width:40rem] @w-lg/main:[--thread-content-max-width:48rem] mx-auto max-w-(--thread-content-max-width) flex-1 group/turn-messages focus-visible:outline-hidden relative flex w-full min-w-0 flex-col agent-turn">
<div class="flex max-w-full flex-col gap-4 grow">
<div class="min-h-8 text-message relative flex w-full flex-col items-end gap-2 text-start break-words whitespace-normal outline-none keyboard-focused:focus-ring [.text-message+&amp;]:mt-1" dir="auto" tabindex="0" data-message-author-role="assistant" data-message-id="4d15bbda-3c4f-4995-8815-6ab352df78d9" data-message-model-slug="gpt-5-3" data-turn-start-message="true">
<div class="flex w-full flex-col gap-1 empty:hidden">
<div class="markdown prose dark:prose-invert w-full wrap-break-word light markdown-new-styling">
<p data-start="0" data-end="315" data-is-last-node="" data-is-only-node="">Armario de 6 puertas lisas con gran capacidad de almacenaje, ideal para dormitorio. Interior con 6 estantes y 3 barras para colgar, con opción de personalizar colores y distribución. Medidas: 270 cm ancho x 220 cm alto x 54,5 cm fondo (opción 240 cm alto y 300 cm ancho). Envío y montaje opcional: 120€ hasta 15 km.</p>
<p data-start="0" data-end="315" data-is-last-node="" data-is-only-node="">ARMARIO DE 6 PUERTAS EMOTION29</p>
</div>
</div>
</div>
</div>
<div class="z-0 flex min-h-[46px] justify-start"></div>
<div class="mt-3 w-full empty:hidden">
<div class="text-center"></div>
</div>
</div>
</div>
</section>
</div>
<div class="pointer-events-none h-px w-px absolute bottom-0" aria-hidden="true" data-edge="true"></div>
