{"id":35476,"date":"2025-02-05T18:16:08","date_gmt":"2025-02-05T17:16:08","guid":{"rendered":"https:\/\/mueblesdetena.es\/?post_type=product&#038;p=35476"},"modified":"2026-07-04T22:10:13","modified_gmt":"2026-07-04T20:10:13","slug":"salon-comedor-duo80-rimobel","status":"publish","type":"product","link":"https:\/\/mueblesdetena.es\/ru_ru\/salon-comedor-duo80-rimobel\/","title":{"rendered":"Sal\u00f3n Comedor Duo80 Rimobel"},"content":{"rendered":"<p>La colecci\u00f3n Duo convertir\u00e1 tu sal\u00f3n en un espacio confortable, pr\u00e1ctico y actual. Las diferentes propuestas de combinaciones, colores, medidas y acabados que sus muebles ofrecen, son la soluci\u00f3n perfecta para hacer m\u00e1s habitable tu hogar.<\/p>\n<p><strong>Medidas totales:<\/strong><\/p>\n<ul style=\"list-style-type: disc;\">\n<li><span style=\"text-align: right;\">238x45x145,5cm.<\/span><\/li>\n<\/ul>\n<p><strong>Desglose de la composici\u00f3n:<\/strong><\/p>\n<ul>\n<li>M\u00f3dulo bajo de TV con puerta y caj\u00f3n franja. Medidas: 178x45x46cm.<\/li>\n<li>Vitrina con puerta de cristal. Medidas: 60x45x145,5cm.<\/li>\n<li>Estante de pared. Medidas: 150x25x3cm.<\/li>\n<\/ul>\n<p>Luces LED incluidas en el precio.<\/p>\n<p>Env\u00edo y montaje opcional.<\/p>","protected":false},"excerpt":{"rendered":"<p>La colecci\u00f3n Duo convertir\u00e1 tu sal\u00f3n en un espacio confortable, pr\u00e1ctico y actual. Las diferentes propuestas de combinaciones, colores, medidas y acabados que sus muebles ofrecen, son la soluci\u00f3n perfecta para hacer m\u00e1s habitable tu hogar. Medidas totales: 238x45x145,5cm. Desglose de la composici\u00f3n: M\u00f3dulo bajo de TV con puerta y caj\u00f3n franja. Medidas: 178x45x46cm. Vitrina [&hellip;]<\/p>\n","protected":false},"featured_media":35480,"comment_status":"closed","ping_status":"closed","template":"","meta":{"site-sidebar-layout":"default","site-content-layout":"","ast-site-content-layout":"default","site-content-style":"default","site-sidebar-style":"default","ast-global-header-display":"","ast-banner-title-visibility":"","ast-main-header-display":"","ast-hfb-above-header-display":"","ast-hfb-below-header-display":"","ast-hfb-mobile-header-display":"","site-post-title":"","ast-breadcrumbs-content":"","ast-featured-img":"","footer-sml-layout":"","ast-disable-related-posts":"","theme-transparent-header-meta":"default","adv-header-id-meta":"","stick-header-meta":"default","header-above-stick-meta":"","header-main-stick-meta":"","header-below-stick-meta":"","astra-migrate-meta-layouts":"set","ast-page-background-enabled":"default","ast-page-background-meta":{"desktop":{"background-color":"var(--ast-global-color-4)","background-image":"","background-repeat":"repeat","background-position":"center center","background-size":"auto","background-attachment":"scroll","background-type":"","background-media":"","overlay-type":"","overlay-color":"","overlay-opacity":"","overlay-gradient":""},"tablet":{"background-color":"","background-image":"","background-repeat":"repeat","background-position":"center center","background-size":"auto","background-attachment":"scroll","background-type":"","background-media":"","overlay-type":"","overlay-color":"","overlay-opacity":"","overlay-gradient":""},"mobile":{"background-color":"","background-image":"","background-repeat":"repeat","background-position":"center center","background-size":"auto","background-attachment":"scroll","background-type":"","background-media":"","overlay-type":"","overlay-color":"","overlay-opacity":"","overlay-gradient":""}},"ast-content-background-meta":{"desktop":{"background-color":"var(--ast-global-color-5)","background-image":"","background-repeat":"repeat","background-position":"center center","background-size":"auto","background-attachment":"scroll","background-type":"","background-media":"","overlay-type":"","overlay-color":"","overlay-opacity":"","overlay-gradient":""},"tablet":{"background-color":"var(--ast-global-color-5)","background-image":"","background-repeat":"repeat","background-position":"center center","background-size":"auto","background-attachment":"scroll","background-type":"","background-media":"","overlay-type":"","overlay-color":"","overlay-opacity":"","overlay-gradient":""},"mobile":{"background-color":"var(--ast-global-color-5)","background-image":"","background-repeat":"repeat","background-position":"center center","background-size":"auto","background-attachment":"scroll","background-type":"","background-media":"","overlay-type":"","overlay-color":"","overlay-opacity":"","overlay-gradient":""}},"_joinchat":[]},"product_brand":[],"product_cat":[271,272],"product_tag":[787],"class_list":["post-35476","product","type-product","status-publish","has-post-thumbnail","product_cat-comedores","product_cat-todo-comedores","product_tag-ruben","desktop-align-center","tablet-align-left","mobile-align-left","ast-product-gallery-layout-vertical-slider","ast-product-tabs-layout-accordion","ast-qv-on-image","first","instock","sale","shipping-taxable","purchasable","product-type-simple"],"_links":{"self":[{"href":"https:\/\/mueblesdetena.es\/ru_ru\/wp-json\/wp\/v2\/product\/35476","targetHints":{"allow":["GET"]}}],"collection":[{"href":"https:\/\/mueblesdetena.es\/ru_ru\/wp-json\/wp\/v2\/product"}],"about":[{"href":"https:\/\/mueblesdetena.es\/ru_ru\/wp-json\/wp\/v2\/types\/product"}],"replies":[{"embeddable":true,"href":"https:\/\/mueblesdetena.es\/ru_ru\/wp-json\/wp\/v2\/comments?post=35476"}],"version-history":[{"count":2,"href":"https:\/\/mueblesdetena.es\/ru_ru\/wp-json\/wp\/v2\/product\/35476\/revisions"}],"predecessor-version":[{"id":35479,"href":"https:\/\/mueblesdetena.es\/ru_ru\/wp-json\/wp\/v2\/product\/35476\/revisions\/35479"}],"wp:featuredmedia":[{"embeddable":true,"href":"https:\/\/mueblesdetena.es\/ru_ru\/wp-json\/wp\/v2\/media\/35480"}],"wp:attachment":[{"href":"https:\/\/mueblesdetena.es\/ru_ru\/wp-json\/wp\/v2\/media?parent=35476"}],"wp:term":[{"taxonomy":"product_brand","embeddable":true,"href":"https:\/\/mueblesdetena.es\/ru_ru\/wp-json\/wp\/v2\/product_brand?post=35476"},{"taxonomy":"product_cat","embeddable":true,"href":"https:\/\/mueblesdetena.es\/ru_ru\/wp-json\/wp\/v2\/product_cat?post=35476"},{"taxonomy":"product_tag","embeddable":true,"href":"https:\/\/mueblesdetena.es\/ru_ru\/wp-json\/wp\/v2\/product_tag?post=35476"}],"curies":[{"name":"wp","href":"https:\/\/api.w.org\/{rel}","templated":true}]}}

Salón Comedor Duo80 Rimobel

<p>La colección Duo convertirá tu salón en un espacio confortable, práctico y actual. Las diferentes propuestas de combinaciones, colores, medidas y acabados que sus muebles ofrecen, son la solución perfecta para hacer más habitable tu hogar.</p>
<p><strong>Medidas totales:</strong></p>
<ul style="list-style-type: disc;">
<li><span style="text-align: right;">238x45x145,5cm.</span></li>
</ul>
<p><strong>Desglose de la composición:</strong></p>
<ul>
<li>Módulo bajo de TV con puerta y cajón franja. Medidas: 178x45x46cm.</li>
<li>Vitrina con puerta de cristal. Medidas: 60x45x145,5cm.</li>
<li>Estante de pared. Medidas: 150x25x3cm.</li>
</ul>
<p>Luces LED incluidas en el precio.</p>
<p>Envío y montaje opcional.</p>

<p>La colección Duo convertirá tu salón en un espacio confortable, práctico y actual. Las diferentes propuestas de combinaciones, colores, medidas y acabados que sus muebles ofrecen, son la solución perfecta para hacer más habitable tu hogar. Medidas totales: 238x45x145,5cm. Desglose de la composición: Módulo bajo de TV con puerta y cajón franja. Medidas: 178x45x46cm. Vitrina [&hellip;]</p>
