{"id":35525,"date":"2025-02-06T12:40:12","date_gmt":"2025-02-06T11:40:12","guid":{"rendered":"https:\/\/mueblesdetena.es\/?post_type=product&#038;p=35525"},"modified":"2026-07-04T22:10:19","modified_gmt":"2026-07-04T20:10:19","slug":"salon-comedor-duo2-rimobel","status":"publish","type":"product","link":"https:\/\/mueblesdetena.es\/ru_ru\/salon-comedor-duo2-rimobel\/","title":{"rendered":"Sal\u00f3n Comedor Duo2 Rimobel"},"content":{"rendered":"<p>M\u00f3dulos sencillos, pr\u00e1cticos y sobre todo funcionales perfectos para colocar en diferentes distribuciones.<\/p>\n<p><strong>Medidas totales:<\/strong><\/p>\n<ul>\n<li>270x45x126cm.\u00a0(La altura real de la composici\u00f3n variar\u00e1 en funci\u00f3n de la instalaci\u00f3n del estante)<\/li>\n<\/ul>\n<p><strong>Desglose de la composici\u00f3n:<\/strong><\/p>\n<ul>\n<li>Bajo\u00a02 cajones + puerta abatible tipo push. Medidas: 150x45x35cm.<\/li>\n<li>Vitrina 3 puertas. Medidas: 120x45x126cm.<\/li>\n<li>Estante colgado a pared. Medidas: 150x25x22cm.<\/li>\n<li>Apoyo: Pata metacrilato de 15cm y patas regulables 3,5cm para vitrina.<\/li>\n<\/ul>\n<p>Iluminaci\u00f3n LED bajo y luces LED vitrina incluidas en el precio.<\/p>\n<p>Env\u00edo y montaje opcional.<\/p>","protected":false},"excerpt":{"rendered":"<p>M\u00f3dulos sencillos, pr\u00e1cticos y sobre todo funcionales perfectos para colocar en diferentes distribuciones. Medidas totales: 270x45x126cm.\u00a0(La altura real de la composici\u00f3n variar\u00e1 en funci\u00f3n de la instalaci\u00f3n del estante) Desglose de la composici\u00f3n: Bajo\u00a02 cajones + puerta abatible tipo push. Medidas: 150x45x35cm. Vitrina 3 puertas. Medidas: 120x45x126cm. Estante colgado a pared. Medidas: 150x25x22cm. Apoyo: Pata [&hellip;]<\/p>\n","protected":false},"featured_media":35527,"comment_status":"closed","ping_status":"closed","template":"","meta":{"site-sidebar-layout":"default","site-content-layout":"","ast-site-content-layout":"default","site-content-style":"default","site-sidebar-style":"default","ast-global-header-display":"","ast-banner-title-visibility":"","ast-main-header-display":"","ast-hfb-above-header-display":"","ast-hfb-below-header-display":"","ast-hfb-mobile-header-display":"","site-post-title":"","ast-breadcrumbs-content":"","ast-featured-img":"","footer-sml-layout":"","ast-disable-related-posts":"","theme-transparent-header-meta":"default","adv-header-id-meta":"","stick-header-meta":"default","header-above-stick-meta":"","header-main-stick-meta":"","header-below-stick-meta":"","astra-migrate-meta-layouts":"set","ast-page-background-enabled":"default","ast-page-background-meta":{"desktop":{"background-color":"var(--ast-global-color-4)","background-image":"","background-repeat":"repeat","background-position":"center center","background-size":"auto","background-attachment":"scroll","background-type":"","background-media":"","overlay-type":"","overlay-color":"","overlay-opacity":"","overlay-gradient":""},"tablet":{"background-color":"","background-image":"","background-repeat":"repeat","background-position":"center center","background-size":"auto","background-attachment":"scroll","background-type":"","background-media":"","overlay-type":"","overlay-color":"","overlay-opacity":"","overlay-gradient":""},"mobile":{"background-color":"","background-image":"","background-repeat":"repeat","background-position":"center center","background-size":"auto","background-attachment":"scroll","background-type":"","background-media":"","overlay-type":"","overlay-color":"","overlay-opacity":"","overlay-gradient":""}},"ast-content-background-meta":{"desktop":{"background-color":"var(--ast-global-color-5)","background-image":"","background-repeat":"repeat","background-position":"center center","background-size":"auto","background-attachment":"scroll","background-type":"","background-media":"","overlay-type":"","overlay-color":"","overlay-opacity":"","overlay-gradient":""},"tablet":{"background-color":"var(--ast-global-color-5)","background-image":"","background-repeat":"repeat","background-position":"center center","background-size":"auto","background-attachment":"scroll","background-type":"","background-media":"","overlay-type":"","overlay-color":"","overlay-opacity":"","overlay-gradient":""},"mobile":{"background-color":"var(--ast-global-color-5)","background-image":"","background-repeat":"repeat","background-position":"center center","background-size":"auto","background-attachment":"scroll","background-type":"","background-media":"","overlay-type":"","overlay-color":"","overlay-opacity":"","overlay-gradient":""}},"_joinchat":[]},"product_brand":[],"product_cat":[271,272],"product_tag":[786],"class_list":["post-35525","product","type-product","status-publish","has-post-thumbnail","product_cat-comedores","product_cat-todo-comedores","product_tag-rpep","desktop-align-center","tablet-align-left","mobile-align-left","ast-product-gallery-layout-vertical-slider","ast-product-tabs-layout-accordion","ast-qv-on-image","first","instock","sale","shipping-taxable","purchasable","product-type-simple"],"_links":{"self":[{"href":"https:\/\/mueblesdetena.es\/ru_ru\/wp-json\/wp\/v2\/product\/35525","targetHints":{"allow":["GET"]}}],"collection":[{"href":"https:\/\/mueblesdetena.es\/ru_ru\/wp-json\/wp\/v2\/product"}],"about":[{"href":"https:\/\/mueblesdetena.es\/ru_ru\/wp-json\/wp\/v2\/types\/product"}],"replies":[{"embeddable":true,"href":"https:\/\/mueblesdetena.es\/ru_ru\/wp-json\/wp\/v2\/comments?post=35525"}],"version-history":[{"count":1,"href":"https:\/\/mueblesdetena.es\/ru_ru\/wp-json\/wp\/v2\/product\/35525\/revisions"}],"predecessor-version":[{"id":35530,"href":"https:\/\/mueblesdetena.es\/ru_ru\/wp-json\/wp\/v2\/product\/35525\/revisions\/35530"}],"wp:featuredmedia":[{"embeddable":true,"href":"https:\/\/mueblesdetena.es\/ru_ru\/wp-json\/wp\/v2\/media\/35527"}],"wp:attachment":[{"href":"https:\/\/mueblesdetena.es\/ru_ru\/wp-json\/wp\/v2\/media?parent=35525"}],"wp:term":[{"taxonomy":"product_brand","embeddable":true,"href":"https:\/\/mueblesdetena.es\/ru_ru\/wp-json\/wp\/v2\/product_brand?post=35525"},{"taxonomy":"product_cat","embeddable":true,"href":"https:\/\/mueblesdetena.es\/ru_ru\/wp-json\/wp\/v2\/product_cat?post=35525"},{"taxonomy":"product_tag","embeddable":true,"href":"https:\/\/mueblesdetena.es\/ru_ru\/wp-json\/wp\/v2\/product_tag?post=35525"}],"curies":[{"name":"wp","href":"https:\/\/api.w.org\/{rel}","templated":true}]}}

Salón Comedor Duo2 Rimobel

<p>Módulos sencillos, prácticos y sobre todo funcionales perfectos para colocar en diferentes distribuciones.</p>
<p><strong>Medidas totales:</strong></p>
<ul>
<li>270x45x126cm. (La altura real de la composición variará en función de la instalación del estante)</li>
</ul>
<p><strong>Desglose de la composición:</strong></p>
<ul>
<li>Bajo 2 cajones + puerta abatible tipo push. Medidas: 150x45x35cm.</li>
<li>Vitrina 3 puertas. Medidas: 120x45x126cm.</li>
<li>Estante colgado a pared. Medidas: 150x25x22cm.</li>
<li>Apoyo: Pata metacrilato de 15cm y patas regulables 3,5cm para vitrina.</li>
</ul>
<p>Iluminación LED bajo y luces LED vitrina incluidas en el precio.</p>
<p>Envío y montaje opcional.</p>

<p>Módulos sencillos, prácticos y sobre todo funcionales perfectos para colocar en diferentes distribuciones. Medidas totales: 270x45x126cm. (La altura real de la composición variará en función de la instalación del estante) Desglose de la composición: Bajo 2 cajones + puerta abatible tipo push. Medidas: 150x45x35cm. Vitrina 3 puertas. Medidas: 120x45x126cm. Estante colgado a pared. Medidas: 150x25x22cm. Apoyo: Pata [&hellip;]</p>
