{"id":35531,"date":"2025-02-06T13:02:05","date_gmt":"2025-02-06T12:02:05","guid":{"rendered":"https:\/\/mueblesdetena.es\/?post_type=product&#038;p=35531"},"modified":"2026-07-04T22:10:23","modified_gmt":"2026-07-04T20:10:23","slug":"salon-comedor-duo57-rimobel","status":"publish","type":"product","link":"https:\/\/mueblesdetena.es\/ru_ru\/salon-comedor-duo57-rimobel\/","title":{"rendered":"Sal\u00f3n Comedor Duo57 Rimobel"},"content":{"rendered":"<p>Sistema modular pr\u00e1ctico y funcional de estilo moderno. Ambiente n\u00f3rdico que ser\u00e1 el protagonista de tu hogar.<\/p>\n<p><strong>Medidas totales:<\/strong><\/p>\n<ul>\n<li>300x45x56cm. (La altura real de la composici\u00f3n variar\u00e1 en funci\u00f3n de la instalaci\u00f3n del m\u00f3dulo colgante)<\/li>\n<\/ul>\n<p><strong>Desglose de la composici\u00f3n:<\/strong><\/p>\n<ul>\n<li>Bajo un caj\u00f3n con franja cristal. Medidas: 150x45x46cm.<\/li>\n<li>M\u00f3dulo bajo\u00a0con una puerta abatible. Medidas:150x45x46cm.<\/li>\n<li>Estanter\u00eda abierta. Medidas: 150x25x22cm.<\/li>\n<li>M\u00f3dulo colgante con puerta elevable. Medidas: 145,5x35x31cm.<\/li>\n<li>Apoyo z\u00f3calo de 10cm.<\/li>\n<\/ul>\n<p>Luces LED no incluidas en el precio.<\/p>\n<p>Env\u00edo y montaje opcional.<\/p>","protected":false},"excerpt":{"rendered":"<p>Sistema modular pr\u00e1ctico y funcional de estilo moderno. Ambiente n\u00f3rdico que ser\u00e1 el protagonista de tu hogar. Medidas totales: 300x45x56cm. (La altura real de la composici\u00f3n variar\u00e1 en funci\u00f3n de la instalaci\u00f3n del m\u00f3dulo colgante) Desglose de la composici\u00f3n: Bajo un caj\u00f3n con franja cristal. Medidas: 150x45x46cm. M\u00f3dulo bajo\u00a0con una puerta abatible. Medidas:150x45x46cm. Estanter\u00eda abierta. [&hellip;]<\/p>\n","protected":false},"featured_media":35536,"comment_status":"closed","ping_status":"closed","template":"","meta":{"site-sidebar-layout":"default","site-content-layout":"","ast-site-content-layout":"default","site-content-style":"default","site-sidebar-style":"default","ast-global-header-display":"","ast-banner-title-visibility":"","ast-main-header-display":"","ast-hfb-above-header-display":"","ast-hfb-below-header-display":"","ast-hfb-mobile-header-display":"","site-post-title":"","ast-breadcrumbs-content":"","ast-featured-img":"","footer-sml-layout":"","ast-disable-related-posts":"","theme-transparent-header-meta":"default","adv-header-id-meta":"","stick-header-meta":"default","header-above-stick-meta":"","header-main-stick-meta":"","header-below-stick-meta":"","astra-migrate-meta-layouts":"set","ast-page-background-enabled":"default","ast-page-background-meta":{"desktop":{"background-color":"var(--ast-global-color-4)","background-image":"","background-repeat":"repeat","background-position":"center center","background-size":"auto","background-attachment":"scroll","background-type":"","background-media":"","overlay-type":"","overlay-color":"","overlay-opacity":"","overlay-gradient":""},"tablet":{"background-color":"","background-image":"","background-repeat":"repeat","background-position":"center center","background-size":"auto","background-attachment":"scroll","background-type":"","background-media":"","overlay-type":"","overlay-color":"","overlay-opacity":"","overlay-gradient":""},"mobile":{"background-color":"","background-image":"","background-repeat":"repeat","background-position":"center center","background-size":"auto","background-attachment":"scroll","background-type":"","background-media":"","overlay-type":"","overlay-color":"","overlay-opacity":"","overlay-gradient":""}},"ast-content-background-meta":{"desktop":{"background-color":"var(--ast-global-color-5)","background-image":"","background-repeat":"repeat","background-position":"center center","background-size":"auto","background-attachment":"scroll","background-type":"","background-media":"","overlay-type":"","overlay-color":"","overlay-opacity":"","overlay-gradient":""},"tablet":{"background-color":"var(--ast-global-color-5)","background-image":"","background-repeat":"repeat","background-position":"center center","background-size":"auto","background-attachment":"scroll","background-type":"","background-media":"","overlay-type":"","overlay-color":"","overlay-opacity":"","overlay-gradient":""},"mobile":{"background-color":"var(--ast-global-color-5)","background-image":"","background-repeat":"repeat","background-position":"center center","background-size":"auto","background-attachment":"scroll","background-type":"","background-media":"","overlay-type":"","overlay-color":"","overlay-opacity":"","overlay-gradient":""}},"_joinchat":[]},"product_brand":[],"product_cat":[271,272],"product_tag":[787],"class_list":["post-35531","product","type-product","status-publish","has-post-thumbnail","product_cat-comedores","product_cat-todo-comedores","product_tag-ruben","desktop-align-center","tablet-align-left","mobile-align-left","ast-product-gallery-layout-vertical-slider","ast-product-tabs-layout-accordion","ast-qv-on-image","first","instock","sale","shipping-taxable","purchasable","product-type-simple"],"_links":{"self":[{"href":"https:\/\/mueblesdetena.es\/ru_ru\/wp-json\/wp\/v2\/product\/35531","targetHints":{"allow":["GET"]}}],"collection":[{"href":"https:\/\/mueblesdetena.es\/ru_ru\/wp-json\/wp\/v2\/product"}],"about":[{"href":"https:\/\/mueblesdetena.es\/ru_ru\/wp-json\/wp\/v2\/types\/product"}],"replies":[{"embeddable":true,"href":"https:\/\/mueblesdetena.es\/ru_ru\/wp-json\/wp\/v2\/comments?post=35531"}],"version-history":[{"count":2,"href":"https:\/\/mueblesdetena.es\/ru_ru\/wp-json\/wp\/v2\/product\/35531\/revisions"}],"predecessor-version":[{"id":35540,"href":"https:\/\/mueblesdetena.es\/ru_ru\/wp-json\/wp\/v2\/product\/35531\/revisions\/35540"}],"wp:featuredmedia":[{"embeddable":true,"href":"https:\/\/mueblesdetena.es\/ru_ru\/wp-json\/wp\/v2\/media\/35536"}],"wp:attachment":[{"href":"https:\/\/mueblesdetena.es\/ru_ru\/wp-json\/wp\/v2\/media?parent=35531"}],"wp:term":[{"taxonomy":"product_brand","embeddable":true,"href":"https:\/\/mueblesdetena.es\/ru_ru\/wp-json\/wp\/v2\/product_brand?post=35531"},{"taxonomy":"product_cat","embeddable":true,"href":"https:\/\/mueblesdetena.es\/ru_ru\/wp-json\/wp\/v2\/product_cat?post=35531"},{"taxonomy":"product_tag","embeddable":true,"href":"https:\/\/mueblesdetena.es\/ru_ru\/wp-json\/wp\/v2\/product_tag?post=35531"}],"curies":[{"name":"wp","href":"https:\/\/api.w.org\/{rel}","templated":true}]}}

Salón Comedor Duo57 Rimobel

<p>Sistema modular práctico y funcional de estilo moderno. Ambiente nórdico que será el protagonista de tu hogar.</p>
<p><strong>Medidas totales:</strong></p>
<ul>
<li>300x45x56cm. (La altura real de la composición variará en función de la instalación del módulo colgante)</li>
</ul>
<p><strong>Desglose de la composición:</strong></p>
<ul>
<li>Bajo un cajón con franja cristal. Medidas: 150x45x46cm.</li>
<li>Módulo bajo con una puerta abatible. Medidas:150x45x46cm.</li>
<li>Estantería abierta. Medidas: 150x25x22cm.</li>
<li>Módulo colgante con puerta elevable. Medidas: 145,5x35x31cm.</li>
<li>Apoyo zócalo de 10cm.</li>
</ul>
<p>Luces LED no incluidas en el precio.</p>
<p>Envío y montaje opcional.</p>

<p>Sistema modular práctico y funcional de estilo moderno. Ambiente nórdico que será el protagonista de tu hogar. Medidas totales: 300x45x56cm. (La altura real de la composición variará en función de la instalación del módulo colgante) Desglose de la composición: Bajo un cajón con franja cristal. Medidas: 150x45x46cm. Módulo bajo con una puerta abatible. Medidas:150x45x46cm. Estantería abierta. [&hellip;]</p>
