{"id":35542,"date":"2025-02-06T13:21:32","date_gmt":"2025-02-06T12:21:32","guid":{"rendered":"https:\/\/mueblesdetena.es\/?post_type=product&#038;p=35542"},"modified":"2026-07-04T22:10:27","modified_gmt":"2026-07-04T20:10:27","slug":"salon-comedor-duo67-rimobel","status":"publish","type":"product","link":"https:\/\/mueblesdetena.es\/ru_ru\/salon-comedor-duo67-rimobel\/","title":{"rendered":"Sal\u00f3n Comedor Duo67 Rimobel"},"content":{"rendered":"<p><strong>Medidas totales de la composici\u00f3n:<\/strong><\/p>\n<ul>\n<li>270x45x46cm. (La altura variara en funci\u00f3n de la instalaci\u00f3n del m\u00f3dulo colgante)<\/li>\n<\/ul>\n<p><strong>Desglose de la composici\u00f3n:<\/strong><\/p>\n<ul>\n<li>M\u00f3dulo bajo con puerta abatible y vitrina. Medidas: 150x45x46cm.<\/li>\n<li>M\u00f3dulo\u00a0bajo con 2 cajones. Medidas: 120x45x46cm.<\/li>\n<li>M\u00f3dulo colgante con una puerta elevable y vitrina. Medidas: 145,5x35x31cm.<\/li>\n<li>Estante pared con soportes ocultos. Medidas: 120x25x3cm.<\/li>\n<li>Apoyo: pata regulable de 3,5cm.<\/li>\n<\/ul>\n<p>Luces LED incluidas en el precio.<\/p>\n<p>Rimobel cuenta dentro de su cat\u00e1logo de muebles con muebles de sal\u00f3n y mobiliario de dormitorio juvenil.<\/p>\n<p>Env\u00edo y montaje opcional.<\/p>","protected":false},"excerpt":{"rendered":"<p>Medidas totales de la composici\u00f3n: 270x45x46cm. (La altura variara en funci\u00f3n de la instalaci\u00f3n del m\u00f3dulo colgante) Desglose de la composici\u00f3n: M\u00f3dulo bajo con puerta abatible y vitrina. Medidas: 150x45x46cm. M\u00f3dulo\u00a0bajo con 2 cajones. Medidas: 120x45x46cm. M\u00f3dulo colgante con una puerta elevable y vitrina. Medidas: 145,5x35x31cm. Estante pared con soportes ocultos. Medidas: 120x25x3cm. Apoyo: pata [&hellip;]<\/p>\n","protected":false},"featured_media":35544,"comment_status":"closed","ping_status":"closed","template":"","meta":{"site-sidebar-layout":"default","site-content-layout":"","ast-site-content-layout":"default","site-content-style":"default","site-sidebar-style":"default","ast-global-header-display":"","ast-banner-title-visibility":"","ast-main-header-display":"","ast-hfb-above-header-display":"","ast-hfb-below-header-display":"","ast-hfb-mobile-header-display":"","site-post-title":"","ast-breadcrumbs-content":"","ast-featured-img":"","footer-sml-layout":"","ast-disable-related-posts":"","theme-transparent-header-meta":"default","adv-header-id-meta":"","stick-header-meta":"default","header-above-stick-meta":"","header-main-stick-meta":"","header-below-stick-meta":"","astra-migrate-meta-layouts":"set","ast-page-background-enabled":"default","ast-page-background-meta":{"desktop":{"background-color":"var(--ast-global-color-4)","background-image":"","background-repeat":"repeat","background-position":"center center","background-size":"auto","background-attachment":"scroll","background-type":"","background-media":"","overlay-type":"","overlay-color":"","overlay-opacity":"","overlay-gradient":""},"tablet":{"background-color":"","background-image":"","background-repeat":"repeat","background-position":"center center","background-size":"auto","background-attachment":"scroll","background-type":"","background-media":"","overlay-type":"","overlay-color":"","overlay-opacity":"","overlay-gradient":""},"mobile":{"background-color":"","background-image":"","background-repeat":"repeat","background-position":"center center","background-size":"auto","background-attachment":"scroll","background-type":"","background-media":"","overlay-type":"","overlay-color":"","overlay-opacity":"","overlay-gradient":""}},"ast-content-background-meta":{"desktop":{"background-color":"var(--ast-global-color-5)","background-image":"","background-repeat":"repeat","background-position":"center center","background-size":"auto","background-attachment":"scroll","background-type":"","background-media":"","overlay-type":"","overlay-color":"","overlay-opacity":"","overlay-gradient":""},"tablet":{"background-color":"var(--ast-global-color-5)","background-image":"","background-repeat":"repeat","background-position":"center center","background-size":"auto","background-attachment":"scroll","background-type":"","background-media":"","overlay-type":"","overlay-color":"","overlay-opacity":"","overlay-gradient":""},"mobile":{"background-color":"var(--ast-global-color-5)","background-image":"","background-repeat":"repeat","background-position":"center center","background-size":"auto","background-attachment":"scroll","background-type":"","background-media":"","overlay-type":"","overlay-color":"","overlay-opacity":"","overlay-gradient":""}},"_joinchat":[]},"product_brand":[],"product_cat":[272,271],"product_tag":[787],"class_list":["post-35542","product","type-product","status-publish","has-post-thumbnail","product_cat-todo-comedores","product_cat-comedores","product_tag-ruben","desktop-align-center","tablet-align-left","mobile-align-left","ast-product-gallery-layout-vertical-slider","ast-product-tabs-layout-accordion","ast-qv-on-image","first","instock","sale","shipping-taxable","purchasable","product-type-simple"],"_links":{"self":[{"href":"https:\/\/mueblesdetena.es\/ru_ru\/wp-json\/wp\/v2\/product\/35542","targetHints":{"allow":["GET"]}}],"collection":[{"href":"https:\/\/mueblesdetena.es\/ru_ru\/wp-json\/wp\/v2\/product"}],"about":[{"href":"https:\/\/mueblesdetena.es\/ru_ru\/wp-json\/wp\/v2\/types\/product"}],"replies":[{"embeddable":true,"href":"https:\/\/mueblesdetena.es\/ru_ru\/wp-json\/wp\/v2\/comments?post=35542"}],"version-history":[{"count":1,"href":"https:\/\/mueblesdetena.es\/ru_ru\/wp-json\/wp\/v2\/product\/35542\/revisions"}],"predecessor-version":[{"id":35546,"href":"https:\/\/mueblesdetena.es\/ru_ru\/wp-json\/wp\/v2\/product\/35542\/revisions\/35546"}],"wp:featuredmedia":[{"embeddable":true,"href":"https:\/\/mueblesdetena.es\/ru_ru\/wp-json\/wp\/v2\/media\/35544"}],"wp:attachment":[{"href":"https:\/\/mueblesdetena.es\/ru_ru\/wp-json\/wp\/v2\/media?parent=35542"}],"wp:term":[{"taxonomy":"product_brand","embeddable":true,"href":"https:\/\/mueblesdetena.es\/ru_ru\/wp-json\/wp\/v2\/product_brand?post=35542"},{"taxonomy":"product_cat","embeddable":true,"href":"https:\/\/mueblesdetena.es\/ru_ru\/wp-json\/wp\/v2\/product_cat?post=35542"},{"taxonomy":"product_tag","embeddable":true,"href":"https:\/\/mueblesdetena.es\/ru_ru\/wp-json\/wp\/v2\/product_tag?post=35542"}],"curies":[{"name":"wp","href":"https:\/\/api.w.org\/{rel}","templated":true}]}}

Salón Comedor Duo67 Rimobel

<p><strong>Medidas totales de la composición:</strong></p>
<ul>
<li>270x45x46cm. (La altura variara en función de la instalación del módulo colgante)</li>
</ul>
<p><strong>Desglose de la composición:</strong></p>
<ul>
<li>Módulo bajo con puerta abatible y vitrina. Medidas: 150x45x46cm.</li>
<li>Módulo bajo con 2 cajones. Medidas: 120x45x46cm.</li>
<li>Módulo colgante con una puerta elevable y vitrina. Medidas: 145,5x35x31cm.</li>
<li>Estante pared con soportes ocultos. Medidas: 120x25x3cm.</li>
<li>Apoyo: pata regulable de 3,5cm.</li>
</ul>
<p>Luces LED incluidas en el precio.</p>
<p>Rimobel cuenta dentro de su catálogo de muebles con muebles de salón y mobiliario de dormitorio juvenil.</p>
<p>Envío y montaje opcional.</p>

<p>Medidas totales de la composición: 270x45x46cm. (La altura variara en función de la instalación del módulo colgante) Desglose de la composición: Módulo bajo con puerta abatible y vitrina. Medidas: 150x45x46cm. Módulo bajo con 2 cajones. Medidas: 120x45x46cm. Módulo colgante con una puerta elevable y vitrina. Medidas: 145,5x35x31cm. Estante pared con soportes ocultos. Medidas: 120x25x3cm. Apoyo: pata [&hellip;]</p>
