{"id":35631,"date":"2025-02-07T10:47:02","date_gmt":"2025-02-07T09:47:02","guid":{"rendered":"https:\/\/mueblesdetena.es\/?post_type=product&#038;p=35631"},"modified":"2026-07-04T22:10:37","modified_gmt":"2026-07-04T20:10:37","slug":"salon-comedor-duo37-rimobel","status":"publish","type":"product","link":"https:\/\/mueblesdetena.es\/ru_ru\/salon-comedor-duo37-rimobel\/","title":{"rendered":"Sal\u00f3n Comedor Duo37 Rimobel"},"content":{"rendered":"<p>Rimobel cuenta dentro de su cat\u00e1logo de muebles con muebles de sal\u00f3n y mobiliario de dormitorio juvenil.<\/p>\n<p><strong>Desglose de la composici\u00f3n:<\/strong><\/p>\n<ul>\n<li>Muebles Tv bajo cristal vitrina + puerta abatible. Medidas: 150x45x46cm.<\/li>\n<li>Vitrina 2 puertas + 2 cajones.\u00a0Medidas: 92x45x145,5cm.<\/li>\n<li>Estanter\u00eda\u00a0colgada. Medidas: 136x25x5cm.<\/li>\n<li>Apoyo: Pata regulable de 3,5cm.<\/li>\n<\/ul>\n<p>Luces LED para vitrina incluidas en el precio.<\/p>\n<p><strong>Medidas totales:<\/strong><\/p>\n<ul>\n<li>242x45x145,5cm.\u00a0(La altura real de la composici\u00f3n variar\u00e1 en funci\u00f3n de la instalaci\u00f3n del estante).<\/li>\n<\/ul>\n<p>Env\u00edo y montaje opcional.<\/p>","protected":false},"excerpt":{"rendered":"<p>Rimobel cuenta dentro de su cat\u00e1logo de muebles con muebles de sal\u00f3n y mobiliario de dormitorio juvenil. Desglose de la composici\u00f3n: Muebles Tv bajo cristal vitrina + puerta abatible. Medidas: 150x45x46cm. Vitrina 2 puertas + 2 cajones.\u00a0Medidas: 92x45x145,5cm. Estanter\u00eda\u00a0colgada. Medidas: 136x25x5cm. Apoyo: Pata regulable de 3,5cm. Luces LED para vitrina incluidas en el precio. Medidas [&hellip;]<\/p>\n","protected":false},"featured_media":35632,"comment_status":"closed","ping_status":"closed","template":"","meta":{"site-sidebar-layout":"default","site-content-layout":"","ast-site-content-layout":"default","site-content-style":"default","site-sidebar-style":"default","ast-global-header-display":"","ast-banner-title-visibility":"","ast-main-header-display":"","ast-hfb-above-header-display":"","ast-hfb-below-header-display":"","ast-hfb-mobile-header-display":"","site-post-title":"","ast-breadcrumbs-content":"","ast-featured-img":"","footer-sml-layout":"","ast-disable-related-posts":"","theme-transparent-header-meta":"default","adv-header-id-meta":"","stick-header-meta":"default","header-above-stick-meta":"","header-main-stick-meta":"","header-below-stick-meta":"","astra-migrate-meta-layouts":"set","ast-page-background-enabled":"default","ast-page-background-meta":{"desktop":{"background-color":"var(--ast-global-color-4)","background-image":"","background-repeat":"repeat","background-position":"center center","background-size":"auto","background-attachment":"scroll","background-type":"","background-media":"","overlay-type":"","overlay-color":"","overlay-opacity":"","overlay-gradient":""},"tablet":{"background-color":"","background-image":"","background-repeat":"repeat","background-position":"center center","background-size":"auto","background-attachment":"scroll","background-type":"","background-media":"","overlay-type":"","overlay-color":"","overlay-opacity":"","overlay-gradient":""},"mobile":{"background-color":"","background-image":"","background-repeat":"repeat","background-position":"center center","background-size":"auto","background-attachment":"scroll","background-type":"","background-media":"","overlay-type":"","overlay-color":"","overlay-opacity":"","overlay-gradient":""}},"ast-content-background-meta":{"desktop":{"background-color":"var(--ast-global-color-5)","background-image":"","background-repeat":"repeat","background-position":"center center","background-size":"auto","background-attachment":"scroll","background-type":"","background-media":"","overlay-type":"","overlay-color":"","overlay-opacity":"","overlay-gradient":""},"tablet":{"background-color":"var(--ast-global-color-5)","background-image":"","background-repeat":"repeat","background-position":"center center","background-size":"auto","background-attachment":"scroll","background-type":"","background-media":"","overlay-type":"","overlay-color":"","overlay-opacity":"","overlay-gradient":""},"mobile":{"background-color":"var(--ast-global-color-5)","background-image":"","background-repeat":"repeat","background-position":"center center","background-size":"auto","background-attachment":"scroll","background-type":"","background-media":"","overlay-type":"","overlay-color":"","overlay-opacity":"","overlay-gradient":""}},"_joinchat":[]},"product_brand":[],"product_cat":[271,272],"product_tag":[786],"class_list":["post-35631","product","type-product","status-publish","has-post-thumbnail","product_cat-comedores","product_cat-todo-comedores","product_tag-rpep","desktop-align-center","tablet-align-left","mobile-align-left","ast-product-gallery-layout-vertical-slider","ast-product-tabs-layout-accordion","ast-qv-on-image","first","instock","sale","shipping-taxable","purchasable","product-type-simple"],"_links":{"self":[{"href":"https:\/\/mueblesdetena.es\/ru_ru\/wp-json\/wp\/v2\/product\/35631","targetHints":{"allow":["GET"]}}],"collection":[{"href":"https:\/\/mueblesdetena.es\/ru_ru\/wp-json\/wp\/v2\/product"}],"about":[{"href":"https:\/\/mueblesdetena.es\/ru_ru\/wp-json\/wp\/v2\/types\/product"}],"replies":[{"embeddable":true,"href":"https:\/\/mueblesdetena.es\/ru_ru\/wp-json\/wp\/v2\/comments?post=35631"}],"version-history":[{"count":1,"href":"https:\/\/mueblesdetena.es\/ru_ru\/wp-json\/wp\/v2\/product\/35631\/revisions"}],"predecessor-version":[{"id":35634,"href":"https:\/\/mueblesdetena.es\/ru_ru\/wp-json\/wp\/v2\/product\/35631\/revisions\/35634"}],"wp:featuredmedia":[{"embeddable":true,"href":"https:\/\/mueblesdetena.es\/ru_ru\/wp-json\/wp\/v2\/media\/35632"}],"wp:attachment":[{"href":"https:\/\/mueblesdetena.es\/ru_ru\/wp-json\/wp\/v2\/media?parent=35631"}],"wp:term":[{"taxonomy":"product_brand","embeddable":true,"href":"https:\/\/mueblesdetena.es\/ru_ru\/wp-json\/wp\/v2\/product_brand?post=35631"},{"taxonomy":"product_cat","embeddable":true,"href":"https:\/\/mueblesdetena.es\/ru_ru\/wp-json\/wp\/v2\/product_cat?post=35631"},{"taxonomy":"product_tag","embeddable":true,"href":"https:\/\/mueblesdetena.es\/ru_ru\/wp-json\/wp\/v2\/product_tag?post=35631"}],"curies":[{"name":"wp","href":"https:\/\/api.w.org\/{rel}","templated":true}]}}

Salón Comedor Duo37 Rimobel

<p>Rimobel cuenta dentro de su catálogo de muebles con muebles de salón y mobiliario de dormitorio juvenil.</p>
<p><strong>Desglose de la composición:</strong></p>
<ul>
<li>Muebles Tv bajo cristal vitrina + puerta abatible. Medidas: 150x45x46cm.</li>
<li>Vitrina 2 puertas + 2 cajones. Medidas: 92x45x145,5cm.</li>
<li>Estantería colgada. Medidas: 136x25x5cm.</li>
<li>Apoyo: Pata regulable de 3,5cm.</li>
</ul>
<p>Luces LED para vitrina incluidas en el precio.</p>
<p><strong>Medidas totales:</strong></p>
<ul>
<li>242x45x145,5cm. (La altura real de la composición variará en función de la instalación del estante).</li>
</ul>
<p>Envío y montaje opcional.</p>

<p>Rimobel cuenta dentro de su catálogo de muebles con muebles de salón y mobiliario de dormitorio juvenil. Desglose de la composición: Muebles Tv bajo cristal vitrina + puerta abatible. Medidas: 150x45x46cm. Vitrina 2 puertas + 2 cajones. Medidas: 92x45x145,5cm. Estantería colgada. Medidas: 136x25x5cm. Apoyo: Pata regulable de 3,5cm. Luces LED para vitrina incluidas en el precio. Medidas [&hellip;]</p>
