{"id":35647,"date":"2025-02-07T11:57:19","date_gmt":"2025-02-07T10:57:19","guid":{"rendered":"https:\/\/mueblesdetena.es\/?post_type=product&#038;p=35647"},"modified":"2026-07-04T22:10:47","modified_gmt":"2026-07-04T20:10:47","slug":"salon-comedor-n-033-kazzano","status":"publish","type":"product","link":"https:\/\/mueblesdetena.es\/ru_ru\/salon-comedor-n-033-kazzano\/","title":{"rendered":"Sal\u00f3n Comedor N-033 Kazzano"},"content":{"rendered":"<p>Este moderno sal\u00f3n incluye un m\u00f3dulo de televisi\u00f3n a suelo con puerta abatible y una vitrina bar. Adem\u00e1s de un m\u00f3dulo horizontal colgado. Ambientes relajantes en tonos neutros y maderas naturales.<\/p>\n<ul>\n<li><strong>M\u00f3dulo A:<\/strong>\u00a0 Alto 1 puerta batiente + 1 caj\u00f3n derecho 135&#215;35,1x32cm.<\/li>\n<li><strong>M\u00f3dulo B: <\/strong>2x Lateral bajo grueso 1&#215;45,2&#215;80,2cm.<\/li>\n<li><strong>M\u00f3dulo C:<\/strong>\u00a0Vitrina bar + 3 puertas batientes izquierdas + z\u00f3calo 135&#215;45,2x90cm.<\/li>\n<li><strong>M\u00f3dulo D:\u00a0<\/strong>Bajo 1 puerta abatible + z\u00f3calo 150&#215;45,2x42cm.<\/li>\n<li><strong>M\u00f3dulo E:\u00a0<\/strong>Lateral bajo grueso 1&#215;45,2x32x2cm.<\/li>\n<li>Iluminaci\u00f3n led incluida<\/li>\n<\/ul>\n<p><strong>Medidas:\u00a0<\/strong>288&#215;45,2x165cm.<\/p>\n<p>Env\u00edo y montaje opcional.<\/p>","protected":false},"excerpt":{"rendered":"<p>Este moderno sal\u00f3n incluye un m\u00f3dulo de televisi\u00f3n a suelo con puerta abatible y una vitrina bar. Adem\u00e1s de un m\u00f3dulo horizontal colgado. Ambientes relajantes en tonos neutros y maderas naturales. M\u00f3dulo A:\u00a0 Alto 1 puerta batiente + 1 caj\u00f3n derecho 135&#215;35,1x32cm. M\u00f3dulo B: 2x Lateral bajo grueso 1&#215;45,2&#215;80,2cm. M\u00f3dulo C:\u00a0Vitrina bar + 3 puertas [&hellip;]<\/p>\n","protected":false},"featured_media":35648,"comment_status":"closed","ping_status":"closed","template":"","meta":{"site-sidebar-layout":"default","site-content-layout":"","ast-site-content-layout":"default","site-content-style":"default","site-sidebar-style":"default","ast-global-header-display":"","ast-banner-title-visibility":"","ast-main-header-display":"","ast-hfb-above-header-display":"","ast-hfb-below-header-display":"","ast-hfb-mobile-header-display":"","site-post-title":"","ast-breadcrumbs-content":"","ast-featured-img":"","footer-sml-layout":"","ast-disable-related-posts":"","theme-transparent-header-meta":"default","adv-header-id-meta":"","stick-header-meta":"default","header-above-stick-meta":"","header-main-stick-meta":"","header-below-stick-meta":"","astra-migrate-meta-layouts":"set","ast-page-background-enabled":"default","ast-page-background-meta":{"desktop":{"background-color":"var(--ast-global-color-4)","background-image":"","background-repeat":"repeat","background-position":"center center","background-size":"auto","background-attachment":"scroll","background-type":"","background-media":"","overlay-type":"","overlay-color":"","overlay-opacity":"","overlay-gradient":""},"tablet":{"background-color":"","background-image":"","background-repeat":"repeat","background-position":"center center","background-size":"auto","background-attachment":"scroll","background-type":"","background-media":"","overlay-type":"","overlay-color":"","overlay-opacity":"","overlay-gradient":""},"mobile":{"background-color":"","background-image":"","background-repeat":"repeat","background-position":"center center","background-size":"auto","background-attachment":"scroll","background-type":"","background-media":"","overlay-type":"","overlay-color":"","overlay-opacity":"","overlay-gradient":""}},"ast-content-background-meta":{"desktop":{"background-color":"var(--ast-global-color-5)","background-image":"","background-repeat":"repeat","background-position":"center center","background-size":"auto","background-attachment":"scroll","background-type":"","background-media":"","overlay-type":"","overlay-color":"","overlay-opacity":"","overlay-gradient":""},"tablet":{"background-color":"var(--ast-global-color-5)","background-image":"","background-repeat":"repeat","background-position":"center center","background-size":"auto","background-attachment":"scroll","background-type":"","background-media":"","overlay-type":"","overlay-color":"","overlay-opacity":"","overlay-gradient":""},"mobile":{"background-color":"var(--ast-global-color-5)","background-image":"","background-repeat":"repeat","background-position":"center center","background-size":"auto","background-attachment":"scroll","background-type":"","background-media":"","overlay-type":"","overlay-color":"","overlay-opacity":"","overlay-gradient":""}},"_joinchat":[]},"product_brand":[],"product_cat":[271,272],"product_tag":[],"class_list":["post-35647","product","type-product","status-publish","has-post-thumbnail","product_cat-comedores","product_cat-todo-comedores","desktop-align-center","tablet-align-left","mobile-align-left","ast-product-gallery-layout-vertical-slider","ast-product-tabs-layout-accordion","ast-qv-on-image","first","instock","sale","shipping-taxable","purchasable","product-type-simple"],"_links":{"self":[{"href":"https:\/\/mueblesdetena.es\/ru_ru\/wp-json\/wp\/v2\/product\/35647","targetHints":{"allow":["GET"]}}],"collection":[{"href":"https:\/\/mueblesdetena.es\/ru_ru\/wp-json\/wp\/v2\/product"}],"about":[{"href":"https:\/\/mueblesdetena.es\/ru_ru\/wp-json\/wp\/v2\/types\/product"}],"replies":[{"embeddable":true,"href":"https:\/\/mueblesdetena.es\/ru_ru\/wp-json\/wp\/v2\/comments?post=35647"}],"version-history":[{"count":1,"href":"https:\/\/mueblesdetena.es\/ru_ru\/wp-json\/wp\/v2\/product\/35647\/revisions"}],"predecessor-version":[{"id":35650,"href":"https:\/\/mueblesdetena.es\/ru_ru\/wp-json\/wp\/v2\/product\/35647\/revisions\/35650"}],"wp:featuredmedia":[{"embeddable":true,"href":"https:\/\/mueblesdetena.es\/ru_ru\/wp-json\/wp\/v2\/media\/35648"}],"wp:attachment":[{"href":"https:\/\/mueblesdetena.es\/ru_ru\/wp-json\/wp\/v2\/media?parent=35647"}],"wp:term":[{"taxonomy":"product_brand","embeddable":true,"href":"https:\/\/mueblesdetena.es\/ru_ru\/wp-json\/wp\/v2\/product_brand?post=35647"},{"taxonomy":"product_cat","embeddable":true,"href":"https:\/\/mueblesdetena.es\/ru_ru\/wp-json\/wp\/v2\/product_cat?post=35647"},{"taxonomy":"product_tag","embeddable":true,"href":"https:\/\/mueblesdetena.es\/ru_ru\/wp-json\/wp\/v2\/product_tag?post=35647"}],"curies":[{"name":"wp","href":"https:\/\/api.w.org\/{rel}","templated":true}]}}

Salón Comedor N-033 Kazzano

<p>Este moderno salón incluye un módulo de televisión a suelo con puerta abatible y una vitrina bar. Además de un módulo horizontal colgado. Ambientes relajantes en tonos neutros y maderas naturales.</p>
<ul>
<li><strong>Módulo A:</strong>  Alto 1 puerta batiente + 1 cajón derecho 135&#215;35,1x32cm.</li>
<li><strong>Módulo B: </strong>2x Lateral bajo grueso 1&#215;45,2&#215;80,2cm.</li>
<li><strong>Módulo C:</strong> Vitrina bar + 3 puertas batientes izquierdas + zócalo 135&#215;45,2x90cm.</li>
<li><strong>Módulo D: </strong>Bajo 1 puerta abatible + zócalo 150&#215;45,2x42cm.</li>
<li><strong>Módulo E: </strong>Lateral bajo grueso 1&#215;45,2x32x2cm.</li>
<li>Iluminación led incluida</li>
</ul>
<p><strong>Medidas: </strong>288&#215;45,2x165cm.</p>
<p>Envío y montaje opcional.</p>

<p>Este moderno salón incluye un módulo de televisión a suelo con puerta abatible y una vitrina bar. Además de un módulo horizontal colgado. Ambientes relajantes en tonos neutros y maderas naturales. Módulo A:  Alto 1 puerta batiente + 1 cajón derecho 135&#215;35,1x32cm. Módulo B: 2x Lateral bajo grueso 1&#215;45,2&#215;80,2cm. Módulo C: Vitrina bar + 3 puertas [&hellip;]</p>
