{"id":35843,"date":"2025-02-10T17:36:13","date_gmt":"2025-02-10T16:36:13","guid":{"rendered":"https:\/\/mueblesdetena.es\/?post_type=product&#038;p=35843"},"modified":"2026-07-04T22:10:58","modified_gmt":"2026-07-04T20:10:58","slug":"salon-comedor-duo-rimobel","status":"publish","type":"product","link":"https:\/\/mueblesdetena.es\/ru_ru\/salon-comedor-duo-rimobel\/","title":{"rendered":"Sal\u00f3n Comedor Duo 1 Rimobel"},"content":{"rendered":"<p>Esta colecci\u00f3n est\u00e1 fabricada en melamina de primera calidad, resistente a ralladuras y manchas, de un grosor desde 1.9 a 3cm,con cantos en PVC para facilitar la limpieza y el mantenimiento del mueble.<\/p>\n<p><strong>Medidas totales:<\/strong><\/p>\n<ul>\n<li>300x45cm.\u00a0(La altura variar\u00e1 en funci\u00f3n de la instalaci\u00f3n del estante)<\/li>\n<\/ul>\n<p><strong>Desglose de la composici\u00f3n:<\/strong><\/p>\n<ul>\n<li>1x M\u00f3dulo bajo con una puerta abatible alistonado con sistema de apertura push: 150x45x35cm.<\/li>\n<li>1x M\u00f3dulo bajo alistonado con dos cajones, puerta abatible, y puerta desigual:\u00a0150x45x50cm.<\/li>\n<li>1x Soporte TV derecho:\u00a0178x45x5cm.<\/li>\n<li>1x Alto puerta elevable: 145,5x35x31cm.<\/li>\n<li>1x Estanter\u00eda colgada: 150x25x22cm.<\/li>\n<\/ul>\n<p>Env\u00edo y montaje opcional.<\/p>","protected":false},"excerpt":{"rendered":"<p>Esta colecci\u00f3n est\u00e1 fabricada en melamina de primera calidad, resistente a ralladuras y manchas, de un grosor desde 1.9 a 3cm,con cantos en PVC para facilitar la limpieza y el mantenimiento del mueble. Medidas totales: 300x45cm.\u00a0(La altura variar\u00e1 en funci\u00f3n de la instalaci\u00f3n del estante) Desglose de la composici\u00f3n: 1x M\u00f3dulo bajo con una puerta [&hellip;]<\/p>\n","protected":false},"featured_media":35844,"comment_status":"closed","ping_status":"closed","template":"","meta":{"site-sidebar-layout":"default","site-content-layout":"","ast-site-content-layout":"default","site-content-style":"default","site-sidebar-style":"default","ast-global-header-display":"","ast-banner-title-visibility":"","ast-main-header-display":"","ast-hfb-above-header-display":"","ast-hfb-below-header-display":"","ast-hfb-mobile-header-display":"","site-post-title":"","ast-breadcrumbs-content":"","ast-featured-img":"","footer-sml-layout":"","ast-disable-related-posts":"","theme-transparent-header-meta":"default","adv-header-id-meta":"","stick-header-meta":"default","header-above-stick-meta":"","header-main-stick-meta":"","header-below-stick-meta":"","astra-migrate-meta-layouts":"set","ast-page-background-enabled":"default","ast-page-background-meta":{"desktop":{"background-color":"var(--ast-global-color-4)","background-image":"","background-repeat":"repeat","background-position":"center center","background-size":"auto","background-attachment":"scroll","background-type":"","background-media":"","overlay-type":"","overlay-color":"","overlay-opacity":"","overlay-gradient":""},"tablet":{"background-color":"","background-image":"","background-repeat":"repeat","background-position":"center center","background-size":"auto","background-attachment":"scroll","background-type":"","background-media":"","overlay-type":"","overlay-color":"","overlay-opacity":"","overlay-gradient":""},"mobile":{"background-color":"","background-image":"","background-repeat":"repeat","background-position":"center center","background-size":"auto","background-attachment":"scroll","background-type":"","background-media":"","overlay-type":"","overlay-color":"","overlay-opacity":"","overlay-gradient":""}},"ast-content-background-meta":{"desktop":{"background-color":"var(--ast-global-color-5)","background-image":"","background-repeat":"repeat","background-position":"center center","background-size":"auto","background-attachment":"scroll","background-type":"","background-media":"","overlay-type":"","overlay-color":"","overlay-opacity":"","overlay-gradient":""},"tablet":{"background-color":"var(--ast-global-color-5)","background-image":"","background-repeat":"repeat","background-position":"center center","background-size":"auto","background-attachment":"scroll","background-type":"","background-media":"","overlay-type":"","overlay-color":"","overlay-opacity":"","overlay-gradient":""},"mobile":{"background-color":"var(--ast-global-color-5)","background-image":"","background-repeat":"repeat","background-position":"center center","background-size":"auto","background-attachment":"scroll","background-type":"","background-media":"","overlay-type":"","overlay-color":"","overlay-opacity":"","overlay-gradient":""}},"_joinchat":[]},"product_brand":[],"product_cat":[271,272],"product_tag":[785,787],"class_list":["post-35843","product","type-product","status-publish","has-post-thumbnail","product_cat-comedores","product_cat-todo-comedores","product_tag-pbadal","product_tag-ruben","desktop-align-center","tablet-align-left","mobile-align-left","ast-product-gallery-layout-vertical-slider","ast-product-tabs-layout-accordion","ast-qv-on-image","first","instock","sale","shipping-taxable","purchasable","product-type-simple"],"_links":{"self":[{"href":"https:\/\/mueblesdetena.es\/ru_ru\/wp-json\/wp\/v2\/product\/35843","targetHints":{"allow":["GET"]}}],"collection":[{"href":"https:\/\/mueblesdetena.es\/ru_ru\/wp-json\/wp\/v2\/product"}],"about":[{"href":"https:\/\/mueblesdetena.es\/ru_ru\/wp-json\/wp\/v2\/types\/product"}],"replies":[{"embeddable":true,"href":"https:\/\/mueblesdetena.es\/ru_ru\/wp-json\/wp\/v2\/comments?post=35843"}],"version-history":[{"count":3,"href":"https:\/\/mueblesdetena.es\/ru_ru\/wp-json\/wp\/v2\/product\/35843\/revisions"}],"predecessor-version":[{"id":35849,"href":"https:\/\/mueblesdetena.es\/ru_ru\/wp-json\/wp\/v2\/product\/35843\/revisions\/35849"}],"wp:featuredmedia":[{"embeddable":true,"href":"https:\/\/mueblesdetena.es\/ru_ru\/wp-json\/wp\/v2\/media\/35844"}],"wp:attachment":[{"href":"https:\/\/mueblesdetena.es\/ru_ru\/wp-json\/wp\/v2\/media?parent=35843"}],"wp:term":[{"taxonomy":"product_brand","embeddable":true,"href":"https:\/\/mueblesdetena.es\/ru_ru\/wp-json\/wp\/v2\/product_brand?post=35843"},{"taxonomy":"product_cat","embeddable":true,"href":"https:\/\/mueblesdetena.es\/ru_ru\/wp-json\/wp\/v2\/product_cat?post=35843"},{"taxonomy":"product_tag","embeddable":true,"href":"https:\/\/mueblesdetena.es\/ru_ru\/wp-json\/wp\/v2\/product_tag?post=35843"}],"curies":[{"name":"wp","href":"https:\/\/api.w.org\/{rel}","templated":true}]}}

Salón Comedor Duo 1 Rimobel

<p>Esta colección está fabricada en melamina de primera calidad, resistente a ralladuras y manchas, de un grosor desde 1.9 a 3cm,con cantos en PVC para facilitar la limpieza y el mantenimiento del mueble.</p>
<p><strong>Medidas totales:</strong></p>
<ul>
<li>300x45cm. (La altura variará en función de la instalación del estante)</li>
</ul>
<p><strong>Desglose de la composición:</strong></p>
<ul>
<li>1x Módulo bajo con una puerta abatible alistonado con sistema de apertura push: 150x45x35cm.</li>
<li>1x Módulo bajo alistonado con dos cajones, puerta abatible, y puerta desigual: 150x45x50cm.</li>
<li>1x Soporte TV derecho: 178x45x5cm.</li>
<li>1x Alto puerta elevable: 145,5x35x31cm.</li>
<li>1x Estantería colgada: 150x25x22cm.</li>
</ul>
<p>Envío y montaje opcional.</p>

<p>Esta colección está fabricada en melamina de primera calidad, resistente a ralladuras y manchas, de un grosor desde 1.9 a 3cm,con cantos en PVC para facilitar la limpieza y el mantenimiento del mueble. Medidas totales: 300x45cm. (La altura variará en función de la instalación del estante) Desglose de la composición: 1x Módulo bajo con una puerta [&hellip;]</p>
