{"id":35972,"date":"2025-02-13T19:16:23","date_gmt":"2025-02-13T18:16:23","guid":{"rendered":"https:\/\/mueblesdetena.es\/?post_type=product&#038;p=35972"},"modified":"2026-06-26T11:34:48","modified_gmt":"2026-06-26T09:34:48","slug":"sillon-relax-electrico-jerrypower-lift","status":"publish","type":"product","link":"https:\/\/mueblesdetena.es\/ru_ru\/sillon-relax-electrico-jerrypower-lift\/","title":{"rendered":"Sill\u00f3n relax el\u00e9ctrico Jerry,power lift."},"content":{"rendered":"<p>Sill\u00f3n relax el\u00e9ctrico Jerry,elegante,moderno y c\u00f3modo,con doble motor el\u00e9ctrico y power lift con elevaci\u00f3n.<\/p>\n<p>2 motores elevadores con carro y gravedad cero,con palanca trasera que activa ruedas para desplazar f\u00e1cilmente.<\/p>\n<p>Color gris o beige.Asientos con muelles zig-zag,respaldo maxima resistencia,armaz\u00f3n de madera.<\/p>\n<p>Medida de ancho 77 cms,altura 107 cms,fondo de 90 cerrado y 156 extendido. Producto nacional con 2 a\u00f1os de garantia.<\/p>\n<p>Envio e instalaci\u00f3n 90\u20ac (hasta 15 km).<\/p>\n<p>Servicio expr\u00e9s de entrega en 7-10 dias.<\/p>","protected":false},"excerpt":{"rendered":"<p>Sill\u00f3n relax el\u00e9ctrico Jerry,power lift<\/p>","protected":false},"featured_media":35973,"comment_status":"closed","ping_status":"closed","template":"","meta":{"site-sidebar-layout":"default","site-content-layout":"","ast-site-content-layout":"default","site-content-style":"default","site-sidebar-style":"default","ast-global-header-display":"","ast-banner-title-visibility":"","ast-main-header-display":"","ast-hfb-above-header-display":"","ast-hfb-below-header-display":"","ast-hfb-mobile-header-display":"","site-post-title":"","ast-breadcrumbs-content":"","ast-featured-img":"","footer-sml-layout":"","ast-disable-related-posts":"","theme-transparent-header-meta":"default","adv-header-id-meta":"","stick-header-meta":"default","header-above-stick-meta":"","header-main-stick-meta":"","header-below-stick-meta":"","astra-migrate-meta-layouts":"set","ast-page-background-enabled":"default","ast-page-background-meta":{"desktop":{"background-color":"var(--ast-global-color-4)","background-image":"","background-repeat":"repeat","background-position":"center center","background-size":"auto","background-attachment":"scroll","background-type":"","background-media":"","overlay-type":"","overlay-color":"","overlay-opacity":"","overlay-gradient":""},"tablet":{"background-color":"","background-image":"","background-repeat":"repeat","background-position":"center center","background-size":"auto","background-attachment":"scroll","background-type":"","background-media":"","overlay-type":"","overlay-color":"","overlay-opacity":"","overlay-gradient":""},"mobile":{"background-color":"","background-image":"","background-repeat":"repeat","background-position":"center center","background-size":"auto","background-attachment":"scroll","background-type":"","background-media":"","overlay-type":"","overlay-color":"","overlay-opacity":"","overlay-gradient":""}},"ast-content-background-meta":{"desktop":{"background-color":"var(--ast-global-color-5)","background-image":"","background-repeat":"repeat","background-position":"center center","background-size":"auto","background-attachment":"scroll","background-type":"","background-media":"","overlay-type":"","overlay-color":"","overlay-opacity":"","overlay-gradient":""},"tablet":{"background-color":"var(--ast-global-color-5)","background-image":"","background-repeat":"repeat","background-position":"center center","background-size":"auto","background-attachment":"scroll","background-type":"","background-media":"","overlay-type":"","overlay-color":"","overlay-opacity":"","overlay-gradient":""},"mobile":{"background-color":"var(--ast-global-color-5)","background-image":"","background-repeat":"repeat","background-position":"center center","background-size":"auto","background-attachment":"scroll","background-type":"","background-media":"","overlay-type":"","overlay-color":"","overlay-opacity":"","overlay-gradient":""}},"_joinchat":[]},"product_brand":[],"product_cat":[260,278],"product_tag":[785,786],"class_list":["post-35972","product","type-product","status-publish","has-post-thumbnail","product_cat-relax-butacas","product_cat-sofa-relax-electrico","product_tag-pbadal","product_tag-rpep","desktop-align-center","tablet-align-left","mobile-align-left","ast-product-gallery-layout-vertical-slider","ast-product-tabs-layout-accordion","ast-qv-on-image","first","instock","sale","shipping-taxable","purchasable","product-type-simple"],"_links":{"self":[{"href":"https:\/\/mueblesdetena.es\/ru_ru\/wp-json\/wp\/v2\/product\/35972","targetHints":{"allow":["GET"]}}],"collection":[{"href":"https:\/\/mueblesdetena.es\/ru_ru\/wp-json\/wp\/v2\/product"}],"about":[{"href":"https:\/\/mueblesdetena.es\/ru_ru\/wp-json\/wp\/v2\/types\/product"}],"replies":[{"embeddable":true,"href":"https:\/\/mueblesdetena.es\/ru_ru\/wp-json\/wp\/v2\/comments?post=35972"}],"version-history":[{"count":3,"href":"https:\/\/mueblesdetena.es\/ru_ru\/wp-json\/wp\/v2\/product\/35972\/revisions"}],"predecessor-version":[{"id":43948,"href":"https:\/\/mueblesdetena.es\/ru_ru\/wp-json\/wp\/v2\/product\/35972\/revisions\/43948"}],"wp:featuredmedia":[{"embeddable":true,"href":"https:\/\/mueblesdetena.es\/ru_ru\/wp-json\/wp\/v2\/media\/35973"}],"wp:attachment":[{"href":"https:\/\/mueblesdetena.es\/ru_ru\/wp-json\/wp\/v2\/media?parent=35972"}],"wp:term":[{"taxonomy":"product_brand","embeddable":true,"href":"https:\/\/mueblesdetena.es\/ru_ru\/wp-json\/wp\/v2\/product_brand?post=35972"},{"taxonomy":"product_cat","embeddable":true,"href":"https:\/\/mueblesdetena.es\/ru_ru\/wp-json\/wp\/v2\/product_cat?post=35972"},{"taxonomy":"product_tag","embeddable":true,"href":"https:\/\/mueblesdetena.es\/ru_ru\/wp-json\/wp\/v2\/product_tag?post=35972"}],"curies":[{"name":"wp","href":"https:\/\/api.w.org\/{rel}","templated":true}]}}

Sillón relax eléctrico Jerry,power lift.

<p>Sillón relax eléctrico Jerry,elegante,moderno y cómodo,con doble motor eléctrico y power lift con elevación.</p>
<p>2 motores elevadores con carro y gravedad cero,con palanca trasera que activa ruedas para desplazar fácilmente.</p>
<p>Color gris o beige.Asientos con muelles zig-zag,respaldo maxima resistencia,armazón de madera.</p>
<p>Medida de ancho 77 cms,altura 107 cms,fondo de 90 cerrado y 156 extendido. Producto nacional con 2 años de garantia.</p>
<p>Envio e instalación 90€ (hasta 15 km).</p>
<p>Servicio exprés de entrega en 7-10 dias.</p>

<p>Sillón relax eléctrico Jerry,power lift</p>
