{"id":36106,"date":"2025-02-17T17:57:48","date_gmt":"2025-02-17T16:57:48","guid":{"rendered":"https:\/\/mueblesdetena.es\/?post_type=product&#038;p=36106"},"modified":"2026-06-25T21:17:25","modified_gmt":"2026-06-25T19:17:25","slug":"canape-kevin-de-madera","status":"publish","type":"product","link":"https:\/\/mueblesdetena.es\/ru_ru\/canape-kevin-de-madera\/","title":{"rendered":"Canap\u00e9 con cajones Kevin De Madera"},"content":{"rendered":"<p>Moderno canap\u00e9 con cajones laterales (1 en cada lado). Es el mueble adecuado para su buen descanso<\/p>\n<p>y el almacenaje de elementos deseados en su interior. Tapa tapizada abatible.<\/p>\n<p>Color de la imagen principal Negro, pero tambi\u00e9n disponible en\u00a0 los siguientes colores:<\/p>\n<p>Nogal, Wengu\u00e9, Cerezo, Tropi, Roble, R\u00fastiko, N\u00f3rdico, Textil, Dekap\u00e9, y Blanco.<\/p>\n<p>Altura 31cm (tambi\u00e9n disponible en 36cm y 41cm).<\/p>\n<p>Capacidad 24cm ( tambi\u00e9n disponible en 29cm y 34cm).<\/p>\n<p>precio para la medida de 135&#215;190. Otras medidas consultarnos.<\/p>\n<p>Env\u00edo y montaje opcionales.<\/p>\n<p>Canap\u00e9 con cajones Kevin De Madera<\/p>","protected":false},"excerpt":{"rendered":"<p>Moderno canap\u00e9 con cajones laterales (1 en cada lado). Es el mueble adecuado para su buen descanso y el almacenaje de elementos deseados en su interior. Tapa tapizada abatible. Color de la imagen principal Negro, pero tambi\u00e9n disponible en\u00a0 los siguientes colores: Nogal, Wengu\u00e9, Cerezo, Tropi, Roble, R\u00fastiko, N\u00f3rdico, Textil, Dekap\u00e9, y Blanco. Altura 31cm [&hellip;]<\/p>\n","protected":false},"featured_media":42703,"comment_status":"closed","ping_status":"closed","template":"","meta":{"site-sidebar-layout":"default","site-content-layout":"","ast-site-content-layout":"default","site-content-style":"default","site-sidebar-style":"default","ast-global-header-display":"","ast-banner-title-visibility":"","ast-main-header-display":"","ast-hfb-above-header-display":"","ast-hfb-below-header-display":"","ast-hfb-mobile-header-display":"","site-post-title":"","ast-breadcrumbs-content":"","ast-featured-img":"","footer-sml-layout":"","ast-disable-related-posts":"","theme-transparent-header-meta":"default","adv-header-id-meta":"","stick-header-meta":"default","header-above-stick-meta":"","header-main-stick-meta":"","header-below-stick-meta":"","astra-migrate-meta-layouts":"set","ast-page-background-enabled":"default","ast-page-background-meta":{"desktop":{"background-color":"var(--ast-global-color-4)","background-image":"","background-repeat":"repeat","background-position":"center center","background-size":"auto","background-attachment":"scroll","background-type":"","background-media":"","overlay-type":"","overlay-color":"","overlay-opacity":"","overlay-gradient":""},"tablet":{"background-color":"","background-image":"","background-repeat":"repeat","background-position":"center center","background-size":"auto","background-attachment":"scroll","background-type":"","background-media":"","overlay-type":"","overlay-color":"","overlay-opacity":"","overlay-gradient":""},"mobile":{"background-color":"","background-image":"","background-repeat":"repeat","background-position":"center center","background-size":"auto","background-attachment":"scroll","background-type":"","background-media":"","overlay-type":"","overlay-color":"","overlay-opacity":"","overlay-gradient":""}},"ast-content-background-meta":{"desktop":{"background-color":"var(--ast-global-color-5)","background-image":"","background-repeat":"repeat","background-position":"center center","background-size":"auto","background-attachment":"scroll","background-type":"","background-media":"","overlay-type":"","overlay-color":"","overlay-opacity":"","overlay-gradient":""},"tablet":{"background-color":"var(--ast-global-color-5)","background-image":"","background-repeat":"repeat","background-position":"center center","background-size":"auto","background-attachment":"scroll","background-type":"","background-media":"","overlay-type":"","overlay-color":"","overlay-opacity":"","overlay-gradient":""},"mobile":{"background-color":"var(--ast-global-color-5)","background-image":"","background-repeat":"repeat","background-position":"center center","background-size":"auto","background-attachment":"scroll","background-type":"","background-media":"","overlay-type":"","overlay-color":"","overlay-opacity":"","overlay-gradient":""}},"_joinchat":[]},"product_brand":[],"product_cat":[261,275,262],"product_tag":[785],"class_list":["post-36106","product","type-product","status-publish","has-post-thumbnail","product_cat-canapes","product_cat-camas-colchones-badalona","product_cat-canapes-abatibles","product_tag-pbadal","desktop-align-center","tablet-align-left","mobile-align-left","ast-product-gallery-layout-vertical-slider","ast-product-tabs-layout-accordion","ast-qv-on-image","first","instock","sale","shipping-taxable","purchasable","product-type-simple"],"_links":{"self":[{"href":"https:\/\/mueblesdetena.es\/ru_ru\/wp-json\/wp\/v2\/product\/36106","targetHints":{"allow":["GET"]}}],"collection":[{"href":"https:\/\/mueblesdetena.es\/ru_ru\/wp-json\/wp\/v2\/product"}],"about":[{"href":"https:\/\/mueblesdetena.es\/ru_ru\/wp-json\/wp\/v2\/types\/product"}],"replies":[{"embeddable":true,"href":"https:\/\/mueblesdetena.es\/ru_ru\/wp-json\/wp\/v2\/comments?post=36106"}],"version-history":[{"count":3,"href":"https:\/\/mueblesdetena.es\/ru_ru\/wp-json\/wp\/v2\/product\/36106\/revisions"}],"predecessor-version":[{"id":41029,"href":"https:\/\/mueblesdetena.es\/ru_ru\/wp-json\/wp\/v2\/product\/36106\/revisions\/41029"}],"wp:featuredmedia":[{"embeddable":true,"href":"https:\/\/mueblesdetena.es\/ru_ru\/wp-json\/wp\/v2\/media\/42703"}],"wp:attachment":[{"href":"https:\/\/mueblesdetena.es\/ru_ru\/wp-json\/wp\/v2\/media?parent=36106"}],"wp:term":[{"taxonomy":"product_brand","embeddable":true,"href":"https:\/\/mueblesdetena.es\/ru_ru\/wp-json\/wp\/v2\/product_brand?post=36106"},{"taxonomy":"product_cat","embeddable":true,"href":"https:\/\/mueblesdetena.es\/ru_ru\/wp-json\/wp\/v2\/product_cat?post=36106"},{"taxonomy":"product_tag","embeddable":true,"href":"https:\/\/mueblesdetena.es\/ru_ru\/wp-json\/wp\/v2\/product_tag?post=36106"}],"curies":[{"name":"wp","href":"https:\/\/api.w.org\/{rel}","templated":true}]}}

Canapé con cajones Kevin De Madera

<p>Moderno canapé con cajones laterales (1 en cada lado). Es el mueble adecuado para su buen descanso</p>
<p>y el almacenaje de elementos deseados en su interior. Tapa tapizada abatible.</p>
<p>Color de la imagen principal Negro, pero también disponible en  los siguientes colores:</p>
<p>Nogal, Wengué, Cerezo, Tropi, Roble, Rústiko, Nórdico, Textil, Dekapé, y Blanco.</p>
<p>Altura 31cm (también disponible en 36cm y 41cm).</p>
<p>Capacidad 24cm ( también disponible en 29cm y 34cm).</p>
<p>precio para la medida de 135&#215;190. Otras medidas consultarnos.</p>
<p>Envío y montaje opcionales.</p>
<p>Canapé con cajones Kevin De Madera</p>

<p>Moderno canapé con cajones laterales (1 en cada lado). Es el mueble adecuado para su buen descanso y el almacenaje de elementos deseados en su interior. Tapa tapizada abatible. Color de la imagen principal Negro, pero también disponible en  los siguientes colores: Nogal, Wengué, Cerezo, Tropi, Roble, Rústiko, Nórdico, Textil, Dekapé, y Blanco. Altura 31cm [&hellip;]</p>
