{"id":36186,"date":"2025-02-18T19:04:47","date_gmt":"2025-02-18T18:04:47","guid":{"rendered":"https:\/\/mueblesdetena.es\/?post_type=product&#038;p=36186"},"modified":"2026-06-25T21:17:24","modified_gmt":"2026-06-25T19:17:24","slug":"canape-articulado-electrico-estambul","status":"publish","type":"product","link":"https:\/\/mueblesdetena.es\/ru_ru\/canape-articulado-electrico-estambul\/","title":{"rendered":"Canape articulado el\u00e9ctrico Estambul"},"content":{"rendered":"<p><strong>Canap\u00e9 el\u00e9ctrico y articulable de estructura de madera,con somier multil\u00e1minas con refuerzo lumbar y tensores de firmeza,excelente calidad y acabado,diferentes opciones de color a elegir.<\/strong><\/p>\n<p><strong>Mando por cable.Altura total de 34 cms con \u00fatil interior de 28 cms.<\/strong><\/p>\n<p><strong>Precio correspondiente a la medida de 135 x 180-190.Opci\u00f3n 140,150,160\u00d7190,200 .<\/strong><\/p>\n<p><strong>Transporte y montaje 100\u20ac(hasta 15 km)<\/strong><\/p>\n<p><strong>No trabajamos fuera de Catalu\u00f1a<\/strong><\/p>","protected":false},"excerpt":{"rendered":"<p>Canap\u00e9 el\u00e9ctrico y articulable de estructura de madera,con somier multil\u00e1minas con refuerzo lumbar y tensores de firmeza,excelente calidad y acabado,diferentes opciones de color a elegir. Mando por cable.Altura total de 34 cms con \u00fatil interior de 28 cms. Precio correspondiente a la medida de 135 x 180-190.Opci\u00f3n 140,150,160\u00d7190,200 . Transporte y montaje 100\u20ac(hasta 15 km) [&hellip;]<\/p>\n","protected":false},"featured_media":36189,"comment_status":"closed","ping_status":"closed","template":"","meta":{"site-sidebar-layout":"default","site-content-layout":"","ast-site-content-layout":"default","site-content-style":"default","site-sidebar-style":"default","ast-global-header-display":"","ast-banner-title-visibility":"","ast-main-header-display":"","ast-hfb-above-header-display":"","ast-hfb-below-header-display":"","ast-hfb-mobile-header-display":"","site-post-title":"","ast-breadcrumbs-content":"","ast-featured-img":"","footer-sml-layout":"","ast-disable-related-posts":"","theme-transparent-header-meta":"default","adv-header-id-meta":"","stick-header-meta":"default","header-above-stick-meta":"","header-main-stick-meta":"","header-below-stick-meta":"","astra-migrate-meta-layouts":"set","ast-page-background-enabled":"default","ast-page-background-meta":{"desktop":{"background-color":"var(--ast-global-color-4)","background-image":"","background-repeat":"repeat","background-position":"center center","background-size":"auto","background-attachment":"scroll","background-type":"","background-media":"","overlay-type":"","overlay-color":"","overlay-opacity":"","overlay-gradient":""},"tablet":{"background-color":"","background-image":"","background-repeat":"repeat","background-position":"center center","background-size":"auto","background-attachment":"scroll","background-type":"","background-media":"","overlay-type":"","overlay-color":"","overlay-opacity":"","overlay-gradient":""},"mobile":{"background-color":"","background-image":"","background-repeat":"repeat","background-position":"center center","background-size":"auto","background-attachment":"scroll","background-type":"","background-media":"","overlay-type":"","overlay-color":"","overlay-opacity":"","overlay-gradient":""}},"ast-content-background-meta":{"desktop":{"background-color":"var(--ast-global-color-5)","background-image":"","background-repeat":"repeat","background-position":"center center","background-size":"auto","background-attachment":"scroll","background-type":"","background-media":"","overlay-type":"","overlay-color":"","overlay-opacity":"","overlay-gradient":""},"tablet":{"background-color":"var(--ast-global-color-5)","background-image":"","background-repeat":"repeat","background-position":"center center","background-size":"auto","background-attachment":"scroll","background-type":"","background-media":"","overlay-type":"","overlay-color":"","overlay-opacity":"","overlay-gradient":""},"mobile":{"background-color":"var(--ast-global-color-5)","background-image":"","background-repeat":"repeat","background-position":"center center","background-size":"auto","background-attachment":"scroll","background-type":"","background-media":"","overlay-type":"","overlay-color":"","overlay-opacity":"","overlay-gradient":""}},"_joinchat":[]},"product_brand":[],"product_cat":[261,262,288],"product_tag":[787],"class_list":["post-36186","product","type-product","status-publish","has-post-thumbnail","product_cat-canapes","product_cat-canapes-abatibles","product_cat-canapes-electricos-articulados","product_tag-ruben","desktop-align-center","tablet-align-left","mobile-align-left","ast-product-gallery-layout-vertical-slider","ast-product-tabs-layout-accordion","ast-qv-on-image","first","instock","sale","shipping-taxable","purchasable","product-type-simple"],"_links":{"self":[{"href":"https:\/\/mueblesdetena.es\/ru_ru\/wp-json\/wp\/v2\/product\/36186","targetHints":{"allow":["GET"]}}],"collection":[{"href":"https:\/\/mueblesdetena.es\/ru_ru\/wp-json\/wp\/v2\/product"}],"about":[{"href":"https:\/\/mueblesdetena.es\/ru_ru\/wp-json\/wp\/v2\/types\/product"}],"replies":[{"embeddable":true,"href":"https:\/\/mueblesdetena.es\/ru_ru\/wp-json\/wp\/v2\/comments?post=36186"}],"version-history":[{"count":1,"href":"https:\/\/mueblesdetena.es\/ru_ru\/wp-json\/wp\/v2\/product\/36186\/revisions"}],"predecessor-version":[{"id":36194,"href":"https:\/\/mueblesdetena.es\/ru_ru\/wp-json\/wp\/v2\/product\/36186\/revisions\/36194"}],"wp:featuredmedia":[{"embeddable":true,"href":"https:\/\/mueblesdetena.es\/ru_ru\/wp-json\/wp\/v2\/media\/36189"}],"wp:attachment":[{"href":"https:\/\/mueblesdetena.es\/ru_ru\/wp-json\/wp\/v2\/media?parent=36186"}],"wp:term":[{"taxonomy":"product_brand","embeddable":true,"href":"https:\/\/mueblesdetena.es\/ru_ru\/wp-json\/wp\/v2\/product_brand?post=36186"},{"taxonomy":"product_cat","embeddable":true,"href":"https:\/\/mueblesdetena.es\/ru_ru\/wp-json\/wp\/v2\/product_cat?post=36186"},{"taxonomy":"product_tag","embeddable":true,"href":"https:\/\/mueblesdetena.es\/ru_ru\/wp-json\/wp\/v2\/product_tag?post=36186"}],"curies":[{"name":"wp","href":"https:\/\/api.w.org\/{rel}","templated":true}]}}

Canape articulado eléctrico Estambul

<p><strong>Canapé eléctrico y articulable de estructura de madera,con somier multiláminas con refuerzo lumbar y tensores de firmeza,excelente calidad y acabado,diferentes opciones de color a elegir.</strong></p>
<p><strong>Mando por cable.Altura total de 34 cms con útil interior de 28 cms.</strong></p>
<p><strong>Precio correspondiente a la medida de 135 x 180-190.Opción 140,150,160×190,200 .</strong></p>
<p><strong>Transporte y montaje 100€(hasta 15 km)</strong></p>
<p><strong>No trabajamos fuera de Cataluña</strong></p>

<p>Canapé eléctrico y articulable de estructura de madera,con somier multiláminas con refuerzo lumbar y tensores de firmeza,excelente calidad y acabado,diferentes opciones de color a elegir. Mando por cable.Altura total de 34 cms con útil interior de 28 cms. Precio correspondiente a la medida de 135 x 180-190.Opción 140,150,160×190,200 . Transporte y montaje 100€(hasta 15 km) [&hellip;]</p>
