{"id":36205,"date":"2025-02-18T19:38:07","date_gmt":"2025-02-18T18:38:07","guid":{"rendered":"https:\/\/mueblesdetena.es\/?post_type=product&#038;p=36205"},"modified":"2026-06-25T21:17:24","modified_gmt":"2026-06-25T19:17:24","slug":"canape-zapatero-palisandro","status":"publish","type":"product","link":"https:\/\/mueblesdetena.es\/ru_ru\/canape-zapatero-palisandro\/","title":{"rendered":"Canap\u00e9 Zapatero Palisandro"},"content":{"rendered":"<p>El Canap\u00e9 Palisandro es un mueble funcional y adecuado para el descanso y almacenaje.<\/p>\n<p>Aprovecha mejor el espacio en tu cuarto de dormitorio con este elegante Canap\u00e9 de Madera.<\/p>\n<p>Su estructura est\u00e1 superreforzada de 3,5 cms, con zapatero frontal de puertas batientes de excelente calidad, tapa con refuerzos anti arqueo y en tejido 3d transpirable, precio correspondiente a la medida de 135x190x33 cms, \u00fatil interior 24 cms.<\/p>\n<p>Opci\u00f3n en altura 38, opci\u00f3n altura 43, largo de 2 metros. (Cabezal J\u00fapiter no incluido)<\/p>\n<p>Otras medidas consultarnos.<\/p>\n<p>Transporte y montaje opcionales.<\/p>\n<p>No trabajamos fuera de Catalu\u00f1a.<\/p>","protected":false},"excerpt":{"rendered":"<p>El Canap\u00e9 Palisandro es un mueble funcional y adecuado para el descanso y almacenaje. Aprovecha mejor el espacio en tu cuarto de dormitorio con este elegante Canap\u00e9 de Madera. Su estructura est\u00e1 superreforzada de 3,5 cms, con zapatero frontal de puertas batientes de excelente calidad, tapa con refuerzos anti arqueo y en tejido 3d transpirable, [&hellip;]<\/p>\n","protected":false},"featured_media":36208,"comment_status":"closed","ping_status":"closed","template":"","meta":{"site-sidebar-layout":"default","site-content-layout":"","ast-site-content-layout":"default","site-content-style":"default","site-sidebar-style":"default","ast-global-header-display":"","ast-banner-title-visibility":"","ast-main-header-display":"","ast-hfb-above-header-display":"","ast-hfb-below-header-display":"","ast-hfb-mobile-header-display":"","site-post-title":"","ast-breadcrumbs-content":"","ast-featured-img":"","footer-sml-layout":"","ast-disable-related-posts":"","theme-transparent-header-meta":"default","adv-header-id-meta":"","stick-header-meta":"default","header-above-stick-meta":"","header-main-stick-meta":"","header-below-stick-meta":"","astra-migrate-meta-layouts":"set","ast-page-background-enabled":"default","ast-page-background-meta":{"desktop":{"background-color":"var(--ast-global-color-4)","background-image":"","background-repeat":"repeat","background-position":"center center","background-size":"auto","background-attachment":"scroll","background-type":"","background-media":"","overlay-type":"","overlay-color":"","overlay-opacity":"","overlay-gradient":""},"tablet":{"background-color":"","background-image":"","background-repeat":"repeat","background-position":"center center","background-size":"auto","background-attachment":"scroll","background-type":"","background-media":"","overlay-type":"","overlay-color":"","overlay-opacity":"","overlay-gradient":""},"mobile":{"background-color":"","background-image":"","background-repeat":"repeat","background-position":"center center","background-size":"auto","background-attachment":"scroll","background-type":"","background-media":"","overlay-type":"","overlay-color":"","overlay-opacity":"","overlay-gradient":""}},"ast-content-background-meta":{"desktop":{"background-color":"var(--ast-global-color-5)","background-image":"","background-repeat":"repeat","background-position":"center center","background-size":"auto","background-attachment":"scroll","background-type":"","background-media":"","overlay-type":"","overlay-color":"","overlay-opacity":"","overlay-gradient":""},"tablet":{"background-color":"var(--ast-global-color-5)","background-image":"","background-repeat":"repeat","background-position":"center center","background-size":"auto","background-attachment":"scroll","background-type":"","background-media":"","overlay-type":"","overlay-color":"","overlay-opacity":"","overlay-gradient":""},"mobile":{"background-color":"var(--ast-global-color-5)","background-image":"","background-repeat":"repeat","background-position":"center center","background-size":"auto","background-attachment":"scroll","background-type":"","background-media":"","overlay-type":"","overlay-color":"","overlay-opacity":"","overlay-gradient":""}},"_joinchat":[]},"product_brand":[],"product_cat":[261,275,262],"product_tag":[793,785,787],"class_list":["post-36205","product","type-product","status-publish","has-post-thumbnail","product_cat-canapes","product_cat-camas-colchones-badalona","product_cat-canapes-abatibles","product_tag-daria","product_tag-pbadal","product_tag-ruben","desktop-align-center","tablet-align-left","mobile-align-left","ast-product-gallery-layout-vertical-slider","ast-product-tabs-layout-accordion","ast-qv-on-image","first","instock","sale","shipping-taxable","purchasable","product-type-simple"],"_links":{"self":[{"href":"https:\/\/mueblesdetena.es\/ru_ru\/wp-json\/wp\/v2\/product\/36205","targetHints":{"allow":["GET"]}}],"collection":[{"href":"https:\/\/mueblesdetena.es\/ru_ru\/wp-json\/wp\/v2\/product"}],"about":[{"href":"https:\/\/mueblesdetena.es\/ru_ru\/wp-json\/wp\/v2\/types\/product"}],"replies":[{"embeddable":true,"href":"https:\/\/mueblesdetena.es\/ru_ru\/wp-json\/wp\/v2\/comments?post=36205"}],"version-history":[{"count":3,"href":"https:\/\/mueblesdetena.es\/ru_ru\/wp-json\/wp\/v2\/product\/36205\/revisions"}],"predecessor-version":[{"id":36437,"href":"https:\/\/mueblesdetena.es\/ru_ru\/wp-json\/wp\/v2\/product\/36205\/revisions\/36437"}],"wp:featuredmedia":[{"embeddable":true,"href":"https:\/\/mueblesdetena.es\/ru_ru\/wp-json\/wp\/v2\/media\/36208"}],"wp:attachment":[{"href":"https:\/\/mueblesdetena.es\/ru_ru\/wp-json\/wp\/v2\/media?parent=36205"}],"wp:term":[{"taxonomy":"product_brand","embeddable":true,"href":"https:\/\/mueblesdetena.es\/ru_ru\/wp-json\/wp\/v2\/product_brand?post=36205"},{"taxonomy":"product_cat","embeddable":true,"href":"https:\/\/mueblesdetena.es\/ru_ru\/wp-json\/wp\/v2\/product_cat?post=36205"},{"taxonomy":"product_tag","embeddable":true,"href":"https:\/\/mueblesdetena.es\/ru_ru\/wp-json\/wp\/v2\/product_tag?post=36205"}],"curies":[{"name":"wp","href":"https:\/\/api.w.org\/{rel}","templated":true}]}}

Canapé Zapatero Palisandro

<p>El Canapé Palisandro es un mueble funcional y adecuado para el descanso y almacenaje.</p>
<p>Aprovecha mejor el espacio en tu cuarto de dormitorio con este elegante Canapé de Madera.</p>
<p>Su estructura está superreforzada de 3,5 cms, con zapatero frontal de puertas batientes de excelente calidad, tapa con refuerzos anti arqueo y en tejido 3d transpirable, precio correspondiente a la medida de 135x190x33 cms, útil interior 24 cms.</p>
<p>Opción en altura 38, opción altura 43, largo de 2 metros. (Cabezal Júpiter no incluido)</p>
<p>Otras medidas consultarnos.</p>
<p>Transporte y montaje opcionales.</p>
<p>No trabajamos fuera de Cataluña.</p>

<p>El Canapé Palisandro es un mueble funcional y adecuado para el descanso y almacenaje. Aprovecha mejor el espacio en tu cuarto de dormitorio con este elegante Canapé de Madera. Su estructura está superreforzada de 3,5 cms, con zapatero frontal de puertas batientes de excelente calidad, tapa con refuerzos anti arqueo y en tejido 3d transpirable, [&hellip;]</p>
