{"id":36369,"date":"2025-02-23T09:22:07","date_gmt":"2025-02-23T08:22:07","guid":{"rendered":"https:\/\/mueblesdetena.es\/?post_type=product&#038;p=36369"},"modified":"2026-06-26T17:25:43","modified_gmt":"2026-06-26T15:25:43","slug":"sofa-chaise-longue-doble-electrico-eden","status":"publish","type":"product","link":"https:\/\/mueblesdetena.es\/ru_ru\/sofa-chaise-longue-doble-electrico-eden\/","title":{"rendered":"Sofa chaise longue doble electrico eden."},"content":{"rendered":"<div class=\"wpb_text_column wpb_content_element\">\n<div class=\"wpb_wrapper\">\n<p>Sof\u00e1 Eden con asientos relax el\u00e9ctricos . Disponible en un gran abanico de medidas y opciones. Forma la composici\u00f3n que m\u00e1s se ajusta a tu sal\u00f3n y estilo de vida y disfruta de verdaderos momentos de relax en casa. Fabricado con materiales de primera calidad.Precio correspondiente a la medida de 292 con doble el\u00e9ctrico y chaise longue ,medida total 292.Cojines decorativos no inclu\u00eddos en la oferta.<\/p>\n<p>Con botonera usb en la parte exterior del brazo,envio y colocaci\u00f3n opcional 110\u20ac(hasta 15 km)<\/p>\n<\/div>\n<\/div>\n<div class=\"vc_empty_space\"><\/div>\n<div class=\"wpb_text_column wpb_content_element\">\n<div class=\"wpb_wrapper\">\n<h4>MEDIDAS:<\/h4>\n<\/div>\n<\/div>\n<div class=\"separator small left\"><\/div>\n<div class=\"wpb_text_column wpb_content_element\">\n<div class=\"wpb_wrapper\">\n<ul>\n<li>Alto: 104 cm.<\/li>\n<li>Fondo: 98 cm.<\/li>\n<li>Fondo abierto: 154 cm.<\/li>\n<li>Sofa chaise longue doble electrico eden<\/li>\n<\/ul>\n<\/div>\n<\/div>","protected":false},"excerpt":{"rendered":"<ul>\n<li><strong>Estructura:\u00a0<\/strong>De madera de pino y tablero de part\u00edculas recubiertas de espuma de poliuretano.<\/li>\n<li><strong>Suspensi\u00f3n:<\/strong>\u00a0Muelles.<\/li>\n<li><strong>Mecanismos:<\/strong>\u00a0Relax el\u00e9ctrico.<\/li>\n<li><strong>Almohada de respaldo y ri\u00f1onera:<\/strong>\u00a0Fibra hueca.<\/li>\n<li><strong>Almohada de asiento:<\/strong>\u00a0Espuma de poliuretano de 32 Kg. recubierta de fibra siliconada.<\/li>\n<li><strong>Almohada de brazo:<\/strong>\u00a0Espuma de poliuretano recubierta de fibra 23 Kg. suave.<\/li>\n<li><strong>Patas:<\/strong>\u00a0Madera lacadas en color plata.<\/li>\n<li><strong>Almohadas:<\/strong>\u00a0Totalmente desenfundables.<\/li>\n<li><strong>Apertura el\u00e9ctrica:<\/strong>\u00a0Botonera oculta por defecto (opcional botonera decorativa exterior).<\/li>\n<li><strong>Brazo Chaiselongue:<\/strong>\u00a0Brazo siesta o brazo largo.<\/li>\n<\/ul>","protected":false},"featured_media":42131,"comment_status":"closed","ping_status":"closed","template":"","meta":{"site-sidebar-layout":"default","site-content-layout":"","ast-site-content-layout":"default","site-content-style":"default","site-sidebar-style":"default","ast-global-header-display":"","ast-banner-title-visibility":"","ast-main-header-display":"","ast-hfb-above-header-display":"","ast-hfb-below-header-display":"","ast-hfb-mobile-header-display":"","site-post-title":"","ast-breadcrumbs-content":"","ast-featured-img":"","footer-sml-layout":"","ast-disable-related-posts":"","theme-transparent-header-meta":"default","adv-header-id-meta":"","stick-header-meta":"default","header-above-stick-meta":"","header-main-stick-meta":"","header-below-stick-meta":"","astra-migrate-meta-layouts":"set","ast-page-background-enabled":"default","ast-page-background-meta":{"desktop":{"background-color":"var(--ast-global-color-4)","background-image":"","background-repeat":"repeat","background-position":"center center","background-size":"auto","background-attachment":"scroll","background-type":"","background-media":"","overlay-type":"","overlay-color":"","overlay-opacity":"","overlay-gradient":""},"tablet":{"background-color":"","background-image":"","background-repeat":"repeat","background-position":"center center","background-size":"auto","background-attachment":"scroll","background-type":"","background-media":"","overlay-type":"","overlay-color":"","overlay-opacity":"","overlay-gradient":""},"mobile":{"background-color":"","background-image":"","background-repeat":"repeat","background-position":"center center","background-size":"auto","background-attachment":"scroll","background-type":"","background-media":"","overlay-type":"","overlay-color":"","overlay-opacity":"","overlay-gradient":""}},"ast-content-background-meta":{"desktop":{"background-color":"var(--ast-global-color-5)","background-image":"","background-repeat":"repeat","background-position":"center center","background-size":"auto","background-attachment":"scroll","background-type":"","background-media":"","overlay-type":"","overlay-color":"","overlay-opacity":"","overlay-gradient":""},"tablet":{"background-color":"var(--ast-global-color-5)","background-image":"","background-repeat":"repeat","background-position":"center center","background-size":"auto","background-attachment":"scroll","background-type":"","background-media":"","overlay-type":"","overlay-color":"","overlay-opacity":"","overlay-gradient":""},"mobile":{"background-color":"var(--ast-global-color-5)","background-image":"","background-repeat":"repeat","background-position":"center center","background-size":"auto","background-attachment":"scroll","background-type":"","background-media":"","overlay-type":"","overlay-color":"","overlay-opacity":"","overlay-gradient":""}},"_joinchat":[]},"product_brand":[],"product_cat":[259,278,267],"product_tag":[788,785,786,787],"class_list":["post-36369","product","type-product","status-publish","has-post-thumbnail","product_cat-sofas-badalona","product_cat-sofa-relax-electrico","product_cat-sofas-con-chaise-longue","product_tag-kenet","product_tag-pbadal","product_tag-rpep","product_tag-ruben","desktop-align-center","tablet-align-left","mobile-align-left","ast-product-gallery-layout-vertical-slider","ast-product-tabs-layout-accordion","ast-qv-on-image","first","instock","sale","shipping-taxable","purchasable","product-type-simple"],"_links":{"self":[{"href":"https:\/\/mueblesdetena.es\/ru_ru\/wp-json\/wp\/v2\/product\/36369","targetHints":{"allow":["GET"]}}],"collection":[{"href":"https:\/\/mueblesdetena.es\/ru_ru\/wp-json\/wp\/v2\/product"}],"about":[{"href":"https:\/\/mueblesdetena.es\/ru_ru\/wp-json\/wp\/v2\/types\/product"}],"replies":[{"embeddable":true,"href":"https:\/\/mueblesdetena.es\/ru_ru\/wp-json\/wp\/v2\/comments?post=36369"}],"version-history":[{"count":5,"href":"https:\/\/mueblesdetena.es\/ru_ru\/wp-json\/wp\/v2\/product\/36369\/revisions"}],"predecessor-version":[{"id":44399,"href":"https:\/\/mueblesdetena.es\/ru_ru\/wp-json\/wp\/v2\/product\/36369\/revisions\/44399"}],"wp:featuredmedia":[{"embeddable":true,"href":"https:\/\/mueblesdetena.es\/ru_ru\/wp-json\/wp\/v2\/media\/42131"}],"wp:attachment":[{"href":"https:\/\/mueblesdetena.es\/ru_ru\/wp-json\/wp\/v2\/media?parent=36369"}],"wp:term":[{"taxonomy":"product_brand","embeddable":true,"href":"https:\/\/mueblesdetena.es\/ru_ru\/wp-json\/wp\/v2\/product_brand?post=36369"},{"taxonomy":"product_cat","embeddable":true,"href":"https:\/\/mueblesdetena.es\/ru_ru\/wp-json\/wp\/v2\/product_cat?post=36369"},{"taxonomy":"product_tag","embeddable":true,"href":"https:\/\/mueblesdetena.es\/ru_ru\/wp-json\/wp\/v2\/product_tag?post=36369"}],"curies":[{"name":"wp","href":"https:\/\/api.w.org\/{rel}","templated":true}]}}

<div class="wpb_text_column wpb_content_element">
<div class="wpb_wrapper">
<p>Sofá Eden con asientos relax eléctricos . Disponible en un gran abanico de medidas y opciones. Forma la composición que más se ajusta a tu salón y estilo de vida y disfruta de verdaderos momentos de relax en casa. Fabricado con materiales de primera calidad.Precio correspondiente a la medida de 292 con doble eléctrico y chaise longue ,medida total 292.Cojines decorativos no incluídos en la oferta.</p>
<p>Con botonera usb en la parte exterior del brazo,envio y colocación opcional 110€(hasta 15 km)</p>
</div>
</div>
<div class="vc_empty_space"></div>
<div class="wpb_text_column wpb_content_element">
<div class="wpb_wrapper">
<h4>MEDIDAS:</h4>
</div>
</div>
<div class="separator small left"></div>
<div class="wpb_text_column wpb_content_element">
<div class="wpb_wrapper">
<ul>
<li>Alto: 104 cm.</li>
<li>Fondo: 98 cm.</li>
<li>Fondo abierto: 154 cm.</li>
<li>Sofa chaise longue doble electrico eden</li>
</ul>
</div>
</div>

<ul>
<li><strong>Estructura: </strong>De madera de pino y tablero de partículas recubiertas de espuma de poliuretano.</li>
<li><strong>Suspensión:</strong> Muelles.</li>
<li><strong>Mecanismos:</strong> Relax eléctrico.</li>
<li><strong>Almohada de respaldo y riñonera:</strong> Fibra hueca.</li>
<li><strong>Almohada de asiento:</strong> Espuma de poliuretano de 32 Kg. recubierta de fibra siliconada.</li>
<li><strong>Almohada de brazo:</strong> Espuma de poliuretano recubierta de fibra 23 Kg. suave.</li>
<li><strong>Patas:</strong> Madera lacadas en color plata.</li>
<li><strong>Almohadas:</strong> Totalmente desenfundables.</li>
<li><strong>Apertura eléctrica:</strong> Botonera oculta por defecto (opcional botonera decorativa exterior).</li>
<li><strong>Brazo Chaiselongue:</strong> Brazo siesta o brazo largo.</li>
</ul>
