{"id":36471,"date":"2025-02-27T13:04:09","date_gmt":"2025-02-27T12:04:09","guid":{"rendered":"https:\/\/mueblesdetena.es\/?post_type=product&#038;p=36471"},"modified":"2026-07-04T22:11:06","modified_gmt":"2026-07-04T20:11:06","slug":"salon-comedor-tray-05","status":"publish","type":"product","link":"https:\/\/mueblesdetena.es\/ru_ru\/salon-comedor-tray-05\/","title":{"rendered":"Sal\u00f3n Comedor TRAY 05"},"content":{"rendered":"<p>Refresca el ambiente de tu sal\u00f3n con esta propuesta de muebles. Conf\u00f3rmalo a tu necesidad en cuanto a medidas y colores.<\/p>\n<p>Base met\u00e1lica para los m\u00f3dulos. Puerta abatible para el m\u00f3dulo de colgar.<\/p>\n<p>240 cm de largo. Otras opciones, consultarnos.<\/p>","protected":false},"excerpt":{"rendered":"<p>Refresca el ambiente de tu sal\u00f3n con esta propuesta de muebles. Conf\u00f3rmalo a tu necesidad en cuanto a medidas y colores. Base met\u00e1lica para los m\u00f3dulos. Puerta abatible para el m\u00f3dulo de colgar. 240 cm de largo. Otras opciones, consultarnos.<\/p>","protected":false},"featured_media":36472,"comment_status":"closed","ping_status":"closed","template":"","meta":{"site-sidebar-layout":"default","site-content-layout":"","ast-site-content-layout":"default","site-content-style":"default","site-sidebar-style":"default","ast-global-header-display":"","ast-banner-title-visibility":"","ast-main-header-display":"","ast-hfb-above-header-display":"","ast-hfb-below-header-display":"","ast-hfb-mobile-header-display":"","site-post-title":"","ast-breadcrumbs-content":"","ast-featured-img":"","footer-sml-layout":"","ast-disable-related-posts":"","theme-transparent-header-meta":"default","adv-header-id-meta":"","stick-header-meta":"default","header-above-stick-meta":"","header-main-stick-meta":"","header-below-stick-meta":"","astra-migrate-meta-layouts":"set","ast-page-background-enabled":"default","ast-page-background-meta":{"desktop":{"background-color":"var(--ast-global-color-4)","background-image":"","background-repeat":"repeat","background-position":"center center","background-size":"auto","background-attachment":"scroll","background-type":"","background-media":"","overlay-type":"","overlay-color":"","overlay-opacity":"","overlay-gradient":""},"tablet":{"background-color":"","background-image":"","background-repeat":"repeat","background-position":"center center","background-size":"auto","background-attachment":"scroll","background-type":"","background-media":"","overlay-type":"","overlay-color":"","overlay-opacity":"","overlay-gradient":""},"mobile":{"background-color":"","background-image":"","background-repeat":"repeat","background-position":"center center","background-size":"auto","background-attachment":"scroll","background-type":"","background-media":"","overlay-type":"","overlay-color":"","overlay-opacity":"","overlay-gradient":""}},"ast-content-background-meta":{"desktop":{"background-color":"var(--ast-global-color-5)","background-image":"","background-repeat":"repeat","background-position":"center center","background-size":"auto","background-attachment":"scroll","background-type":"","background-media":"","overlay-type":"","overlay-color":"","overlay-opacity":"","overlay-gradient":""},"tablet":{"background-color":"var(--ast-global-color-5)","background-image":"","background-repeat":"repeat","background-position":"center center","background-size":"auto","background-attachment":"scroll","background-type":"","background-media":"","overlay-type":"","overlay-color":"","overlay-opacity":"","overlay-gradient":""},"mobile":{"background-color":"var(--ast-global-color-5)","background-image":"","background-repeat":"repeat","background-position":"center center","background-size":"auto","background-attachment":"scroll","background-type":"","background-media":"","overlay-type":"","overlay-color":"","overlay-opacity":"","overlay-gradient":""}},"_joinchat":[]},"product_brand":[],"product_cat":[272,311,271],"product_tag":[787],"class_list":["post-36471","product","type-product","status-publish","has-post-thumbnail","product_cat-todo-comedores","product_cat-composiciones-comedor-modernas","product_cat-comedores","product_tag-ruben","desktop-align-center","tablet-align-left","mobile-align-left","ast-product-gallery-layout-vertical-slider","ast-product-tabs-layout-accordion","ast-qv-on-image","first","instock","sale","shipping-taxable","purchasable","product-type-simple"],"_links":{"self":[{"href":"https:\/\/mueblesdetena.es\/ru_ru\/wp-json\/wp\/v2\/product\/36471","targetHints":{"allow":["GET"]}}],"collection":[{"href":"https:\/\/mueblesdetena.es\/ru_ru\/wp-json\/wp\/v2\/product"}],"about":[{"href":"https:\/\/mueblesdetena.es\/ru_ru\/wp-json\/wp\/v2\/types\/product"}],"replies":[{"embeddable":true,"href":"https:\/\/mueblesdetena.es\/ru_ru\/wp-json\/wp\/v2\/comments?post=36471"}],"version-history":[{"count":1,"href":"https:\/\/mueblesdetena.es\/ru_ru\/wp-json\/wp\/v2\/product\/36471\/revisions"}],"predecessor-version":[{"id":36473,"href":"https:\/\/mueblesdetena.es\/ru_ru\/wp-json\/wp\/v2\/product\/36471\/revisions\/36473"}],"wp:featuredmedia":[{"embeddable":true,"href":"https:\/\/mueblesdetena.es\/ru_ru\/wp-json\/wp\/v2\/media\/36472"}],"wp:attachment":[{"href":"https:\/\/mueblesdetena.es\/ru_ru\/wp-json\/wp\/v2\/media?parent=36471"}],"wp:term":[{"taxonomy":"product_brand","embeddable":true,"href":"https:\/\/mueblesdetena.es\/ru_ru\/wp-json\/wp\/v2\/product_brand?post=36471"},{"taxonomy":"product_cat","embeddable":true,"href":"https:\/\/mueblesdetena.es\/ru_ru\/wp-json\/wp\/v2\/product_cat?post=36471"},{"taxonomy":"product_tag","embeddable":true,"href":"https:\/\/mueblesdetena.es\/ru_ru\/wp-json\/wp\/v2\/product_tag?post=36471"}],"curies":[{"name":"wp","href":"https:\/\/api.w.org\/{rel}","templated":true}]}}

Salón Comedor TRAY 05

<p>Refresca el ambiente de tu salón con esta propuesta de muebles. Confórmalo a tu necesidad en cuanto a medidas y colores.</p>
<p>Base metálica para los módulos. Puerta abatible para el módulo de colgar.</p>
<p>240 cm de largo. Otras opciones, consultarnos.</p>

<p>Refresca el ambiente de tu salón con esta propuesta de muebles. Confórmalo a tu necesidad en cuanto a medidas y colores. Base metálica para los módulos. Puerta abatible para el módulo de colgar. 240 cm de largo. Otras opciones, consultarnos.</p>
