{"id":38921,"date":"2025-06-13T17:07:45","date_gmt":"2025-06-13T15:07:45","guid":{"rendered":"https:\/\/mueblesdetena.es\/?post_type=product&#038;p=38921"},"modified":"2026-07-05T12:25:02","modified_gmt":"2026-07-05T10:25:02","slug":"cuna-elemental-120","status":"publish","type":"product","link":"https:\/\/mueblesdetena.es\/ru_ru\/cuna-elemental-120\/","title":{"rendered":"Cuna Elemental 120"},"content":{"rendered":"<p>Cuna para colch\u00f3n de 120\u00d760 cm. Barandilla fija.<\/p>\n<p>Medidas: Ancho 125,8 cm\u00a0 \u00a0 \u00a0 \u00a0 Fondo 67 cm\u00a0 \u00a0 \u00a0 \u00a0 \u00a0 Alto 93 cm<\/p>\n<p>Variedad de colores para elegir (acabado lacado). Tambi\u00e9n opci\u00f3n de ruedas.<\/p>\n<p>M\u00e1s Opciones: panel en forma de semic\u00edrculo para pared de 78.5\u00d7150 cm (119\u20ac), perchas de pared en forma de estrella (19\u20ac\/u), estanter\u00eda vers\u00e1til con perchero de 78.4 cm (89\u20ac\/u), c\u00f3moda de tres cajones + 1 contenedor de 98 cm (379\u20ac), cesta de fibras naturales de 42 cm (49\u20ac), cambiador de fibras naturales de 56.2 cm (79\u20ac), y mois\u00e9s de fibras naturales con estructura met\u00e1lica (89\u20ac).<\/p>\n<p><strong>TRANSPORTE Y MONTAJE OPCIONAL 45\u20ac(hasta 15 km)<\/strong><\/p>","protected":false},"excerpt":{"rendered":"<p>Cuna para colch\u00f3n de 120\u00d760 cm. Barandilla fija. Medidas: Ancho 125,8 cm\u00a0 \u00a0 \u00a0 \u00a0 Fondo 67 cm\u00a0 \u00a0 \u00a0 \u00a0 \u00a0 Alto 93 cm Variedad de colores para elegir (acabado lacado). Tambi\u00e9n opci\u00f3n de ruedas. M\u00e1s Opciones: panel en forma de semic\u00edrculo para pared de 78.5\u00d7150 cm (119\u20ac), perchas de pared en forma de [&hellip;]<\/p>\n","protected":false},"featured_media":38925,"comment_status":"closed","ping_status":"closed","template":"","meta":{"site-sidebar-layout":"default","site-content-layout":"","ast-site-content-layout":"default","site-content-style":"default","site-sidebar-style":"default","ast-global-header-display":"","ast-banner-title-visibility":"","ast-main-header-display":"","ast-hfb-above-header-display":"","ast-hfb-below-header-display":"","ast-hfb-mobile-header-display":"","site-post-title":"","ast-breadcrumbs-content":"","ast-featured-img":"","footer-sml-layout":"","ast-disable-related-posts":"","theme-transparent-header-meta":"default","adv-header-id-meta":"","stick-header-meta":"default","header-above-stick-meta":"","header-main-stick-meta":"","header-below-stick-meta":"","astra-migrate-meta-layouts":"set","ast-page-background-enabled":"default","ast-page-background-meta":{"desktop":{"background-color":"var(--ast-global-color-4)","background-image":"","background-repeat":"repeat","background-position":"center center","background-size":"auto","background-attachment":"scroll","background-type":"","background-media":"","overlay-type":"","overlay-color":"","overlay-opacity":"","overlay-gradient":""},"tablet":{"background-color":"","background-image":"","background-repeat":"repeat","background-position":"center center","background-size":"auto","background-attachment":"scroll","background-type":"","background-media":"","overlay-type":"","overlay-color":"","overlay-opacity":"","overlay-gradient":""},"mobile":{"background-color":"","background-image":"","background-repeat":"repeat","background-position":"center center","background-size":"auto","background-attachment":"scroll","background-type":"","background-media":"","overlay-type":"","overlay-color":"","overlay-opacity":"","overlay-gradient":""}},"ast-content-background-meta":{"desktop":{"background-color":"var(--ast-global-color-5)","background-image":"","background-repeat":"repeat","background-position":"center center","background-size":"auto","background-attachment":"scroll","background-type":"","background-media":"","overlay-type":"","overlay-color":"","overlay-opacity":"","overlay-gradient":""},"tablet":{"background-color":"var(--ast-global-color-5)","background-image":"","background-repeat":"repeat","background-position":"center center","background-size":"auto","background-attachment":"scroll","background-type":"","background-media":"","overlay-type":"","overlay-color":"","overlay-opacity":"","overlay-gradient":""},"mobile":{"background-color":"var(--ast-global-color-5)","background-image":"","background-repeat":"repeat","background-position":"center center","background-size":"auto","background-attachment":"scroll","background-type":"","background-media":"","overlay-type":"","overlay-color":"","overlay-opacity":"","overlay-gradient":""}},"_joinchat":[]},"product_brand":[],"product_cat":[291,292,295],"product_tag":[1378,787],"class_list":["post-38921","product","type-product","status-publish","has-post-thumbnail","product_cat-infantil-cunas","product_cat-composiciones-con-cuna","product_cat-cunas","product_tag-index","product_tag-ruben","desktop-align-center","tablet-align-left","mobile-align-left","ast-product-gallery-layout-vertical-slider","ast-product-tabs-layout-accordion","ast-qv-on-image","first","instock","sale","shipping-taxable","purchasable","product-type-simple"],"_links":{"self":[{"href":"https:\/\/mueblesdetena.es\/ru_ru\/wp-json\/wp\/v2\/product\/38921","targetHints":{"allow":["GET"]}}],"collection":[{"href":"https:\/\/mueblesdetena.es\/ru_ru\/wp-json\/wp\/v2\/product"}],"about":[{"href":"https:\/\/mueblesdetena.es\/ru_ru\/wp-json\/wp\/v2\/types\/product"}],"replies":[{"embeddable":true,"href":"https:\/\/mueblesdetena.es\/ru_ru\/wp-json\/wp\/v2\/comments?post=38921"}],"version-history":[{"count":3,"href":"https:\/\/mueblesdetena.es\/ru_ru\/wp-json\/wp\/v2\/product\/38921\/revisions"}],"predecessor-version":[{"id":39000,"href":"https:\/\/mueblesdetena.es\/ru_ru\/wp-json\/wp\/v2\/product\/38921\/revisions\/39000"}],"wp:featuredmedia":[{"embeddable":true,"href":"https:\/\/mueblesdetena.es\/ru_ru\/wp-json\/wp\/v2\/media\/38925"}],"wp:attachment":[{"href":"https:\/\/mueblesdetena.es\/ru_ru\/wp-json\/wp\/v2\/media?parent=38921"}],"wp:term":[{"taxonomy":"product_brand","embeddable":true,"href":"https:\/\/mueblesdetena.es\/ru_ru\/wp-json\/wp\/v2\/product_brand?post=38921"},{"taxonomy":"product_cat","embeddable":true,"href":"https:\/\/mueblesdetena.es\/ru_ru\/wp-json\/wp\/v2\/product_cat?post=38921"},{"taxonomy":"product_tag","embeddable":true,"href":"https:\/\/mueblesdetena.es\/ru_ru\/wp-json\/wp\/v2\/product_tag?post=38921"}],"curies":[{"name":"wp","href":"https:\/\/api.w.org\/{rel}","templated":true}]}}

<p>Cuna para colchón de 120×60 cm. Barandilla fija.</p>
<p>Medidas: Ancho 125,8 cm        Fondo 67 cm          Alto 93 cm</p>
<p>Variedad de colores para elegir (acabado lacado). También opción de ruedas.</p>
<p>Más Opciones: panel en forma de semicírculo para pared de 78.5×150 cm (119€), perchas de pared en forma de estrella (19€/u), estantería versátil con perchero de 78.4 cm (89€/u), cómoda de tres cajones + 1 contenedor de 98 cm (379€), cesta de fibras naturales de 42 cm (49€), cambiador de fibras naturales de 56.2 cm (79€), y moisés de fibras naturales con estructura metálica (89€).</p>
<p><strong>TRANSPORTE Y MONTAJE OPCIONAL 45€(hasta 15 km)</strong></p>

<p>Cuna para colchón de 120×60 cm. Barandilla fija. Medidas: Ancho 125,8 cm        Fondo 67 cm          Alto 93 cm Variedad de colores para elegir (acabado lacado). También opción de ruedas. Más Opciones: panel en forma de semicírculo para pared de 78.5×150 cm (119€), perchas de pared en forma de [&hellip;]</p>
