{"id":38944,"date":"2025-06-13T18:50:33","date_gmt":"2025-06-13T16:50:33","guid":{"rendered":"https:\/\/mueblesdetena.es\/?post_type=product&#038;p=38944"},"modified":"2026-07-05T12:25:11","modified_gmt":"2026-07-05T10:25:11","slug":"cuna-lago","status":"publish","type":"product","link":"https:\/\/mueblesdetena.es\/ru_ru\/cuna-lago\/","title":{"rendered":"Cuna Lago"},"content":{"rendered":"<p>Cuna para colch\u00f3n de 140\u00d770 cm. Barandilla abatible. Se convierte en camita.<\/p>\n<p>Medidas: Ancho 145,8 cm\u00a0 \u00a0 \u00a0 \u00a0 Fondo 76,6 cm\u00a0 \u00a0 \u00a0 \u00a0 \u00a0 Alto 90,8 cm<\/p>\n<p>Variedad de colores para elegir (acabado lacado).<\/p>\n<p>Diferentes opciones de patas: c\u00f3nicas, met\u00e1licas, o cil\u00edndricas.<\/p>\n<p>M\u00e1s Opciones adicionales: \u00a0armario a medida con dos puertas batientes y dos cajones, consultar precio; c\u00f3moda de 98 cm (429\u20ac), cambiador de fibras naturales de 56.2 cm (79\u20ac), y m\u00f3dulos con estanter\u00edas en forma de casita de 24.5\u00d733.4 cm (89\u20ac) y 29.4\u00d748.1 cm (91\u20ac), y cesta de fibras naturales de 42 cm (49\u20ac).<\/p>\n<p><strong>TRANSPORTE Y MONTAJE OPCIONAL 45\u20ac(hasta 15 km)<\/strong><\/p>","protected":false},"excerpt":{"rendered":"<p>Cuna para colch\u00f3n de 140\u00d770 cm. Barandilla abatible. Se convierte en camita. Medidas: Ancho 145,8 cm\u00a0 \u00a0 \u00a0 \u00a0 Fondo 76,6 cm\u00a0 \u00a0 \u00a0 \u00a0 \u00a0 Alto 90,8 cm Variedad de colores para elegir (acabado lacado). Diferentes opciones de patas: c\u00f3nicas, met\u00e1licas, o cil\u00edndricas. M\u00e1s Opciones adicionales: \u00a0armario a medida con dos puertas batientes y [&hellip;]<\/p>\n","protected":false},"featured_media":38948,"comment_status":"closed","ping_status":"closed","template":"","meta":{"site-sidebar-layout":"default","site-content-layout":"","ast-site-content-layout":"default","site-content-style":"default","site-sidebar-style":"default","ast-global-header-display":"","ast-banner-title-visibility":"","ast-main-header-display":"","ast-hfb-above-header-display":"","ast-hfb-below-header-display":"","ast-hfb-mobile-header-display":"","site-post-title":"","ast-breadcrumbs-content":"","ast-featured-img":"","footer-sml-layout":"","ast-disable-related-posts":"","theme-transparent-header-meta":"default","adv-header-id-meta":"","stick-header-meta":"default","header-above-stick-meta":"","header-main-stick-meta":"","header-below-stick-meta":"","astra-migrate-meta-layouts":"set","ast-page-background-enabled":"default","ast-page-background-meta":{"desktop":{"background-color":"var(--ast-global-color-4)","background-image":"","background-repeat":"repeat","background-position":"center center","background-size":"auto","background-attachment":"scroll","background-type":"","background-media":"","overlay-type":"","overlay-color":"","overlay-opacity":"","overlay-gradient":""},"tablet":{"background-color":"","background-image":"","background-repeat":"repeat","background-position":"center center","background-size":"auto","background-attachment":"scroll","background-type":"","background-media":"","overlay-type":"","overlay-color":"","overlay-opacity":"","overlay-gradient":""},"mobile":{"background-color":"","background-image":"","background-repeat":"repeat","background-position":"center center","background-size":"auto","background-attachment":"scroll","background-type":"","background-media":"","overlay-type":"","overlay-color":"","overlay-opacity":"","overlay-gradient":""}},"ast-content-background-meta":{"desktop":{"background-color":"var(--ast-global-color-5)","background-image":"","background-repeat":"repeat","background-position":"center center","background-size":"auto","background-attachment":"scroll","background-type":"","background-media":"","overlay-type":"","overlay-color":"","overlay-opacity":"","overlay-gradient":""},"tablet":{"background-color":"var(--ast-global-color-5)","background-image":"","background-repeat":"repeat","background-position":"center center","background-size":"auto","background-attachment":"scroll","background-type":"","background-media":"","overlay-type":"","overlay-color":"","overlay-opacity":"","overlay-gradient":""},"mobile":{"background-color":"var(--ast-global-color-5)","background-image":"","background-repeat":"repeat","background-position":"center center","background-size":"auto","background-attachment":"scroll","background-type":"","background-media":"","overlay-type":"","overlay-color":"","overlay-opacity":"","overlay-gradient":""}},"_joinchat":[]},"product_brand":[],"product_cat":[291,292,295],"product_tag":[1378,785],"class_list":["post-38944","product","type-product","status-publish","has-post-thumbnail","product_cat-infantil-cunas","product_cat-composiciones-con-cuna","product_cat-cunas","product_tag-index","product_tag-pbadal","desktop-align-center","tablet-align-left","mobile-align-left","ast-product-gallery-layout-vertical-slider","ast-product-tabs-layout-accordion","ast-qv-on-image","first","instock","sale","shipping-taxable","purchasable","product-type-simple"],"_links":{"self":[{"href":"https:\/\/mueblesdetena.es\/ru_ru\/wp-json\/wp\/v2\/product\/38944","targetHints":{"allow":["GET"]}}],"collection":[{"href":"https:\/\/mueblesdetena.es\/ru_ru\/wp-json\/wp\/v2\/product"}],"about":[{"href":"https:\/\/mueblesdetena.es\/ru_ru\/wp-json\/wp\/v2\/types\/product"}],"replies":[{"embeddable":true,"href":"https:\/\/mueblesdetena.es\/ru_ru\/wp-json\/wp\/v2\/comments?post=38944"}],"version-history":[{"count":3,"href":"https:\/\/mueblesdetena.es\/ru_ru\/wp-json\/wp\/v2\/product\/38944\/revisions"}],"predecessor-version":[{"id":39006,"href":"https:\/\/mueblesdetena.es\/ru_ru\/wp-json\/wp\/v2\/product\/38944\/revisions\/39006"}],"wp:featuredmedia":[{"embeddable":true,"href":"https:\/\/mueblesdetena.es\/ru_ru\/wp-json\/wp\/v2\/media\/38948"}],"wp:attachment":[{"href":"https:\/\/mueblesdetena.es\/ru_ru\/wp-json\/wp\/v2\/media?parent=38944"}],"wp:term":[{"taxonomy":"product_brand","embeddable":true,"href":"https:\/\/mueblesdetena.es\/ru_ru\/wp-json\/wp\/v2\/product_brand?post=38944"},{"taxonomy":"product_cat","embeddable":true,"href":"https:\/\/mueblesdetena.es\/ru_ru\/wp-json\/wp\/v2\/product_cat?post=38944"},{"taxonomy":"product_tag","embeddable":true,"href":"https:\/\/mueblesdetena.es\/ru_ru\/wp-json\/wp\/v2\/product_tag?post=38944"}],"curies":[{"name":"wp","href":"https:\/\/api.w.org\/{rel}","templated":true}]}}

<p>Cuna para colchón de 140×70 cm. Barandilla abatible. Se convierte en camita.</p>
<p>Medidas: Ancho 145,8 cm        Fondo 76,6 cm          Alto 90,8 cm</p>
<p>Variedad de colores para elegir (acabado lacado).</p>
<p>Diferentes opciones de patas: cónicas, metálicas, o cilíndricas.</p>
<p>Más Opciones adicionales:  armario a medida con dos puertas batientes y dos cajones, consultar precio; cómoda de 98 cm (429€), cambiador de fibras naturales de 56.2 cm (79€), y módulos con estanterías en forma de casita de 24.5×33.4 cm (89€) y 29.4×48.1 cm (91€), y cesta de fibras naturales de 42 cm (49€).</p>
<p><strong>TRANSPORTE Y MONTAJE OPCIONAL 45€(hasta 15 km)</strong></p>

<p>Cuna para colchón de 140×70 cm. Barandilla abatible. Se convierte en camita. Medidas: Ancho 145,8 cm        Fondo 76,6 cm          Alto 90,8 cm Variedad de colores para elegir (acabado lacado). Diferentes opciones de patas: cónicas, metálicas, o cilíndricas. Más Opciones adicionales:  armario a medida con dos puertas batientes y [&hellip;]</p>
