{"id":38975,"date":"2025-06-16T19:22:56","date_gmt":"2025-06-16T17:22:56","guid":{"rendered":"https:\/\/mueblesdetena.es\/?post_type=product&#038;p=38975"},"modified":"2026-07-05T12:25:18","modified_gmt":"2026-07-05T10:25:18","slug":"cuna-con-patas-conicas-artic","status":"publish","type":"product","link":"https:\/\/mueblesdetena.es\/ru_ru\/cuna-con-patas-conicas-artic\/","title":{"rendered":"Cuna Con Patas C\u00f3nicas Artic"},"content":{"rendered":"<p>Cuna con barandilla abatible y patas c\u00f3nicas de madera. Para colch\u00f3n de 140\u00d770 cm. Se convierte en camita.<\/p>\n<p>Medidas: Ancho 145,8\u00a0 \u00a0 \u00a0 \u00a0 \u00a0 \u00a0 \u00a0 Fondo: 76,6\u00a0 \u00a0 \u00a0 \u00a0 \u00a0 \u00a0 \u00a0 Alto: 93,2<\/p>\n<p>Variedad de colores para elegir.<\/p>\n<p>Tambi\u00e9n disponible para colch\u00f3n de 120\u00d760 cm y\/o con patas de madera.<\/p>\n<p>Opciones Adicionales: estanter\u00eda vers\u00e1til con perchero de 49 cm 84\u20ac, c\u00f3moda convertible con patas c\u00f3nicas de 98 cm 506\u20ac, estructura de cambiador para colchoneta de 50\u00d770 cm 104\u20ac, Baby Gym para cambiador de 52.1\u00d762.5\u00d740.8 cm 72\u20ac l\u00e1mpara KRAFT auto portable 154\u20ac.<\/p>\n<p><strong>TRANSPORTE Y MONTAJE OPCIONAL 45\u20ac (HASTA 15 KM)<\/strong><\/p>","protected":false},"excerpt":{"rendered":"<p>Cuna con barandilla abatible y patas c\u00f3nicas de madera. Para colch\u00f3n de 140\u00d770 cm. Se convierte en camita. Medidas: Ancho 145,8\u00a0 \u00a0 \u00a0 \u00a0 \u00a0 \u00a0 \u00a0 Fondo: 76,6\u00a0 \u00a0 \u00a0 \u00a0 \u00a0 \u00a0 \u00a0 Alto: 93,2 Variedad de colores para elegir. Tambi\u00e9n disponible para colch\u00f3n de 120\u00d760 cm y\/o con patas de madera. Opciones [&hellip;]<\/p>\n","protected":false},"featured_media":38978,"comment_status":"closed","ping_status":"closed","template":"","meta":{"site-sidebar-layout":"default","site-content-layout":"","ast-site-content-layout":"default","site-content-style":"default","site-sidebar-style":"default","ast-global-header-display":"","ast-banner-title-visibility":"","ast-main-header-display":"","ast-hfb-above-header-display":"","ast-hfb-below-header-display":"","ast-hfb-mobile-header-display":"","site-post-title":"","ast-breadcrumbs-content":"","ast-featured-img":"","footer-sml-layout":"","ast-disable-related-posts":"","theme-transparent-header-meta":"default","adv-header-id-meta":"","stick-header-meta":"default","header-above-stick-meta":"","header-main-stick-meta":"","header-below-stick-meta":"","astra-migrate-meta-layouts":"set","ast-page-background-enabled":"default","ast-page-background-meta":{"desktop":{"background-color":"var(--ast-global-color-4)","background-image":"","background-repeat":"repeat","background-position":"center center","background-size":"auto","background-attachment":"scroll","background-type":"","background-media":"","overlay-type":"","overlay-color":"","overlay-opacity":"","overlay-gradient":""},"tablet":{"background-color":"","background-image":"","background-repeat":"repeat","background-position":"center center","background-size":"auto","background-attachment":"scroll","background-type":"","background-media":"","overlay-type":"","overlay-color":"","overlay-opacity":"","overlay-gradient":""},"mobile":{"background-color":"","background-image":"","background-repeat":"repeat","background-position":"center center","background-size":"auto","background-attachment":"scroll","background-type":"","background-media":"","overlay-type":"","overlay-color":"","overlay-opacity":"","overlay-gradient":""}},"ast-content-background-meta":{"desktop":{"background-color":"var(--ast-global-color-5)","background-image":"","background-repeat":"repeat","background-position":"center center","background-size":"auto","background-attachment":"scroll","background-type":"","background-media":"","overlay-type":"","overlay-color":"","overlay-opacity":"","overlay-gradient":""},"tablet":{"background-color":"var(--ast-global-color-5)","background-image":"","background-repeat":"repeat","background-position":"center center","background-size":"auto","background-attachment":"scroll","background-type":"","background-media":"","overlay-type":"","overlay-color":"","overlay-opacity":"","overlay-gradient":""},"mobile":{"background-color":"var(--ast-global-color-5)","background-image":"","background-repeat":"repeat","background-position":"center center","background-size":"auto","background-attachment":"scroll","background-type":"","background-media":"","overlay-type":"","overlay-color":"","overlay-opacity":"","overlay-gradient":""}},"_joinchat":[]},"product_brand":[],"product_cat":[291,292,295],"product_tag":[1378,785],"class_list":["post-38975","product","type-product","status-publish","has-post-thumbnail","product_cat-infantil-cunas","product_cat-composiciones-con-cuna","product_cat-cunas","product_tag-index","product_tag-pbadal","desktop-align-center","tablet-align-left","mobile-align-left","ast-product-gallery-layout-vertical-slider","ast-product-tabs-layout-accordion","ast-qv-on-image","first","instock","sale","shipping-taxable","purchasable","product-type-simple"],"_links":{"self":[{"href":"https:\/\/mueblesdetena.es\/ru_ru\/wp-json\/wp\/v2\/product\/38975","targetHints":{"allow":["GET"]}}],"collection":[{"href":"https:\/\/mueblesdetena.es\/ru_ru\/wp-json\/wp\/v2\/product"}],"about":[{"href":"https:\/\/mueblesdetena.es\/ru_ru\/wp-json\/wp\/v2\/types\/product"}],"replies":[{"embeddable":true,"href":"https:\/\/mueblesdetena.es\/ru_ru\/wp-json\/wp\/v2\/comments?post=38975"}],"version-history":[{"count":1,"href":"https:\/\/mueblesdetena.es\/ru_ru\/wp-json\/wp\/v2\/product\/38975\/revisions"}],"predecessor-version":[{"id":38979,"href":"https:\/\/mueblesdetena.es\/ru_ru\/wp-json\/wp\/v2\/product\/38975\/revisions\/38979"}],"wp:featuredmedia":[{"embeddable":true,"href":"https:\/\/mueblesdetena.es\/ru_ru\/wp-json\/wp\/v2\/media\/38978"}],"wp:attachment":[{"href":"https:\/\/mueblesdetena.es\/ru_ru\/wp-json\/wp\/v2\/media?parent=38975"}],"wp:term":[{"taxonomy":"product_brand","embeddable":true,"href":"https:\/\/mueblesdetena.es\/ru_ru\/wp-json\/wp\/v2\/product_brand?post=38975"},{"taxonomy":"product_cat","embeddable":true,"href":"https:\/\/mueblesdetena.es\/ru_ru\/wp-json\/wp\/v2\/product_cat?post=38975"},{"taxonomy":"product_tag","embeddable":true,"href":"https:\/\/mueblesdetena.es\/ru_ru\/wp-json\/wp\/v2\/product_tag?post=38975"}],"curies":[{"name":"wp","href":"https:\/\/api.w.org\/{rel}","templated":true}]}}

Cuna Con Patas Cónicas Artic

<p>Cuna con barandilla abatible y patas cónicas de madera. Para colchón de 140×70 cm. Se convierte en camita.</p>
<p>Medidas: Ancho 145,8              Fondo: 76,6              Alto: 93,2</p>
<p>Variedad de colores para elegir.</p>
<p>También disponible para colchón de 120×60 cm y/o con patas de madera.</p>
<p>Opciones Adicionales: estantería versátil con perchero de 49 cm 84€, cómoda convertible con patas cónicas de 98 cm 506€, estructura de cambiador para colchoneta de 50×70 cm 104€, Baby Gym para cambiador de 52.1×62.5×40.8 cm 72€ lámpara KRAFT auto portable 154€.</p>
<p><strong>TRANSPORTE Y MONTAJE OPCIONAL 45€ (HASTA 15 KM)</strong></p>

<p>Cuna con barandilla abatible y patas cónicas de madera. Para colchón de 140×70 cm. Se convierte en camita. Medidas: Ancho 145,8              Fondo: 76,6              Alto: 93,2 Variedad de colores para elegir. También disponible para colchón de 120×60 cm y/o con patas de madera. Opciones [&hellip;]</p>
