{"id":42085,"date":"2025-12-02T19:21:28","date_gmt":"2025-12-02T18:21:28","guid":{"rendered":"https:\/\/mueblesdetena.es\/?post_type=product&#038;p=42085"},"modified":"2025-12-02T19:21:36","modified_gmt":"2025-12-02T18:21:36","slug":"sofa-de-3-plazas-relax-electrico-elia","status":"publish","type":"product","link":"https:\/\/mueblesdetena.es\/ru_ru\/sofa-de-3-plazas-relax-electrico-elia\/","title":{"rendered":"Sofa de 3 plazas relax el\u00e9ctrico Elia"},"content":{"rendered":"<p>El sof\u00e1 Elia de 2 asientos relax motorizados con asientos de m\u00e1ximo confort con viscoel\u00e1stica,el asiento central es fijo (con opci\u00f3n de que sea tambien relax). Su dise\u00f1o voluminoso aporta gran comodidad y elegancia a la estancia, es el sof\u00e1 que va con tu estilo de vida.Diferentes opciones de color y tapizado,todos con tratamiento antimanchas.Altura 107,fondo 98.<\/p>\n<ul>\n<li>Chasis de pino macizo,asientos alta densidad,asientos el\u00e9ctricos,respaldos, ri\u00f1oneras y brazos de fibra pluma 100%,respaldos, ri\u00f1oneras y brazos desenfundables.<\/li>\n<li>Precio correspondiente a medida de 247 cms.Otras opciones de medida 292cms.<\/li>\n<li>Envio y colocaci\u00f3n 100\u20ac (hasta 15 km).<\/li>\n<li>Sofa de 3 plazas relax el\u00e9ctrico Elia<\/li>\n<\/ul>","protected":false},"excerpt":{"rendered":"<p>El sof\u00e1 Elia de 2 asientos relax motorizados con asientos de m\u00e1ximo confort con viscoel\u00e1stica,el asiento central es fijo (con opci\u00f3n de que sea tambien relax). Su dise\u00f1o voluminoso aporta gran comodidad y elegancia a la estancia, es el sof\u00e1 que va con tu estilo de vida.Diferentes opciones de color y tapizado,todos con tratamiento antimanchas.Altura [&hellip;]<\/p>\n","protected":false},"featured_media":42086,"comment_status":"closed","ping_status":"closed","template":"","meta":{"site-sidebar-layout":"default","site-content-layout":"","ast-site-content-layout":"default","site-content-style":"default","site-sidebar-style":"default","ast-global-header-display":"","ast-banner-title-visibility":"","ast-main-header-display":"","ast-hfb-above-header-display":"","ast-hfb-below-header-display":"","ast-hfb-mobile-header-display":"","site-post-title":"","ast-breadcrumbs-content":"","ast-featured-img":"","footer-sml-layout":"","ast-disable-related-posts":"","theme-transparent-header-meta":"default","adv-header-id-meta":"","stick-header-meta":"default","header-above-stick-meta":"","header-main-stick-meta":"","header-below-stick-meta":"","astra-migrate-meta-layouts":"set","ast-page-background-enabled":"default","ast-page-background-meta":{"desktop":{"background-color":"var(--ast-global-color-4)","background-image":"","background-repeat":"repeat","background-position":"center center","background-size":"auto","background-attachment":"scroll","background-type":"","background-media":"","overlay-type":"","overlay-color":"","overlay-opacity":"","overlay-gradient":""},"tablet":{"background-color":"","background-image":"","background-repeat":"repeat","background-position":"center center","background-size":"auto","background-attachment":"scroll","background-type":"","background-media":"","overlay-type":"","overlay-color":"","overlay-opacity":"","overlay-gradient":""},"mobile":{"background-color":"","background-image":"","background-repeat":"repeat","background-position":"center center","background-size":"auto","background-attachment":"scroll","background-type":"","background-media":"","overlay-type":"","overlay-color":"","overlay-opacity":"","overlay-gradient":""}},"ast-content-background-meta":{"desktop":{"background-color":"var(--ast-global-color-5)","background-image":"","background-repeat":"repeat","background-position":"center center","background-size":"auto","background-attachment":"scroll","background-type":"","background-media":"","overlay-type":"","overlay-color":"","overlay-opacity":"","overlay-gradient":""},"tablet":{"background-color":"var(--ast-global-color-5)","background-image":"","background-repeat":"repeat","background-position":"center center","background-size":"auto","background-attachment":"scroll","background-type":"","background-media":"","overlay-type":"","overlay-color":"","overlay-opacity":"","overlay-gradient":""},"mobile":{"background-color":"var(--ast-global-color-5)","background-image":"","background-repeat":"repeat","background-position":"center center","background-size":"auto","background-attachment":"scroll","background-type":"","background-media":"","overlay-type":"","overlay-color":"","overlay-opacity":"","overlay-gradient":""}},"_joinchat":[]},"product_brand":[],"product_cat":[15],"product_tag":[],"class_list":["post-42085","product","type-product","status-publish","has-post-thumbnail","product_cat-sin-categorizar","desktop-align-center","tablet-align-left","mobile-align-left","ast-product-gallery-layout-vertical-slider","ast-product-tabs-layout-accordion","ast-qv-on-image","first","instock","sale","shipping-taxable","purchasable","product-type-simple"],"_links":{"self":[{"href":"https:\/\/mueblesdetena.es\/ru_ru\/wp-json\/wp\/v2\/product\/42085","targetHints":{"allow":["GET"]}}],"collection":[{"href":"https:\/\/mueblesdetena.es\/ru_ru\/wp-json\/wp\/v2\/product"}],"about":[{"href":"https:\/\/mueblesdetena.es\/ru_ru\/wp-json\/wp\/v2\/types\/product"}],"replies":[{"embeddable":true,"href":"https:\/\/mueblesdetena.es\/ru_ru\/wp-json\/wp\/v2\/comments?post=42085"}],"version-history":[{"count":2,"href":"https:\/\/mueblesdetena.es\/ru_ru\/wp-json\/wp\/v2\/product\/42085\/revisions"}],"predecessor-version":[{"id":42089,"href":"https:\/\/mueblesdetena.es\/ru_ru\/wp-json\/wp\/v2\/product\/42085\/revisions\/42089"}],"wp:featuredmedia":[{"embeddable":true,"href":"https:\/\/mueblesdetena.es\/ru_ru\/wp-json\/wp\/v2\/media\/42086"}],"wp:attachment":[{"href":"https:\/\/mueblesdetena.es\/ru_ru\/wp-json\/wp\/v2\/media?parent=42085"}],"wp:term":[{"taxonomy":"product_brand","embeddable":true,"href":"https:\/\/mueblesdetena.es\/ru_ru\/wp-json\/wp\/v2\/product_brand?post=42085"},{"taxonomy":"product_cat","embeddable":true,"href":"https:\/\/mueblesdetena.es\/ru_ru\/wp-json\/wp\/v2\/product_cat?post=42085"},{"taxonomy":"product_tag","embeddable":true,"href":"https:\/\/mueblesdetena.es\/ru_ru\/wp-json\/wp\/v2\/product_tag?post=42085"}],"curies":[{"name":"wp","href":"https:\/\/api.w.org\/{rel}","templated":true}]}}

Sofa de 3 plazas relax eléctrico Elia

<p>El sofá Elia de 2 asientos relax motorizados con asientos de máximo confort con viscoelástica,el asiento central es fijo (con opción de que sea tambien relax). Su diseño voluminoso aporta gran comodidad y elegancia a la estancia, es el sofá que va con tu estilo de vida.Diferentes opciones de color y tapizado,todos con tratamiento antimanchas.Altura 107,fondo 98.</p>
<ul>
<li>Chasis de pino macizo,asientos alta densidad,asientos eléctricos,respaldos, riñoneras y brazos de fibra pluma 100%,respaldos, riñoneras y brazos desenfundables.</li>
<li>Precio correspondiente a medida de 247 cms.Otras opciones de medida 292cms.</li>
<li>Envio y colocación 100€ (hasta 15 km).</li>
<li>Sofa de 3 plazas relax eléctrico Elia</li>
</ul>

<p>El sofá Elia de 2 asientos relax motorizados con asientos de máximo confort con viscoelástica,el asiento central es fijo (con opción de que sea tambien relax). Su diseño voluminoso aporta gran comodidad y elegancia a la estancia, es el sofá que va con tu estilo de vida.Diferentes opciones de color y tapizado,todos con tratamiento antimanchas.Altura [&hellip;]</p>
