{"id":42192,"date":"2025-12-07T11:46:47","date_gmt":"2025-12-07T10:46:47","guid":{"rendered":"https:\/\/mueblesdetena.es\/?post_type=product&#038;p=42192"},"modified":"2026-06-26T11:34:46","modified_gmt":"2026-06-26T09:34:46","slug":"sofa-de-3-plazas-relax-electrico-gio-plus","status":"publish","type":"product","link":"https:\/\/mueblesdetena.es\/ru_ru\/sofa-de-3-plazas-relax-electrico-gio-plus\/","title":{"rendered":"Sofa de 3 plazas relax el\u00e9ctrico Gio plus"},"content":{"rendered":"<h2>NUEVO GIO SUPRA PLUS : CONFORT CARDIO EN UN SOF\u00c1 DE ALTA GAMA<\/h2>\n<p>Gio Supra llega para redefinir el bienestar en tu sal\u00f3n. Un sof\u00e1 dise\u00f1ado para ofrecer una experiencia de descanso superior gracias a sus\u00a0<strong>mecanismos relax motorizados \u201cCARDIO\u201d<\/strong>, que elevan las piernas por encima del coraz\u00f3n para favorecer la circulaci\u00f3n y proporcionar una relajaci\u00f3n profunda.<\/p>\n<p>Su cuidada ingenier\u00eda combina\u00a0<strong>chasis met\u00e1lico en los m\u00f3dulos relax<\/strong>, muelles zig-zag y una estructura de\u00a0<strong>pino macizo, DM y tableros robustos<\/strong>, garantizando estabilidad, durabilidad y un confort impecable.<\/p>\n<p>Los\u00a0<strong>asientos desenfundables<\/strong>\u00a0incorporan una sentada de doble muelle: espuma suave de\u00a0<strong>30 kg<\/strong>\u00a0junto a un\u00a0<strong>muelle ensacado de 8 cm<\/strong>, logrando una firmeza equilibrada y una acogida extraordinaria.<br \/>\nA ello se suman los\u00a0<strong>cabezales abatibles italianos<\/strong>\u00a0\u2014base firme de 22 cm y suplemento super suave de 5 cm\u2014 y unas\u00a0<strong>ri\u00f1oneras desenfundables<\/strong>\u00a0con relleno de fibra hueca y plum\u00f3n natural que se adaptan a cada forma y postura.<\/p>\n<p>El manejo es sencillo e intuitivo:<br \/>\n\u2022\u00a0<strong>Botonera oculta<\/strong>\u00a0en m\u00f3dulos sueltos.<br \/>\n\u2022\u00a0<strong>Botonera con USB<\/strong>\u00a0en los m\u00f3dulos con brazos, para cargar dispositivos sin renunciar al relax.<\/p>\n<p>Gio cuida cada detalle:<br \/>\n\u2022\u00a0<strong>Pesta\u00f1a sencilla<\/strong>\u00a0en las bases y\u00a0<strong>pesta\u00f1a francesa<\/strong>\u00a0en las almohadas.<br \/>\n\u2022\u00a0<strong>Patas de madera<\/strong>\u00a0en haya natural o wengu\u00e9, con opci\u00f3n met\u00e1lica en negro mate de 12 cm \u2014perfectas para robots\u2014.<br \/>\n\u2022\u00a0<strong>Cojines de adorno<\/strong>\u00a0incluidos en chaiselongues y m\u00f3dulos esquineros para completar un dise\u00f1o elegante y contempor\u00e1neo.<\/p>\n<p>Adem\u00e1s, se ofrece en\u00a0<strong>diferentes m\u00f3dulos y composiciones<\/strong>, permitiendo crear la zona de descanso ideal seg\u00fan tus necesidades, con m\u00faltiples opciones de tapizados y colores.<\/p>\n<p><strong>Hazle un hueco al nuevo protagonista de tu hogar. Gio: tecnolog\u00eda, confort y dise\u00f1o unidos para transformar tu forma de relajarte.Envio y colocaci\u00f3n opcional 100\u20ac(hasta 15 km).<\/strong><\/p>\n<p>Sofa de 3 plazas relax el\u00e9ctrico Gio plus<\/p>","protected":false},"excerpt":{"rendered":"<p>Precio de la oferta para medida de 230 opci\u00f3n 278\/308 y 338 con las 3 plazas el\u00e9ctricas<\/p>","protected":false},"featured_media":42193,"comment_status":"closed","ping_status":"closed","template":"","meta":{"site-sidebar-layout":"default","site-content-layout":"","ast-site-content-layout":"default","site-content-style":"default","site-sidebar-style":"default","ast-global-header-display":"","ast-banner-title-visibility":"","ast-main-header-display":"","ast-hfb-above-header-display":"","ast-hfb-below-header-display":"","ast-hfb-mobile-header-display":"","site-post-title":"","ast-breadcrumbs-content":"","ast-featured-img":"","footer-sml-layout":"","ast-disable-related-posts":"","theme-transparent-header-meta":"default","adv-header-id-meta":"","stick-header-meta":"default","header-above-stick-meta":"","header-main-stick-meta":"","header-below-stick-meta":"","astra-migrate-meta-layouts":"set","ast-page-background-enabled":"default","ast-page-background-meta":{"desktop":{"background-color":"var(--ast-global-color-4)","background-image":"","background-repeat":"repeat","background-position":"center center","background-size":"auto","background-attachment":"scroll","background-type":"","background-media":"","overlay-type":"","overlay-color":"","overlay-opacity":"","overlay-gradient":""},"tablet":{"background-color":"","background-image":"","background-repeat":"repeat","background-position":"center center","background-size":"auto","background-attachment":"scroll","background-type":"","background-media":"","overlay-type":"","overlay-color":"","overlay-opacity":"","overlay-gradient":""},"mobile":{"background-color":"","background-image":"","background-repeat":"repeat","background-position":"center center","background-size":"auto","background-attachment":"scroll","background-type":"","background-media":"","overlay-type":"","overlay-color":"","overlay-opacity":"","overlay-gradient":""}},"ast-content-background-meta":{"desktop":{"background-color":"var(--ast-global-color-5)","background-image":"","background-repeat":"repeat","background-position":"center center","background-size":"auto","background-attachment":"scroll","background-type":"","background-media":"","overlay-type":"","overlay-color":"","overlay-opacity":"","overlay-gradient":""},"tablet":{"background-color":"var(--ast-global-color-5)","background-image":"","background-repeat":"repeat","background-position":"center center","background-size":"auto","background-attachment":"scroll","background-type":"","background-media":"","overlay-type":"","overlay-color":"","overlay-opacity":"","overlay-gradient":""},"mobile":{"background-color":"var(--ast-global-color-5)","background-image":"","background-repeat":"repeat","background-position":"center center","background-size":"auto","background-attachment":"scroll","background-type":"","background-media":"","overlay-type":"","overlay-color":"","overlay-opacity":"","overlay-gradient":""}},"_joinchat":[]},"product_brand":[],"product_cat":[259,278],"product_tag":[788],"class_list":["post-42192","product","type-product","status-publish","has-post-thumbnail","product_cat-sofas-badalona","product_cat-sofa-relax-electrico","product_tag-kenet","desktop-align-center","tablet-align-left","mobile-align-left","ast-product-gallery-layout-vertical-slider","ast-product-tabs-layout-accordion","ast-qv-on-image","first","instock","sale","shipping-taxable","purchasable","product-type-simple"],"_links":{"self":[{"href":"https:\/\/mueblesdetena.es\/ru_ru\/wp-json\/wp\/v2\/product\/42192","targetHints":{"allow":["GET"]}}],"collection":[{"href":"https:\/\/mueblesdetena.es\/ru_ru\/wp-json\/wp\/v2\/product"}],"about":[{"href":"https:\/\/mueblesdetena.es\/ru_ru\/wp-json\/wp\/v2\/types\/product"}],"replies":[{"embeddable":true,"href":"https:\/\/mueblesdetena.es\/ru_ru\/wp-json\/wp\/v2\/comments?post=42192"}],"version-history":[{"count":1,"href":"https:\/\/mueblesdetena.es\/ru_ru\/wp-json\/wp\/v2\/product\/42192\/revisions"}],"predecessor-version":[{"id":42195,"href":"https:\/\/mueblesdetena.es\/ru_ru\/wp-json\/wp\/v2\/product\/42192\/revisions\/42195"}],"wp:featuredmedia":[{"embeddable":true,"href":"https:\/\/mueblesdetena.es\/ru_ru\/wp-json\/wp\/v2\/media\/42193"}],"wp:attachment":[{"href":"https:\/\/mueblesdetena.es\/ru_ru\/wp-json\/wp\/v2\/media?parent=42192"}],"wp:term":[{"taxonomy":"product_brand","embeddable":true,"href":"https:\/\/mueblesdetena.es\/ru_ru\/wp-json\/wp\/v2\/product_brand?post=42192"},{"taxonomy":"product_cat","embeddable":true,"href":"https:\/\/mueblesdetena.es\/ru_ru\/wp-json\/wp\/v2\/product_cat?post=42192"},{"taxonomy":"product_tag","embeddable":true,"href":"https:\/\/mueblesdetena.es\/ru_ru\/wp-json\/wp\/v2\/product_tag?post=42192"}],"curies":[{"name":"wp","href":"https:\/\/api.w.org\/{rel}","templated":true}]}}

Sofa de 3 plazas relax eléctrico Gio plus

<h2>NUEVO GIO SUPRA PLUS : CONFORT CARDIO EN UN SOFÁ DE ALTA GAMA</h2>
<p>Gio Supra llega para redefinir el bienestar en tu salón. Un sofá diseñado para ofrecer una experiencia de descanso superior gracias a sus <strong>mecanismos relax motorizados “CARDIO”</strong>, que elevan las piernas por encima del corazón para favorecer la circulación y proporcionar una relajación profunda.</p>
<p>Su cuidada ingeniería combina <strong>chasis metálico en los módulos relax</strong>, muelles zig-zag y una estructura de <strong>pino macizo, DM y tableros robustos</strong>, garantizando estabilidad, durabilidad y un confort impecable.</p>
<p>Los <strong>asientos desenfundables</strong> incorporan una sentada de doble muelle: espuma suave de <strong>30 kg</strong> junto a un <strong>muelle ensacado de 8 cm</strong>, logrando una firmeza equilibrada y una acogida extraordinaria.<br />
A ello se suman los <strong>cabezales abatibles italianos</strong> —base firme de 22 cm y suplemento super suave de 5 cm— y unas <strong>riñoneras desenfundables</strong> con relleno de fibra hueca y plumón natural que se adaptan a cada forma y postura.</p>
<p>El manejo es sencillo e intuitivo:<br />
• <strong>Botonera oculta</strong> en módulos sueltos.<br />
• <strong>Botonera con USB</strong> en los módulos con brazos, para cargar dispositivos sin renunciar al relax.</p>
<p>Gio cuida cada detalle:<br />
• <strong>Pestaña sencilla</strong> en las bases y <strong>pestaña francesa</strong> en las almohadas.<br />
• <strong>Patas de madera</strong> en haya natural o wengué, con opción metálica en negro mate de 12 cm —perfectas para robots—.<br />
• <strong>Cojines de adorno</strong> incluidos en chaiselongues y módulos esquineros para completar un diseño elegante y contemporáneo.</p>
<p>Además, se ofrece en <strong>diferentes módulos y composiciones</strong>, permitiendo crear la zona de descanso ideal según tus necesidades, con múltiples opciones de tapizados y colores.</p>
<p><strong>Hazle un hueco al nuevo protagonista de tu hogar. Gio: tecnología, confort y diseño unidos para transformar tu forma de relajarte.Envio y colocación opcional 100€(hasta 15 km).</strong></p>
<p>Sofa de 3 plazas relax eléctrico Gio plus</p>

<p>Precio de la oferta para medida de 230 opción 278/308 y 338 con las 3 plazas eléctricas</p>
