{"id":42974,"date":"2026-01-04T20:07:06","date_gmt":"2026-01-04T19:07:06","guid":{"rendered":"https:\/\/mueblesdetena.es\/?post_type=product&#038;p=42974"},"modified":"2026-07-05T10:15:45","modified_gmt":"2026-07-05T08:15:45","slug":"mesa-de-comedor-extensible-art412","status":"publish","type":"product","link":"https:\/\/mueblesdetena.es\/ru_ru\/mesa-de-comedor-extensible-art412\/","title":{"rendered":"Mesa de comedor extensible art412"},"content":{"rendered":"<p>MESA DE COMEDOR ART 413, en madera de haya natural,con sistema de apertura central,gu\u00eda met\u00e1lica sincronizada,pata met\u00e1lica en blanco,negro y grafito .Excelente calidad y acabados,producto nacional.<\/p>\n<p>Medida de 130\u00d790,con 1 extensible de 60.Otras opciones de medida:140\/150\/160\u00d7190<\/p>\n<p>Diferentes opciones de color.Producto nacional con 2 a\u00f1os de garantia.<\/p>\n<p>Envio y montaje opcional 90\u20ac (hasta 15 km)<\/p>\n<h2 class=\"wp-block-heading\"><strong>Mesas extensibles de apertura con carro. Estas son sus ventajas!<\/strong><\/h2>\n<p>Son muy\u00a0<strong>vers\u00e1tiles<\/strong>\u00a0y seg\u00fan el modelo, podemos abrir uno o los dos extensibles, adaptando las medidas de la mesa con apertura de carro a nuestras necesidades.<\/p>\n<p><strong>Dise\u00f1o<\/strong>: se mantiene inalterable, ya est\u00e9 abierta o cerrada, ya que las patas y estructura quedan siempre en los extremos, evitando que la mesa quede descompensada est\u00e9ticamente.<\/p>\n<p><strong>Comodidad<\/strong>\u00a0para todos los comensales: cuando necesitemos extender nuestra mesa con apertura tipo carro,ning\u00fan comensal tendr\u00e1 la molestia de tener la estructura de la mesa incomod\u00e1ndole, ya que las patas siempre quedan a los extremos finales.<\/p>\n<p><strong>Mayores medidas<\/strong>: generalmente una mesa extensible tipo carro cuenta con mayores dimensiones que otros sistemas extensibles gracias a su fortaleza.<\/p>","protected":false},"excerpt":{"rendered":"<p>MESA DE COMEDOR ART 413, en madera de haya natural,con sistema de apertura central,gu\u00eda met\u00e1lica sincronizada,pata met\u00e1lica en blanco,negro y grafito .Excelente calidad y acabados,producto nacional. Medida de 130\u00d790,con 1 extensible de 60.Otras opciones de medida:140\/150\/160\u00d7190 Diferentes opciones de color.Producto nacional con 2 a\u00f1os de garantia. Envio y montaje opcional 90\u20ac (hasta 15 km) Mesas [&hellip;]<\/p>\n","protected":false},"featured_media":42975,"comment_status":"closed","ping_status":"closed","template":"","meta":{"site-sidebar-layout":"default","site-content-layout":"","ast-site-content-layout":"default","site-content-style":"default","site-sidebar-style":"default","ast-global-header-display":"","ast-banner-title-visibility":"","ast-main-header-display":"","ast-hfb-above-header-display":"","ast-hfb-below-header-display":"","ast-hfb-mobile-header-display":"","site-post-title":"","ast-breadcrumbs-content":"","ast-featured-img":"","footer-sml-layout":"","ast-disable-related-posts":"","theme-transparent-header-meta":"default","adv-header-id-meta":"","stick-header-meta":"default","header-above-stick-meta":"","header-main-stick-meta":"","header-below-stick-meta":"","astra-migrate-meta-layouts":"set","ast-page-background-enabled":"default","ast-page-background-meta":{"desktop":{"background-color":"var(--ast-global-color-4)","background-image":"","background-repeat":"repeat","background-position":"center center","background-size":"auto","background-attachment":"scroll","background-type":"","background-media":"","overlay-type":"","overlay-color":"","overlay-opacity":"","overlay-gradient":""},"tablet":{"background-color":"","background-image":"","background-repeat":"repeat","background-position":"center center","background-size":"auto","background-attachment":"scroll","background-type":"","background-media":"","overlay-type":"","overlay-color":"","overlay-opacity":"","overlay-gradient":""},"mobile":{"background-color":"","background-image":"","background-repeat":"repeat","background-position":"center center","background-size":"auto","background-attachment":"scroll","background-type":"","background-media":"","overlay-type":"","overlay-color":"","overlay-opacity":"","overlay-gradient":""}},"ast-content-background-meta":{"desktop":{"background-color":"var(--ast-global-color-5)","background-image":"","background-repeat":"repeat","background-position":"center center","background-size":"auto","background-attachment":"scroll","background-type":"","background-media":"","overlay-type":"","overlay-color":"","overlay-opacity":"","overlay-gradient":""},"tablet":{"background-color":"var(--ast-global-color-5)","background-image":"","background-repeat":"repeat","background-position":"center center","background-size":"auto","background-attachment":"scroll","background-type":"","background-media":"","overlay-type":"","overlay-color":"","overlay-opacity":"","overlay-gradient":""},"mobile":{"background-color":"var(--ast-global-color-5)","background-image":"","background-repeat":"repeat","background-position":"center center","background-size":"auto","background-attachment":"scroll","background-type":"","background-media":"","overlay-type":"","overlay-color":"","overlay-opacity":"","overlay-gradient":""}},"_joinchat":[]},"product_brand":[],"product_cat":[297,828,832],"product_tag":[1378,785],"class_list":["post-42974","product","type-product","status-publish","has-post-thumbnail","product_cat-mesas","product_cat-mesas-de-comedor","product_cat-mesas-de-comedor-extensibles","product_tag-index","product_tag-pbadal","desktop-align-center","tablet-align-left","mobile-align-left","ast-product-gallery-layout-vertical-slider","ast-product-tabs-layout-accordion","ast-qv-on-image","first","instock","sale","shipping-taxable","purchasable","product-type-simple"],"_links":{"self":[{"href":"https:\/\/mueblesdetena.es\/ru_ru\/wp-json\/wp\/v2\/product\/42974","targetHints":{"allow":["GET"]}}],"collection":[{"href":"https:\/\/mueblesdetena.es\/ru_ru\/wp-json\/wp\/v2\/product"}],"about":[{"href":"https:\/\/mueblesdetena.es\/ru_ru\/wp-json\/wp\/v2\/types\/product"}],"replies":[{"embeddable":true,"href":"https:\/\/mueblesdetena.es\/ru_ru\/wp-json\/wp\/v2\/comments?post=42974"}],"version-history":[{"count":1,"href":"https:\/\/mueblesdetena.es\/ru_ru\/wp-json\/wp\/v2\/product\/42974\/revisions"}],"predecessor-version":[{"id":42977,"href":"https:\/\/mueblesdetena.es\/ru_ru\/wp-json\/wp\/v2\/product\/42974\/revisions\/42977"}],"wp:featuredmedia":[{"embeddable":true,"href":"https:\/\/mueblesdetena.es\/ru_ru\/wp-json\/wp\/v2\/media\/42975"}],"wp:attachment":[{"href":"https:\/\/mueblesdetena.es\/ru_ru\/wp-json\/wp\/v2\/media?parent=42974"}],"wp:term":[{"taxonomy":"product_brand","embeddable":true,"href":"https:\/\/mueblesdetena.es\/ru_ru\/wp-json\/wp\/v2\/product_brand?post=42974"},{"taxonomy":"product_cat","embeddable":true,"href":"https:\/\/mueblesdetena.es\/ru_ru\/wp-json\/wp\/v2\/product_cat?post=42974"},{"taxonomy":"product_tag","embeddable":true,"href":"https:\/\/mueblesdetena.es\/ru_ru\/wp-json\/wp\/v2\/product_tag?post=42974"}],"curies":[{"name":"wp","href":"https:\/\/api.w.org\/{rel}","templated":true}]}}

<p>MESA DE COMEDOR ART 413, en madera de haya natural,con sistema de apertura central,guía metálica sincronizada,pata metálica en blanco,negro y grafito .Excelente calidad y acabados,producto nacional.</p>
<p>Medida de 130×90,con 1 extensible de 60.Otras opciones de medida:140/150/160×190</p>
<p>Diferentes opciones de color.Producto nacional con 2 años de garantia.</p>
<p>Envio y montaje opcional 90€ (hasta 15 km)</p>
<h2 class="wp-block-heading"><strong>Mesas extensibles de apertura con carro. Estas son sus ventajas!</strong></h2>
<p>Son muy <strong>versátiles</strong> y según el modelo, podemos abrir uno o los dos extensibles, adaptando las medidas de la mesa con apertura de carro a nuestras necesidades.</p>
<p><strong>Diseño</strong>: se mantiene inalterable, ya esté abierta o cerrada, ya que las patas y estructura quedan siempre en los extremos, evitando que la mesa quede descompensada estéticamente.</p>
<p><strong>Comodidad</strong> para todos los comensales: cuando necesitemos extender nuestra mesa con apertura tipo carro,ningún comensal tendrá la molestia de tener la estructura de la mesa incomodándole, ya que las patas siempre quedan a los extremos finales.</p>
<p><strong>Mayores medidas</strong>: generalmente una mesa extensible tipo carro cuenta con mayores dimensiones que otros sistemas extensibles gracias a su fortaleza.</p>

<p>MESA DE COMEDOR ART 413, en madera de haya natural,con sistema de apertura central,guía metálica sincronizada,pata metálica en blanco,negro y grafito .Excelente calidad y acabados,producto nacional. Medida de 130×90,con 1 extensible de 60.Otras opciones de medida:140/150/160×190 Diferentes opciones de color.Producto nacional con 2 años de garantia. Envio y montaje opcional 90€ (hasta 15 km) Mesas [&hellip;]</p>
