{"id":43701,"date":"2026-02-01T14:00:14","date_gmt":"2026-02-01T13:00:14","guid":{"rendered":"https:\/\/mueblesdetena.es\/?post_type=product&#038;p=43701"},"modified":"2026-06-30T09:56:27","modified_gmt":"2026-06-30T07:56:27","slug":"cama-articulada-electrica-de-90x190","status":"publish","type":"product","link":"https:\/\/mueblesdetena.es\/ru_ru\/cama-articulada-electrica-de-90x190\/","title":{"rendered":"Cama articulada el\u00e9ctrica de 90&#215;190."},"content":{"rendered":"<p data-start=\"102\" data-end=\"121\"><strong data-start=\"102\" data-end=\"121\">CARACTER\u00cdSTICAS<\/strong><\/p>\n<p data-start=\"123\" data-end=\"137\"><strong data-start=\"123\" data-end=\"137\">ESTRUCTURA<\/strong><\/p>\n<ul data-start=\"139\" data-end=\"701\">\n<li data-start=\"139\" data-end=\"186\">\n<p data-start=\"141\" data-end=\"186\">Bastidor con acabado tapizado.<\/p>\n<\/li>\n<li data-start=\"187\" data-end=\"231\">\n<p data-start=\"189\" data-end=\"231\">Telas disponibles: Ver carta de colores.<\/p>\n<\/li>\n<li data-start=\"232\" data-end=\"302\">\n<p data-start=\"234\" data-end=\"302\">Alta resistencia al impacto, y \u00f3ptima durabilidad y mantenimiento.<\/p>\n<\/li>\n<li data-start=\"303\" data-end=\"360\">\n<p data-start=\"305\" data-end=\"360\">Somier reforzado para tener un funcionamiento \u00f3ptimo.<\/p>\n<\/li>\n<li data-start=\"361\" data-end=\"512\">\n<p data-start=\"363\" data-end=\"512\">Planos de articulaci\u00f3n reforzados y de alta resistencia para que puedan soportar el peso, cuando el plano de articulaci\u00f3n de los pies est\u00e1 elevado.<\/p>\n<\/li>\n<li data-start=\"513\" data-end=\"619\">\n<p data-start=\"515\" data-end=\"619\">Uni\u00f3n de articulaci\u00f3n encamisada interior de nylon para evitar rozaduras y ruidos en los ejes de giro.<\/p>\n<\/li>\n<li data-start=\"620\" data-end=\"701\">\n<p data-start=\"622\" data-end=\"701\">Todos los apoyos del bastidor con el lecho est\u00e1n protegidos para evitar golpes.<\/p>\n<\/li>\n<\/ul>\n<p data-start=\"703\" data-end=\"712\"><strong data-start=\"703\" data-end=\"712\">LECHO<\/strong><\/p>\n<ul data-start=\"714\" data-end=\"1166\">\n<li data-start=\"714\" data-end=\"787\">\n<p data-start=\"716\" data-end=\"787\">Lecho en tubo de acero 30 x 20 mm esmaltado en epoxi termoendurecido.<\/p>\n<\/li>\n<li data-start=\"788\" data-end=\"855\">\n<p data-start=\"790\" data-end=\"855\">Cinco planos articulados por motor doble con mando inal\u00e1mbrico.<\/p>\n<\/li>\n<li data-start=\"960\" data-end=\"996\">\n<p data-start=\"962\" data-end=\"996\">Altura total del somier de 33 cm<\/p>\n<\/li>\n<li data-start=\"997\" data-end=\"1077\">\n<p data-start=\"999\" data-end=\"1077\">Sujetacolch\u00f3n en la zona de los pies, tapizado con la misma tela del somier.<\/p>\n<\/li>\n<li data-start=\"1078\" data-end=\"1166\">\n<p data-start=\"1080\" data-end=\"1166\">Todos los modelos disponen de instrucciones y declaraci\u00f3n de conformidad y etiquetado.<\/p>\n<\/li>\n<li data-start=\"1078\" data-end=\"1166\">Cama articulada el\u00e9ctrica de 90&#215;190.Envio y moontaje opcional 90\u20ac hasta 15 km.<\/li>\n<li data-start=\"1078\" data-end=\"1166\">No trabajamos fuera de Catalu\u00f1a<\/li>\n<\/ul>","protected":false},"excerpt":{"rendered":"<p>Esta cama articulada ofrece m\u00e1ximo confort y funcionalidad gracias a sus planos independientes que permiten elevar cabeza y piernas, mejorando la postura al dormir, leer o ver televisi\u00f3n. Favorece la circulaci\u00f3n, reduce la presi\u00f3n lumbar y ayuda a aliviar dolores musculares y articulares. Su dise\u00f1o moderno y tapizado elegante encaja en dormitorios actuales, mientras que la estructura robusta garantiza estabilidad, durabilidad y un descanso totalmente personalizado.<\/p>","protected":false},"featured_media":43702,"comment_status":"closed","ping_status":"closed","template":"","meta":{"site-sidebar-layout":"default","site-content-layout":"","ast-site-content-layout":"default","site-content-style":"default","site-sidebar-style":"default","ast-global-header-display":"","ast-banner-title-visibility":"","ast-main-header-display":"","ast-hfb-above-header-display":"","ast-hfb-below-header-display":"","ast-hfb-mobile-header-display":"","site-post-title":"","ast-breadcrumbs-content":"","ast-featured-img":"","footer-sml-layout":"","ast-disable-related-posts":"","theme-transparent-header-meta":"default","adv-header-id-meta":"","stick-header-meta":"default","header-above-stick-meta":"","header-main-stick-meta":"","header-below-stick-meta":"","astra-migrate-meta-layouts":"set","ast-page-background-enabled":"default","ast-page-background-meta":{"desktop":{"background-color":"var(--ast-global-color-4)","background-image":"","background-repeat":"repeat","background-position":"center center","background-size":"auto","background-attachment":"scroll","background-type":"","background-media":"","overlay-type":"","overlay-color":"","overlay-opacity":"","overlay-gradient":""},"tablet":{"background-color":"","background-image":"","background-repeat":"repeat","background-position":"center center","background-size":"auto","background-attachment":"scroll","background-type":"","background-media":"","overlay-type":"","overlay-color":"","overlay-opacity":"","overlay-gradient":""},"mobile":{"background-color":"","background-image":"","background-repeat":"repeat","background-position":"center center","background-size":"auto","background-attachment":"scroll","background-type":"","background-media":"","overlay-type":"","overlay-color":"","overlay-opacity":"","overlay-gradient":""}},"ast-content-background-meta":{"desktop":{"background-color":"var(--ast-global-color-5)","background-image":"","background-repeat":"repeat","background-position":"center center","background-size":"auto","background-attachment":"scroll","background-type":"","background-media":"","overlay-type":"","overlay-color":"","overlay-opacity":"","overlay-gradient":""},"tablet":{"background-color":"var(--ast-global-color-5)","background-image":"","background-repeat":"repeat","background-position":"center center","background-size":"auto","background-attachment":"scroll","background-type":"","background-media":"","overlay-type":"","overlay-color":"","overlay-opacity":"","overlay-gradient":""},"mobile":{"background-color":"var(--ast-global-color-5)","background-image":"","background-repeat":"repeat","background-position":"center center","background-size":"auto","background-attachment":"scroll","background-type":"","background-media":"","overlay-type":"","overlay-color":"","overlay-opacity":"","overlay-gradient":""}},"_joinchat":[]},"product_brand":[],"product_cat":[302,275,290],"product_tag":[786],"class_list":["post-43701","product","type-product","status-publish","has-post-thumbnail","product_cat-camas-electricas","product_cat-camas-colchones-badalona","product_cat-somieres-bases-tapizadas","product_tag-rpep","desktop-align-center","tablet-align-left","mobile-align-left","ast-product-gallery-layout-vertical-slider","ast-product-tabs-layout-accordion","ast-qv-on-image","first","instock","sale","shipping-taxable","purchasable","product-type-simple"],"_links":{"self":[{"href":"https:\/\/mueblesdetena.es\/ru_ru\/wp-json\/wp\/v2\/product\/43701","targetHints":{"allow":["GET"]}}],"collection":[{"href":"https:\/\/mueblesdetena.es\/ru_ru\/wp-json\/wp\/v2\/product"}],"about":[{"href":"https:\/\/mueblesdetena.es\/ru_ru\/wp-json\/wp\/v2\/types\/product"}],"replies":[{"embeddable":true,"href":"https:\/\/mueblesdetena.es\/ru_ru\/wp-json\/wp\/v2\/comments?post=43701"}],"version-history":[{"count":4,"href":"https:\/\/mueblesdetena.es\/ru_ru\/wp-json\/wp\/v2\/product\/43701\/revisions"}],"predecessor-version":[{"id":43710,"href":"https:\/\/mueblesdetena.es\/ru_ru\/wp-json\/wp\/v2\/product\/43701\/revisions\/43710"}],"wp:featuredmedia":[{"embeddable":true,"href":"https:\/\/mueblesdetena.es\/ru_ru\/wp-json\/wp\/v2\/media\/43702"}],"wp:attachment":[{"href":"https:\/\/mueblesdetena.es\/ru_ru\/wp-json\/wp\/v2\/media?parent=43701"}],"wp:term":[{"taxonomy":"product_brand","embeddable":true,"href":"https:\/\/mueblesdetena.es\/ru_ru\/wp-json\/wp\/v2\/product_brand?post=43701"},{"taxonomy":"product_cat","embeddable":true,"href":"https:\/\/mueblesdetena.es\/ru_ru\/wp-json\/wp\/v2\/product_cat?post=43701"},{"taxonomy":"product_tag","embeddable":true,"href":"https:\/\/mueblesdetena.es\/ru_ru\/wp-json\/wp\/v2\/product_tag?post=43701"}],"curies":[{"name":"wp","href":"https:\/\/api.w.org\/{rel}","templated":true}]}}

Cama articulada eléctrica de 90&#215;190.

<p data-start="102" data-end="121"><strong data-start="102" data-end="121">CARACTERÍSTICAS</strong></p>
<p data-start="123" data-end="137"><strong data-start="123" data-end="137">ESTRUCTURA</strong></p>
<ul data-start="139" data-end="701">
<li data-start="139" data-end="186">
<p data-start="141" data-end="186">Bastidor con acabado tapizado.</p>
</li>
<li data-start="187" data-end="231">
<p data-start="189" data-end="231">Telas disponibles: Ver carta de colores.</p>
</li>
<li data-start="232" data-end="302">
<p data-start="234" data-end="302">Alta resistencia al impacto, y óptima durabilidad y mantenimiento.</p>
</li>
<li data-start="303" data-end="360">
<p data-start="305" data-end="360">Somier reforzado para tener un funcionamiento óptimo.</p>
</li>
<li data-start="361" data-end="512">
<p data-start="363" data-end="512">Planos de articulación reforzados y de alta resistencia para que puedan soportar el peso, cuando el plano de articulación de los pies está elevado.</p>
</li>
<li data-start="513" data-end="619">
<p data-start="515" data-end="619">Unión de articulación encamisada interior de nylon para evitar rozaduras y ruidos en los ejes de giro.</p>
</li>
<li data-start="620" data-end="701">
<p data-start="622" data-end="701">Todos los apoyos del bastidor con el lecho están protegidos para evitar golpes.</p>
</li>
</ul>
<p data-start="703" data-end="712"><strong data-start="703" data-end="712">LECHO</strong></p>
<ul data-start="714" data-end="1166">
<li data-start="714" data-end="787">
<p data-start="716" data-end="787">Lecho en tubo de acero 30 x 20 mm esmaltado en epoxi termoendurecido.</p>
</li>
<li data-start="788" data-end="855">
<p data-start="790" data-end="855">Cinco planos articulados por motor doble con mando inalámbrico.</p>
</li>
<li data-start="960" data-end="996">
<p data-start="962" data-end="996">Altura total del somier de 33 cm</p>
</li>
<li data-start="997" data-end="1077">
<p data-start="999" data-end="1077">Sujetacolchón en la zona de los pies, tapizado con la misma tela del somier.</p>
</li>
<li data-start="1078" data-end="1166">
<p data-start="1080" data-end="1166">Todos los modelos disponen de instrucciones y declaración de conformidad y etiquetado.</p>
</li>
<li data-start="1078" data-end="1166">Cama articulada eléctrica de 90&#215;190.Envio y moontaje opcional 90€ hasta 15 km.</li>
<li data-start="1078" data-end="1166">No trabajamos fuera de Cataluña</li>
</ul>

<p>Esta cama articulada ofrece máximo confort y funcionalidad gracias a sus planos independientes que permiten elevar cabeza y piernas, mejorando la postura al dormir, leer o ver televisión. Favorece la circulación, reduce la presión lumbar y ayuda a aliviar dolores musculares y articulares. Su diseño moderno y tapizado elegante encaja en dormitorios actuales, mientras que la estructura robusta garantiza estabilidad, durabilidad y un descanso totalmente personalizado.</p>
