{"id":43905,"date":"2026-02-09T22:47:37","date_gmt":"2026-02-09T21:47:37","guid":{"rendered":"https:\/\/mueblesdetena.es\/?post_type=product&#038;p=43905"},"modified":"2026-06-28T20:22:57","modified_gmt":"2026-06-28T18:22:57","slug":"cama-compacta-de-cajones-rmb-191cms","status":"publish","type":"product","link":"https:\/\/mueblesdetena.es\/ru_ru\/cama-compacta-de-cajones-rmb-191cms\/","title":{"rendered":"CAMA COMPACTA DE CAJONES RMB 191cms."},"content":{"rendered":"<p><strong>Cama compacta con estructura muy reforzada de 3 cms y refuerzo,gran capacidad de almacenaje con sus 4 cajones ,no necesita somier.Medida de largo total 191 cms x 101 (opci\u00f3n de fondo reducido de 91),alto total del punto mas alto 83,4<\/strong><\/p>\n<p><strong>Excelente calidad y acabados Para colchones de 90\u00d7180.Opci\u00f3n para anchos de 90\/105 de ancho y para 190\/200 de largo.<\/strong><\/p>\n<p><strong> Diferentes opciones de color a elegir. Garant\u00eda de 2 a\u00f1os.<\/strong><\/p>\n<p><strong><span style=\"color: #ff0000;\">Transporte y montaje opcional 100\u20ac(hasta 15 km).<\/span><\/strong><\/p>\n<p>No entregamos fuera de Catalu\u00f1a<\/p>","protected":false},"excerpt":{"rendered":"<p>Cama compacta con estructura muy reforzada de 3 cms y refuerzo,gran capacidad de almacenaje con sus 4 cajones ,no necesita somier.Medida de largo total 191 cms x 101 (opci\u00f3n de fondo reducido de 91),alto total del punto mas alto 83,4 Excelente calidad y acabados Para colchones de 90\u00d7180.Opci\u00f3n para anchos de 90\/105 de ancho y [&hellip;]<\/p>\n","protected":false},"featured_media":43906,"comment_status":"closed","ping_status":"closed","template":"","meta":{"site-sidebar-layout":"default","site-content-layout":"","ast-site-content-layout":"default","site-content-style":"default","site-sidebar-style":"default","ast-global-header-display":"","ast-banner-title-visibility":"","ast-main-header-display":"","ast-hfb-above-header-display":"","ast-hfb-below-header-display":"","ast-hfb-mobile-header-display":"","site-post-title":"","ast-breadcrumbs-content":"","ast-featured-img":"","footer-sml-layout":"","ast-disable-related-posts":"","theme-transparent-header-meta":"default","adv-header-id-meta":"","stick-header-meta":"default","header-above-stick-meta":"","header-main-stick-meta":"","header-below-stick-meta":"","astra-migrate-meta-layouts":"set","ast-page-background-enabled":"default","ast-page-background-meta":{"desktop":{"background-color":"var(--ast-global-color-4)","background-image":"","background-repeat":"repeat","background-position":"center center","background-size":"auto","background-attachment":"scroll","background-type":"","background-media":"","overlay-type":"","overlay-color":"","overlay-opacity":"","overlay-gradient":""},"tablet":{"background-color":"","background-image":"","background-repeat":"repeat","background-position":"center center","background-size":"auto","background-attachment":"scroll","background-type":"","background-media":"","overlay-type":"","overlay-color":"","overlay-opacity":"","overlay-gradient":""},"mobile":{"background-color":"","background-image":"","background-repeat":"repeat","background-position":"center center","background-size":"auto","background-attachment":"scroll","background-type":"","background-media":"","overlay-type":"","overlay-color":"","overlay-opacity":"","overlay-gradient":""}},"ast-content-background-meta":{"desktop":{"background-color":"var(--ast-global-color-5)","background-image":"","background-repeat":"repeat","background-position":"center center","background-size":"auto","background-attachment":"scroll","background-type":"","background-media":"","overlay-type":"","overlay-color":"","overlay-opacity":"","overlay-gradient":""},"tablet":{"background-color":"var(--ast-global-color-5)","background-image":"","background-repeat":"repeat","background-position":"center center","background-size":"auto","background-attachment":"scroll","background-type":"","background-media":"","overlay-type":"","overlay-color":"","overlay-opacity":"","overlay-gradient":""},"mobile":{"background-color":"var(--ast-global-color-5)","background-image":"","background-repeat":"repeat","background-position":"center center","background-size":"auto","background-attachment":"scroll","background-type":"","background-media":"","overlay-type":"","overlay-color":"","overlay-opacity":"","overlay-gradient":""}},"_joinchat":[]},"product_brand":[],"product_cat":[274],"product_tag":[786],"class_list":["post-43905","product","type-product","status-publish","has-post-thumbnail","product_cat-camas-compactas","product_tag-rpep","desktop-align-center","tablet-align-left","mobile-align-left","ast-product-gallery-layout-vertical-slider","ast-product-tabs-layout-accordion","ast-qv-on-image","first","instock","sale","shipping-taxable","purchasable","product-type-simple"],"_links":{"self":[{"href":"https:\/\/mueblesdetena.es\/ru_ru\/wp-json\/wp\/v2\/product\/43905","targetHints":{"allow":["GET"]}}],"collection":[{"href":"https:\/\/mueblesdetena.es\/ru_ru\/wp-json\/wp\/v2\/product"}],"about":[{"href":"https:\/\/mueblesdetena.es\/ru_ru\/wp-json\/wp\/v2\/types\/product"}],"replies":[{"embeddable":true,"href":"https:\/\/mueblesdetena.es\/ru_ru\/wp-json\/wp\/v2\/comments?post=43905"}],"version-history":[{"count":2,"href":"https:\/\/mueblesdetena.es\/ru_ru\/wp-json\/wp\/v2\/product\/43905\/revisions"}],"predecessor-version":[{"id":43922,"href":"https:\/\/mueblesdetena.es\/ru_ru\/wp-json\/wp\/v2\/product\/43905\/revisions\/43922"}],"wp:featuredmedia":[{"embeddable":true,"href":"https:\/\/mueblesdetena.es\/ru_ru\/wp-json\/wp\/v2\/media\/43906"}],"wp:attachment":[{"href":"https:\/\/mueblesdetena.es\/ru_ru\/wp-json\/wp\/v2\/media?parent=43905"}],"wp:term":[{"taxonomy":"product_brand","embeddable":true,"href":"https:\/\/mueblesdetena.es\/ru_ru\/wp-json\/wp\/v2\/product_brand?post=43905"},{"taxonomy":"product_cat","embeddable":true,"href":"https:\/\/mueblesdetena.es\/ru_ru\/wp-json\/wp\/v2\/product_cat?post=43905"},{"taxonomy":"product_tag","embeddable":true,"href":"https:\/\/mueblesdetena.es\/ru_ru\/wp-json\/wp\/v2\/product_tag?post=43905"}],"curies":[{"name":"wp","href":"https:\/\/api.w.org\/{rel}","templated":true}]}}

<p><strong>Cama compacta con estructura muy reforzada de 3 cms y refuerzo,gran capacidad de almacenaje con sus 4 cajones ,no necesita somier.Medida de largo total 191 cms x 101 (opción de fondo reducido de 91),alto total del punto mas alto 83,4</strong></p>
<p><strong>Excelente calidad y acabados Para colchones de 90×180.Opción para anchos de 90/105 de ancho y para 190/200 de largo.</strong></p>
<p><strong> Diferentes opciones de color a elegir. Garantía de 2 años.</strong></p>
<p><strong><span style="color: #ff0000;">Transporte y montaje opcional 100€(hasta 15 km).</span></strong></p>
<p>No entregamos fuera de Cataluña</p>

<p>Cama compacta con estructura muy reforzada de 3 cms y refuerzo,gran capacidad de almacenaje con sus 4 cajones ,no necesita somier.Medida de largo total 191 cms x 101 (opción de fondo reducido de 91),alto total del punto mas alto 83,4 Excelente calidad y acabados Para colchones de 90×180.Opción para anchos de 90/105 de ancho y [&hellip;]</p>
