{"id":44821,"date":"2026-03-29T20:22:27","date_gmt":"2026-03-29T18:22:27","guid":{"rendered":"https:\/\/mueblesdetena.es\/?post_type=product&#038;p=44821"},"modified":"2026-06-27T08:29:30","modified_gmt":"2026-06-27T06:29:30","slug":"sofa-con-asientos-deslizantes-k2","status":"publish","type":"product","link":"https:\/\/mueblesdetena.es\/ru_ru\/sofa-con-asientos-deslizantes-k2\/","title":{"rendered":"Sofa con asientos deslizantes k2."},"content":{"rendered":"<p>Sof\u00e1 de alta calidad en Muebles Detena (Badalona), fabricado con estructura de pino macizo y recubrimiento en ecoflex que garantiza durabilidad y confort. Asientos con espuma de densidad 34 kg para una mayor comodidad y resistencia al uso diario. Incluye respaldos reclinables y asientos deslizantes al suelo, ideales para maximizar el descansoy como cama auxiliar. Todos los elementos (asientos, brazos, ri\u00f1oneras y cabezales) son desenfundables para facilitar la limpieza. Dise\u00f1o elegante con pesta\u00f1a francesa decorativa que aporta un acabado moderno y sofisticado.Precio correspondiente a la medida de 254 cms,opci\u00f3n en medida de:184\/194\/204.Medida de fondo 104,altura total 105,altura sentada 43,fondo con extraible sacado 140,diferentes opciones de tapizado con tratamiento antimanchas.<\/p>\n<p>Envio y colocaci\u00f3n opcional 100\u20ac(hasta 15 km).No entregamos fuera de Catalu\u00f1a.<\/p>\n<p>Sofa con asientos deslizantes k2.<\/p>","protected":false},"excerpt":{"rendered":"<p>Sof\u00e1 con estructura de pino macizo y recubrimiento ecoflex, asientos de densidad 34 kg, respaldos reclinables y asientos deslizantes tipo cama. Totalmente desenfundable y con tapizado antimanchas. Medidas: 254 cm (opciones 184\/194\/204), fondo 104 cm, altura 105 cm. Env\u00edo y colocaci\u00f3n opcional 100\u20ac (hasta 15 km). Solo en Catalu\u00f1a.<\/p>","protected":false},"featured_media":44882,"comment_status":"closed","ping_status":"closed","template":"","meta":{"site-sidebar-layout":"default","site-content-layout":"","ast-site-content-layout":"default","site-content-style":"default","site-sidebar-style":"default","ast-global-header-display":"","ast-banner-title-visibility":"","ast-main-header-display":"","ast-hfb-above-header-display":"","ast-hfb-below-header-display":"","ast-hfb-mobile-header-display":"","site-post-title":"","ast-breadcrumbs-content":"","ast-featured-img":"","footer-sml-layout":"","ast-disable-related-posts":"","theme-transparent-header-meta":"default","adv-header-id-meta":"","stick-header-meta":"default","header-above-stick-meta":"","header-main-stick-meta":"","header-below-stick-meta":"","astra-migrate-meta-layouts":"set","ast-page-background-enabled":"default","ast-page-background-meta":{"desktop":{"background-color":"var(--ast-global-color-4)","background-image":"","background-repeat":"repeat","background-position":"center center","background-size":"auto","background-attachment":"scroll","background-type":"","background-media":"","overlay-type":"","overlay-color":"","overlay-opacity":"","overlay-gradient":""},"tablet":{"background-color":"","background-image":"","background-repeat":"repeat","background-position":"center center","background-size":"auto","background-attachment":"scroll","background-type":"","background-media":"","overlay-type":"","overlay-color":"","overlay-opacity":"","overlay-gradient":""},"mobile":{"background-color":"","background-image":"","background-repeat":"repeat","background-position":"center center","background-size":"auto","background-attachment":"scroll","background-type":"","background-media":"","overlay-type":"","overlay-color":"","overlay-opacity":"","overlay-gradient":""}},"ast-content-background-meta":{"desktop":{"background-color":"var(--ast-global-color-5)","background-image":"","background-repeat":"repeat","background-position":"center center","background-size":"auto","background-attachment":"scroll","background-type":"","background-media":"","overlay-type":"","overlay-color":"","overlay-opacity":"","overlay-gradient":""},"tablet":{"background-color":"var(--ast-global-color-5)","background-image":"","background-repeat":"repeat","background-position":"center center","background-size":"auto","background-attachment":"scroll","background-type":"","background-media":"","overlay-type":"","overlay-color":"","overlay-opacity":"","overlay-gradient":""},"mobile":{"background-color":"var(--ast-global-color-5)","background-image":"","background-repeat":"repeat","background-position":"center center","background-size":"auto","background-attachment":"scroll","background-type":"","background-media":"","overlay-type":"","overlay-color":"","overlay-opacity":"","overlay-gradient":""}},"_joinchat":[]},"product_brand":[],"product_cat":[259,280],"product_tag":[788],"class_list":["post-44821","product","type-product","status-publish","has-post-thumbnail","product_cat-sofas-badalona","product_cat-sofas-sin-chaise-longue","product_tag-kenet","desktop-align-center","tablet-align-left","mobile-align-left","ast-product-gallery-layout-vertical-slider","ast-product-tabs-layout-accordion","ast-qv-on-image","first","instock","sale","shipping-taxable","purchasable","product-type-simple"],"_links":{"self":[{"href":"https:\/\/mueblesdetena.es\/ru_ru\/wp-json\/wp\/v2\/product\/44821","targetHints":{"allow":["GET"]}}],"collection":[{"href":"https:\/\/mueblesdetena.es\/ru_ru\/wp-json\/wp\/v2\/product"}],"about":[{"href":"https:\/\/mueblesdetena.es\/ru_ru\/wp-json\/wp\/v2\/types\/product"}],"replies":[{"embeddable":true,"href":"https:\/\/mueblesdetena.es\/ru_ru\/wp-json\/wp\/v2\/comments?post=44821"}],"version-history":[{"count":2,"href":"https:\/\/mueblesdetena.es\/ru_ru\/wp-json\/wp\/v2\/product\/44821\/revisions"}],"predecessor-version":[{"id":44883,"href":"https:\/\/mueblesdetena.es\/ru_ru\/wp-json\/wp\/v2\/product\/44821\/revisions\/44883"}],"wp:featuredmedia":[{"embeddable":true,"href":"https:\/\/mueblesdetena.es\/ru_ru\/wp-json\/wp\/v2\/media\/44882"}],"wp:attachment":[{"href":"https:\/\/mueblesdetena.es\/ru_ru\/wp-json\/wp\/v2\/media?parent=44821"}],"wp:term":[{"taxonomy":"product_brand","embeddable":true,"href":"https:\/\/mueblesdetena.es\/ru_ru\/wp-json\/wp\/v2\/product_brand?post=44821"},{"taxonomy":"product_cat","embeddable":true,"href":"https:\/\/mueblesdetena.es\/ru_ru\/wp-json\/wp\/v2\/product_cat?post=44821"},{"taxonomy":"product_tag","embeddable":true,"href":"https:\/\/mueblesdetena.es\/ru_ru\/wp-json\/wp\/v2\/product_tag?post=44821"}],"curies":[{"name":"wp","href":"https:\/\/api.w.org\/{rel}","templated":true}]}}

<p>Sofá de alta calidad en Muebles Detena (Badalona), fabricado con estructura de pino macizo y recubrimiento en ecoflex que garantiza durabilidad y confort. Asientos con espuma de densidad 34 kg para una mayor comodidad y resistencia al uso diario. Incluye respaldos reclinables y asientos deslizantes al suelo, ideales para maximizar el descansoy como cama auxiliar. Todos los elementos (asientos, brazos, riñoneras y cabezales) son desenfundables para facilitar la limpieza. Diseño elegante con pestaña francesa decorativa que aporta un acabado moderno y sofisticado.Precio correspondiente a la medida de 254 cms,opción en medida de:184/194/204.Medida de fondo 104,altura total 105,altura sentada 43,fondo con extraible sacado 140,diferentes opciones de tapizado con tratamiento antimanchas.</p>
<p>Envio y colocación opcional 100€(hasta 15 km).No entregamos fuera de Cataluña.</p>
<p>Sofa con asientos deslizantes k2.</p>

<p>Sofá con estructura de pino macizo y recubrimiento ecoflex, asientos de densidad 34 kg, respaldos reclinables y asientos deslizantes tipo cama. Totalmente desenfundable y con tapizado antimanchas. Medidas: 254 cm (opciones 184/194/204), fondo 104 cm, altura 105 cm. Envío y colocación opcional 100€ (hasta 15 km). Solo en Cataluña.</p>
