{"id":6105,"date":"2018-08-17T08:10:44","date_gmt":"2018-08-17T06:10:44","guid":{"rendered":"https:\/\/mueblesdetena.es\/?post_type=product&#038;p=6105"},"modified":"2026-07-05T10:08:57","modified_gmt":"2026-07-05T08:08:57","slug":"composicion-2camas-abatibles-2armarios","status":"publish","type":"product","link":"https:\/\/mueblesdetena.es\/ru_ru\/composicion-2camas-abatibles-2armarios\/","title":{"rendered":"COMPOSICION DE CAMAS ABATIBLES FRM.index"},"content":{"rendered":"<h5>Composici\u00f3n compuesta por 2 camas verticales estanter\u00eda librer\u00eda\u00a0 y 2 armarios de 1 puerta y 2 cajones.ESTANTERIA VERICAL NO INCLUIDA EN LA OFERTA.<\/h5>\n<h5>Camas abatibles verticales con somier de l\u00e1minas,cinchas sujetacolch\u00f3n, salvacolch\u00f3n met\u00e1lico,patas regulables con apertura y bloqueo autom\u00e1tico y amortiguadores hidrah\u00falicos con sistema de retenci\u00f3n,\u00a0de 90\u00d7190.<\/h5>\n<h5>Medida total de ancho 339cms,(opci\u00f3n 349 cms,359 cms,369 cms,379 cms) x 220 Alto x 56 fondo\/225 cms al abrir. Diferentes colores a elegir.<\/h5>\n<h5>Opci\u00f3n en altura 240 y 248 cms<\/h5>\n<h5>Transporte y montaje opcional 185\u20ac (hasta 15 km).<\/h5>\n<p>&nbsp;<\/p>\n<h5>COMPOSICION DE CAMAS ABATIBLES FRM<\/h5>\n<h5><\/h5>","protected":false},"excerpt":{"rendered":"<p>Puedes financiar esta compra en c\u00f3modas cuotas si lo prefieres!!<\/p>\n<p>Dise\u00f1amos en 3D tu proyecto de modo gratuito.<\/p>","protected":false},"featured_media":42265,"comment_status":"closed","ping_status":"closed","template":"","meta":{"site-sidebar-layout":"default","site-content-layout":"","ast-site-content-layout":"default","site-content-style":"default","site-sidebar-style":"default","ast-global-header-display":"","ast-banner-title-visibility":"","ast-main-header-display":"","ast-hfb-above-header-display":"","ast-hfb-below-header-display":"","ast-hfb-mobile-header-display":"","site-post-title":"","ast-breadcrumbs-content":"","ast-featured-img":"","footer-sml-layout":"","ast-disable-related-posts":"","theme-transparent-header-meta":"default","adv-header-id-meta":"","stick-header-meta":"default","header-above-stick-meta":"","header-main-stick-meta":"","header-below-stick-meta":"","astra-migrate-meta-layouts":"set","ast-page-background-enabled":"default","ast-page-background-meta":{"desktop":{"background-color":"var(--ast-global-color-4)","background-image":"","background-repeat":"repeat","background-position":"center center","background-size":"auto","background-attachment":"scroll","background-type":"","background-media":"","overlay-type":"","overlay-color":"","overlay-opacity":"","overlay-gradient":""},"tablet":{"background-color":"","background-image":"","background-repeat":"repeat","background-position":"center center","background-size":"auto","background-attachment":"scroll","background-type":"","background-media":"","overlay-type":"","overlay-color":"","overlay-opacity":"","overlay-gradient":""},"mobile":{"background-color":"","background-image":"","background-repeat":"repeat","background-position":"center center","background-size":"auto","background-attachment":"scroll","background-type":"","background-media":"","overlay-type":"","overlay-color":"","overlay-opacity":"","overlay-gradient":""}},"ast-content-background-meta":{"desktop":{"background-color":"var(--ast-global-color-5)","background-image":"","background-repeat":"repeat","background-position":"center center","background-size":"auto","background-attachment":"scroll","background-type":"","background-media":"","overlay-type":"","overlay-color":"","overlay-opacity":"","overlay-gradient":""},"tablet":{"background-color":"var(--ast-global-color-5)","background-image":"","background-repeat":"repeat","background-position":"center center","background-size":"auto","background-attachment":"scroll","background-type":"","background-media":"","overlay-type":"","overlay-color":"","overlay-opacity":"","overlay-gradient":""},"mobile":{"background-color":"var(--ast-global-color-5)","background-image":"","background-repeat":"repeat","background-position":"center center","background-size":"auto","background-attachment":"scroll","background-type":"","background-media":"","overlay-type":"","overlay-color":"","overlay-opacity":"","overlay-gradient":""}},"_joinchat":[]},"product_brand":[],"product_cat":[265,268,285,273],"product_tag":[1378,785,786,787],"class_list":["post-6105","product","type-product","status-publish","has-post-thumbnail","product_cat-camas-abatibles","product_cat-camas-abatibles-individuales-madera","product_cat-composiciones-juveniles","product_cat-muebles-juveniles","product_tag-index","product_tag-pbadal","product_tag-rpep","product_tag-ruben","desktop-align-center","tablet-align-left","mobile-align-left","ast-product-gallery-layout-vertical-slider","ast-product-tabs-layout-accordion","ast-qv-on-image","first","instock","sale","shipping-taxable","purchasable","product-type-simple"],"_links":{"self":[{"href":"https:\/\/mueblesdetena.es\/ru_ru\/wp-json\/wp\/v2\/product\/6105","targetHints":{"allow":["GET"]}}],"collection":[{"href":"https:\/\/mueblesdetena.es\/ru_ru\/wp-json\/wp\/v2\/product"}],"about":[{"href":"https:\/\/mueblesdetena.es\/ru_ru\/wp-json\/wp\/v2\/types\/product"}],"replies":[{"embeddable":true,"href":"https:\/\/mueblesdetena.es\/ru_ru\/wp-json\/wp\/v2\/comments?post=6105"}],"version-history":[{"count":9,"href":"https:\/\/mueblesdetena.es\/ru_ru\/wp-json\/wp\/v2\/product\/6105\/revisions"}],"predecessor-version":[{"id":47497,"href":"https:\/\/mueblesdetena.es\/ru_ru\/wp-json\/wp\/v2\/product\/6105\/revisions\/47497"}],"wp:featuredmedia":[{"embeddable":true,"href":"https:\/\/mueblesdetena.es\/ru_ru\/wp-json\/wp\/v2\/media\/42265"}],"wp:attachment":[{"href":"https:\/\/mueblesdetena.es\/ru_ru\/wp-json\/wp\/v2\/media?parent=6105"}],"wp:term":[{"taxonomy":"product_brand","embeddable":true,"href":"https:\/\/mueblesdetena.es\/ru_ru\/wp-json\/wp\/v2\/product_brand?post=6105"},{"taxonomy":"product_cat","embeddable":true,"href":"https:\/\/mueblesdetena.es\/ru_ru\/wp-json\/wp\/v2\/product_cat?post=6105"},{"taxonomy":"product_tag","embeddable":true,"href":"https:\/\/mueblesdetena.es\/ru_ru\/wp-json\/wp\/v2\/product_tag?post=6105"}],"curies":[{"name":"wp","href":"https:\/\/api.w.org\/{rel}","templated":true}]}}

<h5>Composición compuesta por 2 camas verticales estantería librería  y 2 armarios de 1 puerta y 2 cajones.ESTANTERIA VERICAL NO INCLUIDA EN LA OFERTA.</h5>
<h5>Camas abatibles verticales con somier de láminas,cinchas sujetacolchón, salvacolchón metálico,patas regulables con apertura y bloqueo automático y amortiguadores hidrahúlicos con sistema de retención, de 90×190.</h5>
<h5>Medida total de ancho 339cms,(opción 349 cms,359 cms,369 cms,379 cms) x 220 Alto x 56 fondo/225 cms al abrir. Diferentes colores a elegir.</h5>
<h5>Opción en altura 240 y 248 cms</h5>
<h5>Transporte y montaje opcional 185€ (hasta 15 km).</h5>
<p>&nbsp;</p>
<h5>COMPOSICION DE CAMAS ABATIBLES FRM</h5>
<h5></h5>

<p>Puedes financiar esta compra en cómodas cuotas si lo prefieres!!</p>
<p>Diseñamos en 3D tu proyecto de modo gratuito.</p>
