{"id":7236,"date":"2019-01-29T18:49:40","date_gmt":"2019-01-29T17:49:40","guid":{"rendered":"https:\/\/mueblesdetena.es\/?post_type=product&#038;p=7236"},"modified":"2026-07-05T10:09:12","modified_gmt":"2026-07-05T08:09:12","slug":"cama-abatible-horizontal-con-2-puertas-corredera-y-estantes-pj","status":"publish","type":"product","link":"https:\/\/mueblesdetena.es\/ru_ru\/cama-abatible-horizontal-con-2-puertas-corredera-y-estantes-pj\/","title":{"rendered":"CAMA ABATIBLE HORIZONTAL LACADA AREA JOVEN index"},"content":{"rendered":"<p><strong>Cama abatible horizontal con 2 puertas correderas y estanteria central.<\/strong><\/p>\n<p><strong>Cama abatible con estructura muy s\u00f3lida de de 3 cm. Incluye somier de l\u00e1minas de haya natural,pistones hidrahulicos ,bloqueo de seguridad y apertura de patas autom\u00e1ticas.<\/strong><\/p>\n<p><strong>Medidas: 220 altura (120 abierta) x 42 de fondo. Para colch\u00f3n de 90 x 190.<\/strong><\/p>\n<p><strong>Opciones medida colch\u00f3n:<\/strong><strong>90 x 200 y <\/strong><strong>105 x 190-200\u00a0<\/strong><\/p>\n<p><strong>Opci\u00f3n altura:<\/strong><strong>Altura 240.<\/strong><\/p>\n<p><strong>Opci\u00f3n fondo:<\/strong><strong> Fondo 54.<\/strong><\/p>\n<p><strong>Precio correspondiente a la cama abatible con sus armarios superiores,para saber el precio de la composici\u00f3n completa consultarnos.<\/strong><\/p>\n<p><strong>Diferentes opciones de colores lacados.<\/strong><\/p>\n<p><strong>Transporte y montaje opcional de 110\u20ac (hasta 15 km).\u00a0<\/strong><\/p>\n<p>CAMA ABATIBLE HORIZONTAL LACADA AREA JOVEN<\/p>\n<p>&nbsp;<\/p>","protected":false},"excerpt":{"rendered":"<p><strong>Puede financiar esta compra si lo prefiere en comodos plazos<\/strong><\/p>","protected":false},"featured_media":41484,"comment_status":"closed","ping_status":"closed","template":"","meta":{"site-sidebar-layout":"default","site-content-layout":"","ast-site-content-layout":"default","site-content-style":"default","site-sidebar-style":"default","ast-global-header-display":"","ast-banner-title-visibility":"","ast-main-header-display":"","ast-hfb-above-header-display":"","ast-hfb-below-header-display":"","ast-hfb-mobile-header-display":"","site-post-title":"","ast-breadcrumbs-content":"","ast-featured-img":"","footer-sml-layout":"","ast-disable-related-posts":"","theme-transparent-header-meta":"default","adv-header-id-meta":"","stick-header-meta":"default","header-above-stick-meta":"","header-main-stick-meta":"","header-below-stick-meta":"","astra-migrate-meta-layouts":"set","ast-page-background-enabled":"default","ast-page-background-meta":{"desktop":{"background-color":"var(--ast-global-color-4)","background-image":"","background-repeat":"repeat","background-position":"center center","background-size":"auto","background-attachment":"scroll","background-type":"","background-media":"","overlay-type":"","overlay-color":"","overlay-opacity":"","overlay-gradient":""},"tablet":{"background-color":"","background-image":"","background-repeat":"repeat","background-position":"center center","background-size":"auto","background-attachment":"scroll","background-type":"","background-media":"","overlay-type":"","overlay-color":"","overlay-opacity":"","overlay-gradient":""},"mobile":{"background-color":"","background-image":"","background-repeat":"repeat","background-position":"center center","background-size":"auto","background-attachment":"scroll","background-type":"","background-media":"","overlay-type":"","overlay-color":"","overlay-opacity":"","overlay-gradient":""}},"ast-content-background-meta":{"desktop":{"background-color":"var(--ast-global-color-5)","background-image":"","background-repeat":"repeat","background-position":"center center","background-size":"auto","background-attachment":"scroll","background-type":"","background-media":"","overlay-type":"","overlay-color":"","overlay-opacity":"","overlay-gradient":""},"tablet":{"background-color":"var(--ast-global-color-5)","background-image":"","background-repeat":"repeat","background-position":"center center","background-size":"auto","background-attachment":"scroll","background-type":"","background-media":"","overlay-type":"","overlay-color":"","overlay-opacity":"","overlay-gradient":""},"mobile":{"background-color":"var(--ast-global-color-5)","background-image":"","background-repeat":"repeat","background-position":"center center","background-size":"auto","background-attachment":"scroll","background-type":"","background-media":"","overlay-type":"","overlay-color":"","overlay-opacity":"","overlay-gradient":""}},"_joinchat":[]},"product_brand":[],"product_cat":[265,268],"product_tag":[1378,785],"class_list":["post-7236","product","type-product","status-publish","has-post-thumbnail","product_cat-camas-abatibles","product_cat-camas-abatibles-individuales-madera","product_tag-index","product_tag-pbadal","desktop-align-center","tablet-align-left","mobile-align-left","ast-product-gallery-layout-vertical-slider","ast-product-tabs-layout-accordion","ast-qv-on-image","first","instock","sale","shipping-taxable","purchasable","product-type-simple"],"_links":{"self":[{"href":"https:\/\/mueblesdetena.es\/ru_ru\/wp-json\/wp\/v2\/product\/7236","targetHints":{"allow":["GET"]}}],"collection":[{"href":"https:\/\/mueblesdetena.es\/ru_ru\/wp-json\/wp\/v2\/product"}],"about":[{"href":"https:\/\/mueblesdetena.es\/ru_ru\/wp-json\/wp\/v2\/types\/product"}],"replies":[{"embeddable":true,"href":"https:\/\/mueblesdetena.es\/ru_ru\/wp-json\/wp\/v2\/comments?post=7236"}],"version-history":[{"count":9,"href":"https:\/\/mueblesdetena.es\/ru_ru\/wp-json\/wp\/v2\/product\/7236\/revisions"}],"predecessor-version":[{"id":46385,"href":"https:\/\/mueblesdetena.es\/ru_ru\/wp-json\/wp\/v2\/product\/7236\/revisions\/46385"}],"wp:featuredmedia":[{"embeddable":true,"href":"https:\/\/mueblesdetena.es\/ru_ru\/wp-json\/wp\/v2\/media\/41484"}],"wp:attachment":[{"href":"https:\/\/mueblesdetena.es\/ru_ru\/wp-json\/wp\/v2\/media?parent=7236"}],"wp:term":[{"taxonomy":"product_brand","embeddable":true,"href":"https:\/\/mueblesdetena.es\/ru_ru\/wp-json\/wp\/v2\/product_brand?post=7236"},{"taxonomy":"product_cat","embeddable":true,"href":"https:\/\/mueblesdetena.es\/ru_ru\/wp-json\/wp\/v2\/product_cat?post=7236"},{"taxonomy":"product_tag","embeddable":true,"href":"https:\/\/mueblesdetena.es\/ru_ru\/wp-json\/wp\/v2\/product_tag?post=7236"}],"curies":[{"name":"wp","href":"https:\/\/api.w.org\/{rel}","templated":true}]}}

<p><strong>Cama abatible horizontal con 2 puertas correderas y estanteria central.</strong></p>
<p><strong>Cama abatible con estructura muy sólida de de 3 cm. Incluye somier de láminas de haya natural,pistones hidrahulicos ,bloqueo de seguridad y apertura de patas automáticas.</strong></p>
<p><strong>Medidas: 220 altura (120 abierta) x 42 de fondo. Para colchón de 90 x 190.</strong></p>
<p><strong>Opciones medida colchón:</strong><strong>90 x 200 y </strong><strong>105 x 190-200 </strong></p>
<p><strong>Opción altura:</strong><strong>Altura 240.</strong></p>
<p><strong>Opción fondo:</strong><strong> Fondo 54.</strong></p>
<p><strong>Precio correspondiente a la cama abatible con sus armarios superiores,para saber el precio de la composición completa consultarnos.</strong></p>
<p><strong>Diferentes opciones de colores lacados.</strong></p>
<p><strong>Transporte y montaje opcional de 110€ (hasta 15 km). </strong></p>
<p>CAMA ABATIBLE HORIZONTAL LACADA AREA JOVEN</p>
<p>&nbsp;</p>
