{"id":7852,"date":"2019-03-13T11:30:37","date_gmt":"2019-03-13T10:30:37","guid":{"rendered":"https:\/\/mueblesdetena.es\/?post_type=product&#038;p=7852"},"modified":"2026-08-01T16:30:29","modified_gmt":"2026-08-01T14:30:29","slug":"composicion-con-doble-cama-y-altillo-puente-one","status":"publish","type":"product","link":"https:\/\/mueblesdetena.es\/ru_ru\/composicion-con-doble-cama-y-altillo-puente-one\/","title":{"rendered":"Composici\u00f3n con doble cama y altillo puente bsc."},"content":{"rendered":"<h2>COMPOSICI\u00d3N CON DOBLE CAMA Y ALTILLO PUENTE BSC<\/h2>\n<p>Composici\u00f3n con altillo puente de 4 puertas y barra met\u00e1lica de refuerzo, armarios laterales y cama nido con cama inferior extra\u00edble con ruedas y patas desplegables, ideal para <a href=\"https:\/\/mueblesdetena.es\/ru_ru\/muebles-juveniles\/\">habitaciones juveniles<\/a>.<\/p>\n<h3>ACABADOS<\/h3>\n<p>Sin corona de cama. Diferentes opciones de color a elegir. Somier superior no incluido en la oferta (+50\u20ac).<\/p>\n<h3>MEDIDAS<\/h3>\n<p>Altura: 220 cm (opci\u00f3n de 240 cm, +100\u20ac). Ancho: 282 cm (opcional 292 y 302 cm).<\/p>\n<h3>SERVICIO DE TRANSPORTE Y MONTAJE<\/h3>\n<p>Transporte y montaje opcional por 150\u20ac (hasta 15 km).<\/p>\n<h3>\u00bfIncluye el somier?<\/h3>\n<p>El somier superior no est\u00e1 incluido, tiene un coste adicional de 50\u20ac.<\/p>\n<h3>\u00bfQu\u00e9 anchos hay disponibles?<\/h3>\n<p>282 cm de base, con opciones de 292 y 302 cm.<\/p>\n<h3>\u00bfSe puede aumentar la altura?<\/h3>\n<p>S\u00ed, hay opci\u00f3n de 240 cm de altura por 100\u20ac m\u00e1s.<\/p>\n<h3>\u00bfCu\u00e1nto cuesta el transporte y montaje?<\/h3>\n<p>150\u20ac para hasta 15 km de distancia.<\/p>","protected":false},"excerpt":{"rendered":"<p><strong>Puede financiar su compra si lo prefiere en comodos plazos<\/strong><\/p>\n<p>Dise\u00f1amos en 3D tu proyecto de modo gratuito.<\/p>","protected":false},"featured_media":41490,"comment_status":"closed","ping_status":"closed","template":"","meta":{"site-sidebar-layout":"default","site-content-layout":"","ast-site-content-layout":"default","site-content-style":"default","site-sidebar-style":"default","ast-global-header-display":"","ast-banner-title-visibility":"","ast-main-header-display":"","ast-hfb-above-header-display":"","ast-hfb-below-header-display":"","ast-hfb-mobile-header-display":"","site-post-title":"","ast-breadcrumbs-content":"","ast-featured-img":"","footer-sml-layout":"","ast-disable-related-posts":"","theme-transparent-header-meta":"default","adv-header-id-meta":"","stick-header-meta":"default","header-above-stick-meta":"","header-main-stick-meta":"","header-below-stick-meta":"","astra-migrate-meta-layouts":"set","ast-page-background-enabled":"default","ast-page-background-meta":{"desktop":{"background-color":"var(--ast-global-color-4)","background-image":"","background-repeat":"repeat","background-position":"center center","background-size":"auto","background-attachment":"scroll","background-type":"","background-media":"","overlay-type":"","overlay-color":"","overlay-opacity":"","overlay-gradient":""},"tablet":{"background-color":"","background-image":"","background-repeat":"repeat","background-position":"center center","background-size":"auto","background-attachment":"scroll","background-type":"","background-media":"","overlay-type":"","overlay-color":"","overlay-opacity":"","overlay-gradient":""},"mobile":{"background-color":"","background-image":"","background-repeat":"repeat","background-position":"center center","background-size":"auto","background-attachment":"scroll","background-type":"","background-media":"","overlay-type":"","overlay-color":"","overlay-opacity":"","overlay-gradient":""}},"ast-content-background-meta":{"desktop":{"background-color":"var(--ast-global-color-5)","background-image":"","background-repeat":"repeat","background-position":"center center","background-size":"auto","background-attachment":"scroll","background-type":"","background-media":"","overlay-type":"","overlay-color":"","overlay-opacity":"","overlay-gradient":""},"tablet":{"background-color":"var(--ast-global-color-5)","background-image":"","background-repeat":"repeat","background-position":"center center","background-size":"auto","background-attachment":"scroll","background-type":"","background-media":"","overlay-type":"","overlay-color":"","overlay-opacity":"","overlay-gradient":""},"mobile":{"background-color":"var(--ast-global-color-5)","background-image":"","background-repeat":"repeat","background-position":"center center","background-size":"auto","background-attachment":"scroll","background-type":"","background-media":"","overlay-type":"","overlay-color":"","overlay-opacity":"","overlay-gradient":""}},"_joinchat":[]},"product_brand":[],"product_cat":[285,273],"product_tag":[793],"class_list":["post-7852","product","type-product","status-publish","has-post-thumbnail","product_cat-composiciones-juveniles","product_cat-muebles-juveniles","product_tag-daria","desktop-align-center","tablet-align-left","mobile-align-left","ast-product-gallery-layout-vertical-slider","ast-product-tabs-layout-accordion","ast-qv-on-image","first","instock","sale","shipping-taxable","purchasable","product-type-simple"],"_links":{"self":[{"href":"https:\/\/mueblesdetena.es\/ru_ru\/wp-json\/wp\/v2\/product\/7852","targetHints":{"allow":["GET"]}}],"collection":[{"href":"https:\/\/mueblesdetena.es\/ru_ru\/wp-json\/wp\/v2\/product"}],"about":[{"href":"https:\/\/mueblesdetena.es\/ru_ru\/wp-json\/wp\/v2\/types\/product"}],"replies":[{"embeddable":true,"href":"https:\/\/mueblesdetena.es\/ru_ru\/wp-json\/wp\/v2\/comments?post=7852"}],"version-history":[{"count":8,"href":"https:\/\/mueblesdetena.es\/ru_ru\/wp-json\/wp\/v2\/product\/7852\/revisions"}],"predecessor-version":[{"id":48193,"href":"https:\/\/mueblesdetena.es\/ru_ru\/wp-json\/wp\/v2\/product\/7852\/revisions\/48193"}],"wp:featuredmedia":[{"embeddable":true,"href":"https:\/\/mueblesdetena.es\/ru_ru\/wp-json\/wp\/v2\/media\/41490"}],"wp:attachment":[{"href":"https:\/\/mueblesdetena.es\/ru_ru\/wp-json\/wp\/v2\/media?parent=7852"}],"wp:term":[{"taxonomy":"product_brand","embeddable":true,"href":"https:\/\/mueblesdetena.es\/ru_ru\/wp-json\/wp\/v2\/product_brand?post=7852"},{"taxonomy":"product_cat","embeddable":true,"href":"https:\/\/mueblesdetena.es\/ru_ru\/wp-json\/wp\/v2\/product_cat?post=7852"},{"taxonomy":"product_tag","embeddable":true,"href":"https:\/\/mueblesdetena.es\/ru_ru\/wp-json\/wp\/v2\/product_tag?post=7852"}],"curies":[{"name":"wp","href":"https:\/\/api.w.org\/{rel}","templated":true}]}}

Composición con doble cama y altillo puente bsc.

<h2>COMPOSICIÓN CON DOBLE CAMA Y ALTILLO PUENTE BSC</h2>
<p>Composición con altillo puente de 4 puertas y barra metálica de refuerzo, armarios laterales y cama nido con cama inferior extraíble con ruedas y patas desplegables, ideal para <a href="https://mueblesdetena.es/ru_ru/muebles-juveniles/">habitaciones juveniles</a>.</p>
<h3>ACABADOS</h3>
<p>Sin corona de cama. Diferentes opciones de color a elegir. Somier superior no incluido en la oferta (+50€).</p>
<h3>MEDIDAS</h3>
<p>Altura: 220 cm (opción de 240 cm, +100€). Ancho: 282 cm (opcional 292 y 302 cm).</p>
<h3>SERVICIO DE TRANSPORTE Y MONTAJE</h3>
<p>Transporte y montaje opcional por 150€ (hasta 15 km).</p>
<h3>¿Incluye el somier?</h3>
<p>El somier superior no está incluido, tiene un coste adicional de 50€.</p>
<h3>¿Qué anchos hay disponibles?</h3>
<p>282 cm de base, con opciones de 292 y 302 cm.</p>
<h3>¿Se puede aumentar la altura?</h3>
<p>Sí, hay opción de 240 cm de altura por 100€ más.</p>
<h3>¿Cuánto cuesta el transporte y montaje?</h3>
<p>150€ para hasta 15 km de distancia.</p>

<p><strong>Puede financiar su compra si lo prefiere en comodos plazos</strong></p>
<p>Diseñamos en 3D tu proyecto de modo gratuito.</p>
