{"id":9397,"date":"2019-09-25T16:21:38","date_gmt":"2019-09-25T14:21:38","guid":{"rendered":"https:\/\/mueblesdetena.es\/?post_type=product&#038;p=9397"},"modified":"2026-06-28T20:21:10","modified_gmt":"2026-06-28T18:21:10","slug":"cama-compacta-6-cajones-frm","status":"publish","type":"product","link":"https:\/\/mueblesdetena.es\/ru_ru\/cama-compacta-6-cajones-frm\/","title":{"rendered":"Cama compacta 6 cajones frm"},"content":{"rendered":"<p><strong>Cama juvenil compacta de excelente calidad y acabados,CON REFUERZO METALICO,con 4 contenedores con gu\u00edas met\u00e1licas de gran capacidad y 2 inferiores de arrastre con ruedas .<\/strong><\/p>\n<p><strong>No necesita somier. <\/strong><\/p>\n<p><strong>Diferentes opciones de color.Para colchones de 80\u00d7180 (no inclu\u00eddos).OPCION PARA COLCH\u00d3N DE 90 Y 190 SIN SUPLEMENTO DE PRECIO.Opci\u00f3n para colchones de 105\u2026+60\u20ac,opci\u00f3n para colchones de 2 metros\u2026+60\u20ac. Medidas:193 x 91 y alto total 83 cms.<\/strong><\/p>\n<p><strong>Transporte y montaje opcional 90\u20ac(hasta 15 km).<\/strong><\/p>\n<p>&nbsp;<\/p>","protected":false},"excerpt":{"rendered":"<p><strong>Puedes financiar su compra si lo prefiere en comodos plazos<\/strong><\/p>","protected":false},"featured_media":18947,"comment_status":"closed","ping_status":"closed","template":"","meta":{"site-sidebar-layout":"default","site-content-layout":"","ast-site-content-layout":"default","site-content-style":"default","site-sidebar-style":"default","ast-global-header-display":"","ast-banner-title-visibility":"","ast-main-header-display":"","ast-hfb-above-header-display":"","ast-hfb-below-header-display":"","ast-hfb-mobile-header-display":"","site-post-title":"","ast-breadcrumbs-content":"","ast-featured-img":"","footer-sml-layout":"","ast-disable-related-posts":"","theme-transparent-header-meta":"default","adv-header-id-meta":"","stick-header-meta":"default","header-above-stick-meta":"","header-main-stick-meta":"","header-below-stick-meta":"","astra-migrate-meta-layouts":"set","ast-page-background-enabled":"default","ast-page-background-meta":{"desktop":{"background-color":"var(--ast-global-color-4)","background-image":"","background-repeat":"repeat","background-position":"center center","background-size":"auto","background-attachment":"scroll","background-type":"","background-media":"","overlay-type":"","overlay-color":"","overlay-opacity":"","overlay-gradient":""},"tablet":{"background-color":"","background-image":"","background-repeat":"repeat","background-position":"center center","background-size":"auto","background-attachment":"scroll","background-type":"","background-media":"","overlay-type":"","overlay-color":"","overlay-opacity":"","overlay-gradient":""},"mobile":{"background-color":"","background-image":"","background-repeat":"repeat","background-position":"center center","background-size":"auto","background-attachment":"scroll","background-type":"","background-media":"","overlay-type":"","overlay-color":"","overlay-opacity":"","overlay-gradient":""}},"ast-content-background-meta":{"desktop":{"background-color":"var(--ast-global-color-5)","background-image":"","background-repeat":"repeat","background-position":"center center","background-size":"auto","background-attachment":"scroll","background-type":"","background-media":"","overlay-type":"","overlay-color":"","overlay-opacity":"","overlay-gradient":""},"tablet":{"background-color":"var(--ast-global-color-5)","background-image":"","background-repeat":"repeat","background-position":"center center","background-size":"auto","background-attachment":"scroll","background-type":"","background-media":"","overlay-type":"","overlay-color":"","overlay-opacity":"","overlay-gradient":""},"mobile":{"background-color":"var(--ast-global-color-5)","background-image":"","background-repeat":"repeat","background-position":"center center","background-size":"auto","background-attachment":"scroll","background-type":"","background-media":"","overlay-type":"","overlay-color":"","overlay-opacity":"","overlay-gradient":""}},"_joinchat":[]},"product_brand":[],"product_cat":[274],"product_tag":[573,574,789],"class_list":["post-9397","product","type-product","status-publish","has-post-thumbnail","product_cat-camas-compactas","product_tag-bed-with-drawers","product_tag-llit-amb-calaixos","product_tag-sayala","desktop-align-center","tablet-align-left","mobile-align-left","ast-product-gallery-layout-vertical-slider","ast-product-tabs-layout-accordion","ast-qv-on-image","first","instock","sale","shipping-taxable","purchasable","product-type-simple"],"_links":{"self":[{"href":"https:\/\/mueblesdetena.es\/ru_ru\/wp-json\/wp\/v2\/product\/9397","targetHints":{"allow":["GET"]}}],"collection":[{"href":"https:\/\/mueblesdetena.es\/ru_ru\/wp-json\/wp\/v2\/product"}],"about":[{"href":"https:\/\/mueblesdetena.es\/ru_ru\/wp-json\/wp\/v2\/types\/product"}],"replies":[{"embeddable":true,"href":"https:\/\/mueblesdetena.es\/ru_ru\/wp-json\/wp\/v2\/comments?post=9397"}],"version-history":[{"count":2,"href":"https:\/\/mueblesdetena.es\/ru_ru\/wp-json\/wp\/v2\/product\/9397\/revisions"}],"predecessor-version":[{"id":35380,"href":"https:\/\/mueblesdetena.es\/ru_ru\/wp-json\/wp\/v2\/product\/9397\/revisions\/35380"}],"wp:featuredmedia":[{"embeddable":true,"href":"https:\/\/mueblesdetena.es\/ru_ru\/wp-json\/wp\/v2\/media\/18947"}],"wp:attachment":[{"href":"https:\/\/mueblesdetena.es\/ru_ru\/wp-json\/wp\/v2\/media?parent=9397"}],"wp:term":[{"taxonomy":"product_brand","embeddable":true,"href":"https:\/\/mueblesdetena.es\/ru_ru\/wp-json\/wp\/v2\/product_brand?post=9397"},{"taxonomy":"product_cat","embeddable":true,"href":"https:\/\/mueblesdetena.es\/ru_ru\/wp-json\/wp\/v2\/product_cat?post=9397"},{"taxonomy":"product_tag","embeddable":true,"href":"https:\/\/mueblesdetena.es\/ru_ru\/wp-json\/wp\/v2\/product_tag?post=9397"}],"curies":[{"name":"wp","href":"https:\/\/api.w.org\/{rel}","templated":true}]}}

<p><strong>Cama juvenil compacta de excelente calidad y acabados,CON REFUERZO METALICO,con 4 contenedores con guías metálicas de gran capacidad y 2 inferiores de arrastre con ruedas .</strong></p>
<p><strong>No necesita somier. </strong></p>
<p><strong>Diferentes opciones de color.Para colchones de 80×180 (no incluídos).OPCION PARA COLCHÓN DE 90 Y 190 SIN SUPLEMENTO DE PRECIO.Opción para colchones de 105…+60€,opción para colchones de 2 metros…+60€. Medidas:193 x 91 y alto total 83 cms.</strong></p>
<p><strong>Transporte y montaje opcional 90€(hasta 15 km).</strong></p>
<p>&nbsp;</p>
