{"id":9864,"date":"2019-12-03T21:04:26","date_gmt":"2019-12-03T20:04:26","guid":{"rendered":"https:\/\/mueblesdetena.es\/?post_type=product&#038;p=9864"},"modified":"2026-08-01T18:58:41","modified_gmt":"2026-08-01T16:58:41","slug":"habitacion-juvenil-frm204","status":"publish","type":"product","link":"https:\/\/mueblesdetena.es\/ru_ru\/habitacion-juvenil-frm204\/","title":{"rendered":"LITERA JUVENIL CON CAJONES FORMAS."},"content":{"rendered":"<h2>LITERA JUVENIL FORMAS CON CAJONES<\/h2>\n<p>Litera juvenil de excelente calidad y acabados, con 4 cajones con gu\u00edas, pensada para <a href=\"https:\/\/mueblesdetena.es\/ru_ru\/muebles-juveniles\/\">habitaciones juveniles<\/a>. Estructura de 3 cm con refuerzo met\u00e1lico superior: super reforzada y v\u00e1lida tambi\u00e9n para uso adulto.<\/p>\n<h3>ACABADOS<\/h3>\n<p>Diferentes opciones de color a elegir. El resto de mobiliario que se ve en las im\u00e1genes no est\u00e1 incluido en la oferta.<\/p>\n<h3>MEDIDAS<\/h3>\n<p>Largo: 2 metros. Altura total: 173 cm. Fondo: 104-119 cm.<\/p>\n<h3>SERVICIO DE TRANSPORTE Y MONTAJE<\/h3>\n<p>Transporte y montaje opcional por 125\u20ac (hasta 15 km). No realizamos entregas fuera de Catalu\u00f1a.<\/p>\n<h3>\u00bfEs v\u00e1lida para adultos?<\/h3>\n<p>S\u00ed, la estructura es super reforzada (3 cm con refuerzo met\u00e1lico superior) y v\u00e1lida para uso adulto.<\/p>\n<h3>\u00bfQu\u00e9 medidas tiene?<\/h3>\n<p>2 metros de largo, 173 cm de altura total y un fondo de 104 a 119 cm.<\/p>\n<h3>\u00bfCu\u00e1nto cuesta el transporte y montaje?<\/h3>\n<p>125\u20ac para hasta 15 km. No realizamos entregas fuera de Catalu\u00f1a.<\/p>","protected":false},"excerpt":{"rendered":"<p>Esta litera destaca por su dise\u00f1o moderno y funcional, ideal para optimizar espacios infantiles o juveniles. Combina dos camas c\u00f3modas con una estructura robusta, escalera integrada y amplios cajones de almacenaje. Su acabado en madera clara y blanco aporta luminosidad, orden y un ambiente acogedor, pr\u00e1ctico y seguro para el d\u00eda a d\u00eda.<\/p>\n<p><strong>Puedes pagar esta compra en comodos plazos si lo prefiere!!<\/strong><\/p>\n<p>Dise\u00f1amos en 3D tu proyecto de modo gratuito.<\/p>","protected":false},"featured_media":43820,"comment_status":"closed","ping_status":"closed","template":"","meta":{"site-sidebar-layout":"default","site-content-layout":"","ast-site-content-layout":"default","site-content-style":"default","site-sidebar-style":"default","ast-global-header-display":"","ast-banner-title-visibility":"","ast-main-header-display":"","ast-hfb-above-header-display":"","ast-hfb-below-header-display":"","ast-hfb-mobile-header-display":"","site-post-title":"","ast-breadcrumbs-content":"","ast-featured-img":"","footer-sml-layout":"","ast-disable-related-posts":"","theme-transparent-header-meta":"default","adv-header-id-meta":"","stick-header-meta":"default","header-above-stick-meta":"","header-main-stick-meta":"","header-below-stick-meta":"","astra-migrate-meta-layouts":"set","ast-page-background-enabled":"default","ast-page-background-meta":{"desktop":{"background-color":"var(--ast-global-color-4)","background-image":"","background-repeat":"repeat","background-position":"center center","background-size":"auto","background-attachment":"scroll","background-type":"","background-media":"","overlay-type":"","overlay-color":"","overlay-opacity":"","overlay-gradient":""},"tablet":{"background-color":"","background-image":"","background-repeat":"repeat","background-position":"center center","background-size":"auto","background-attachment":"scroll","background-type":"","background-media":"","overlay-type":"","overlay-color":"","overlay-opacity":"","overlay-gradient":""},"mobile":{"background-color":"","background-image":"","background-repeat":"repeat","background-position":"center center","background-size":"auto","background-attachment":"scroll","background-type":"","background-media":"","overlay-type":"","overlay-color":"","overlay-opacity":"","overlay-gradient":""}},"ast-content-background-meta":{"desktop":{"background-color":"var(--ast-global-color-5)","background-image":"","background-repeat":"repeat","background-position":"center center","background-size":"auto","background-attachment":"scroll","background-type":"","background-media":"","overlay-type":"","overlay-color":"","overlay-opacity":"","overlay-gradient":""},"tablet":{"background-color":"var(--ast-global-color-5)","background-image":"","background-repeat":"repeat","background-position":"center center","background-size":"auto","background-attachment":"scroll","background-type":"","background-media":"","overlay-type":"","overlay-color":"","overlay-opacity":"","overlay-gradient":""},"mobile":{"background-color":"var(--ast-global-color-5)","background-image":"","background-repeat":"repeat","background-position":"center center","background-size":"auto","background-attachment":"scroll","background-type":"","background-media":"","overlay-type":"","overlay-color":"","overlay-opacity":"","overlay-gradient":""}},"_joinchat":[]},"product_brand":[],"product_cat":[285,257,256,273],"product_tag":[785],"class_list":["post-9864","product","type-product","status-publish","has-post-thumbnail","product_cat-composiciones-juveniles","product_cat-estructura-madera","product_cat-literas","product_cat-muebles-juveniles","product_tag-pbadal","desktop-align-center","tablet-align-left","mobile-align-left","ast-product-gallery-layout-vertical-slider","ast-product-tabs-layout-accordion","ast-qv-on-image","first","instock","sale","shipping-taxable","purchasable","product-type-simple"],"_links":{"self":[{"href":"https:\/\/mueblesdetena.es\/ru_ru\/wp-json\/wp\/v2\/product\/9864","targetHints":{"allow":["GET"]}}],"collection":[{"href":"https:\/\/mueblesdetena.es\/ru_ru\/wp-json\/wp\/v2\/product"}],"about":[{"href":"https:\/\/mueblesdetena.es\/ru_ru\/wp-json\/wp\/v2\/types\/product"}],"replies":[{"embeddable":true,"href":"https:\/\/mueblesdetena.es\/ru_ru\/wp-json\/wp\/v2\/comments?post=9864"}],"version-history":[{"count":9,"href":"https:\/\/mueblesdetena.es\/ru_ru\/wp-json\/wp\/v2\/product\/9864\/revisions"}],"predecessor-version":[{"id":48209,"href":"https:\/\/mueblesdetena.es\/ru_ru\/wp-json\/wp\/v2\/product\/9864\/revisions\/48209"}],"wp:featuredmedia":[{"embeddable":true,"href":"https:\/\/mueblesdetena.es\/ru_ru\/wp-json\/wp\/v2\/media\/43820"}],"wp:attachment":[{"href":"https:\/\/mueblesdetena.es\/ru_ru\/wp-json\/wp\/v2\/media?parent=9864"}],"wp:term":[{"taxonomy":"product_brand","embeddable":true,"href":"https:\/\/mueblesdetena.es\/ru_ru\/wp-json\/wp\/v2\/product_brand?post=9864"},{"taxonomy":"product_cat","embeddable":true,"href":"https:\/\/mueblesdetena.es\/ru_ru\/wp-json\/wp\/v2\/product_cat?post=9864"},{"taxonomy":"product_tag","embeddable":true,"href":"https:\/\/mueblesdetena.es\/ru_ru\/wp-json\/wp\/v2\/product_tag?post=9864"}],"curies":[{"name":"wp","href":"https:\/\/api.w.org\/{rel}","templated":true}]}}

<h2>LITERA JUVENIL FORMAS CON CAJONES</h2>
<p>Litera juvenil de excelente calidad y acabados, con 4 cajones con guías, pensada para <a href="https://mueblesdetena.es/ru_ru/muebles-juveniles/">habitaciones juveniles</a>. Estructura de 3 cm con refuerzo metálico superior: super reforzada y válida también para uso adulto.</p>
<h3>ACABADOS</h3>
<p>Diferentes opciones de color a elegir. El resto de mobiliario que se ve en las imágenes no está incluido en la oferta.</p>
<h3>MEDIDAS</h3>
<p>Largo: 2 metros. Altura total: 173 cm. Fondo: 104-119 cm.</p>
<h3>SERVICIO DE TRANSPORTE Y MONTAJE</h3>
<p>Transporte y montaje opcional por 125€ (hasta 15 km). No realizamos entregas fuera de Cataluña.</p>
<h3>¿Es válida para adultos?</h3>
<p>Sí, la estructura es super reforzada (3 cm con refuerzo metálico superior) y válida para uso adulto.</p>
<h3>¿Qué medidas tiene?</h3>
<p>2 metros de largo, 173 cm de altura total y un fondo de 104 a 119 cm.</p>
<h3>¿Cuánto cuesta el transporte y montaje?</h3>
<p>125€ para hasta 15 km. No realizamos entregas fuera de Cataluña.</p>

<p>Esta litera destaca por su diseño moderno y funcional, ideal para optimizar espacios infantiles o juveniles. Combina dos camas cómodas con una estructura robusta, escalera integrada y amplios cajones de almacenaje. Su acabado en madera clara y blanco aporta luminosidad, orden y un ambiente acogedor, práctico y seguro para el día a día.</p>
<p><strong>Puedes pagar esta compra en comodos plazos si lo prefiere!!</strong></p>
<p>Diseñamos en 3D tu proyecto de modo gratuito.</p>
